{"id":9882,"date":"2021-05-21T09:54:52","date_gmt":"2021-05-21T09:54:52","guid":{"rendered":"https:\/\/fonspitius.org\/?post_type=tribe_events&#038;p=9882"},"modified":"2021-05-21T09:54:52","modified_gmt":"2021-05-21T09:54:52","slug":"exposicion-de-los-trabajos-sobre-igualdad-de-genero","status":"publish","type":"tribe_events","link":"https:\/\/fonspitius.org\/es\/event\/exposicion-de-los-trabajos-sobre-igualdad-de-genero\/","title":{"rendered":"Exposici\u00f3n de los trabajos sobre igualdad de g\u00e9nero"},"content":{"rendered":"<p>Los trabajos realizados sobre igualdad de g\u00e9nero por todos los centros de la <em>Xarxa de Centres Educatius Solidaris<\/em>, estar\u00e1n expuestos en la sede del Fons hasta el 11 de junio. El objetivos es que todo el profesorado de estos centros que quiera conocer el trabajo realizado por el resto de escuelas de la <em>Xarxa<\/em>, lo pueda hacer visitando la exposici\u00f3n.<\/p>\n","protected":false},"excerpt":{"rendered":"<p>Los trabajos realizados sobre igualdad de g\u00e9nero por todos los centros de la Xarxa de Centres Educatius Solidaris, estar\u00e1n expuestos en la<\/p>\n","protected":false},"author":5,"featured_media":9870,"template":"","meta":{"_acf_changed":false,"_tribe_events_status":"","_tribe_events_status_reason":"","footnotes":""},"tags":[],"tribe_events_cat":[102],"class_list":["post-9882","tribe_events","type-tribe_events","status-publish","has-post-thumbnail","hentry","tribe_events_cat-agenda","cat_agenda"],"acf":[],"_links":{"self":[{"href":"https:\/\/fonspitius.org\/es\/wp-json\/wp\/v2\/tribe_events\/9882","targetHints":{"allow":["GET"]}}],"collection":[{"href":"https:\/\/fonspitius.org\/es\/wp-json\/wp\/v2\/tribe_events"}],"about":[{"href":"https:\/\/fonspitius.org\/es\/wp-json\/wp\/v2\/types\/tribe_events"}],"author":[{"embeddable":true,"href":"https:\/\/fonspitius.org\/es\/wp-json\/wp\/v2\/users\/5"}],"version-history":[{"count":0,"href":"https:\/\/fonspitius.org\/es\/wp-json\/wp\/v2\/tribe_events\/9882\/revisions"}],"wp:featuredmedia":[{"embeddable":true,"href":"https:\/\/fonspitius.org\/es\/wp-json\/wp\/v2\/media\/9870"}],"wp:attachment":[{"href":"https:\/\/fonspitius.org\/es\/wp-json\/wp\/v2\/media?parent=9882"}],"wp:term":[{"taxonomy":"post_tag","embeddable":true,"href":"https:\/\/fonspitius.org\/es\/wp-json\/wp\/v2\/tags?post=9882"},{"taxonomy":"tribe_events_cat","embeddable":true,"href":"https:\/\/fonspitius.org\/es\/wp-json\/wp\/v2\/tribe_events_cat?post=9882"}],"curies":[{"name":"wp","href":"https:\/\/api.w.org\/{rel}","templated":true}]}}

Exposición de los trabajos sobre igualdad de género

<p>Los trabajos realizados sobre igualdad de género por todos los centros de la <em>Xarxa de Centres Educatius Solidaris</em>, estarán expuestos en la sede del Fons hasta el 11 de junio. El objetivos es que todo el profesorado de estos centros que quiera conocer el trabajo realizado por el resto de escuelas de la <em>Xarxa</em>, lo pueda hacer visitando la exposición.</p>

<p>Los trabajos realizados sobre igualdad de género por todos los centros de la Xarxa de Centres Educatius Solidaris, estarán expuestos en la</p>
