{"id":9559,"date":"2021-02-04T11:50:56","date_gmt":"2021-02-04T11:50:56","guid":{"rendered":"http:\/\/fonspitius.org\/?post_type=tribe_events&#038;p=9559"},"modified":"2021-02-04T11:50:56","modified_gmt":"2021-02-04T11:50:56","slug":"plazo-de-inscripcion-al-curso-de-formacion-para-profesorado-recursos-y-herramientas-coeducativas","status":"publish","type":"tribe_events","link":"https:\/\/fonspitius.org\/es\/event\/plazo-de-inscripcion-al-curso-de-formacion-para-profesorado-recursos-y-herramientas-coeducativas\/","title":{"rendered":"Plazo de inscripci\u00f3n al curso de formaci\u00f3n para profesorado RECURSOS Y HERRAMIENTAS COEDUCATIVAS"},"content":{"rendered":"<p>El plazo de inscripci\u00f3n al curso de formaci\u00f3n para profesorado <em><strong>Recursos y herramientas coeducativas, <\/strong><\/em>es del 15 al 24 de marzo de 2021 (ambos incluidos).<\/p>\n<p>Pod\u00e9is descargar la ficha de inscripci\u00f3n y toda la informaci\u00f3n relacionada con este curso en el apartado <a href=\"https:\/\/fonspitius.org\/es\/formacion-para-el-profesorado\/\" target=\"_blank\" rel=\"noopener\"><em>Formaci\u00f3n para profesorado<\/em><\/a>, en esta misma web.<\/p>\n","protected":false},"excerpt":{"rendered":"<p>El plazo de inscripci\u00f3n al curso de formaci\u00f3n para profesorado Recursos y herramientas coeducativas, es del 15 al 24 de marzo de<\/p>\n","protected":false},"author":5,"featured_media":0,"template":"","meta":{"_acf_changed":false,"_tribe_events_status":"","_tribe_events_status_reason":"","footnotes":""},"tags":[],"tribe_events_cat":[102],"class_list":["post-9559","tribe_events","type-tribe_events","status-publish","hentry","tribe_events_cat-agenda","cat_agenda"],"acf":[],"_links":{"self":[{"href":"https:\/\/fonspitius.org\/es\/wp-json\/wp\/v2\/tribe_events\/9559","targetHints":{"allow":["GET"]}}],"collection":[{"href":"https:\/\/fonspitius.org\/es\/wp-json\/wp\/v2\/tribe_events"}],"about":[{"href":"https:\/\/fonspitius.org\/es\/wp-json\/wp\/v2\/types\/tribe_events"}],"author":[{"embeddable":true,"href":"https:\/\/fonspitius.org\/es\/wp-json\/wp\/v2\/users\/5"}],"version-history":[{"count":0,"href":"https:\/\/fonspitius.org\/es\/wp-json\/wp\/v2\/tribe_events\/9559\/revisions"}],"wp:attachment":[{"href":"https:\/\/fonspitius.org\/es\/wp-json\/wp\/v2\/media?parent=9559"}],"wp:term":[{"taxonomy":"post_tag","embeddable":true,"href":"https:\/\/fonspitius.org\/es\/wp-json\/wp\/v2\/tags?post=9559"},{"taxonomy":"tribe_events_cat","embeddable":true,"href":"https:\/\/fonspitius.org\/es\/wp-json\/wp\/v2\/tribe_events_cat?post=9559"}],"curies":[{"name":"wp","href":"https:\/\/api.w.org\/{rel}","templated":true}]}}

Plazo de inscripción al curso de formación para profesorado RECURSOS Y HERRAMIENTAS COEDUCATIVAS

<p>El plazo de inscripción al curso de formación para profesorado <em><strong>Recursos y herramientas coeducativas, </strong></em>es del 15 al 24 de marzo de 2021 (ambos incluidos).</p>
<p>Podéis descargar la ficha de inscripción y toda la información relacionada con este curso en el apartado <a href="https://fonspitius.org/es/formacion-para-el-profesorado/" target="_blank" rel="noopener"><em>Formación para profesorado</em></a>, en esta misma web.</p>

<p>El plazo de inscripción al curso de formación para profesorado Recursos y herramientas coeducativas, es del 15 al 24 de marzo de</p>
