{"id":9273,"date":"2020-09-16T10:32:36","date_gmt":"2020-09-16T10:32:36","guid":{"rendered":"http:\/\/fonspitius.org\/?post_type=tribe_events&#038;p=9273"},"modified":"2020-09-16T10:32:36","modified_gmt":"2020-09-16T10:32:36","slug":"plazo-de-inscripcion-al-curso-para-personal-tecnico-de-las-bibliotecas","status":"publish","type":"tribe_events","link":"https:\/\/fonspitius.org\/es\/event\/plazo-de-inscripcion-al-curso-para-personal-tecnico-de-las-bibliotecas\/","title":{"rendered":"Plazo de inscripci\u00f3n al curso para personal t\u00e9cnico de las bibliotecas"},"content":{"rendered":"<p>Dentro de la campa\u00f1a sobre los ODS, se realizar\u00e1 los d\u00edas 16 y 17 de octubre el curso de formaci\u00f3n \u00abComo intoroducir la Agenda 2030 y los ODS en las bibliotecas\u00bb.\u00a0 Este curso est\u00e1 dirigido al personal t\u00e9cnico de las bibliotecas de Eivissa y Formentera.<\/p>\n<p>El plazo de inscripci\u00f3n al curso empieza el 21 de septiembre y finaliza el 9 de octubre. Para m\u00e1s informaci\u00f3n e inscripciones: educacio@fonspitius.org<\/p>\n<p>&nbsp;<\/p>\n","protected":false},"excerpt":{"rendered":"<p>Dentro de la campa\u00f1a sobre los ODS, se realizar\u00e1 los d\u00edas 16 y 17 de octubre el curso de formaci\u00f3n \u00abComo intoroducir<\/p>\n","protected":false},"author":5,"featured_media":0,"template":"","meta":{"_acf_changed":false,"_tribe_events_status":"","_tribe_events_status_reason":"","footnotes":""},"tags":[],"tribe_events_cat":[102],"class_list":["post-9273","tribe_events","type-tribe_events","status-publish","hentry","tribe_events_cat-agenda","cat_agenda"],"acf":[],"_links":{"self":[{"href":"https:\/\/fonspitius.org\/es\/wp-json\/wp\/v2\/tribe_events\/9273","targetHints":{"allow":["GET"]}}],"collection":[{"href":"https:\/\/fonspitius.org\/es\/wp-json\/wp\/v2\/tribe_events"}],"about":[{"href":"https:\/\/fonspitius.org\/es\/wp-json\/wp\/v2\/types\/tribe_events"}],"author":[{"embeddable":true,"href":"https:\/\/fonspitius.org\/es\/wp-json\/wp\/v2\/users\/5"}],"version-history":[{"count":0,"href":"https:\/\/fonspitius.org\/es\/wp-json\/wp\/v2\/tribe_events\/9273\/revisions"}],"wp:attachment":[{"href":"https:\/\/fonspitius.org\/es\/wp-json\/wp\/v2\/media?parent=9273"}],"wp:term":[{"taxonomy":"post_tag","embeddable":true,"href":"https:\/\/fonspitius.org\/es\/wp-json\/wp\/v2\/tags?post=9273"},{"taxonomy":"tribe_events_cat","embeddable":true,"href":"https:\/\/fonspitius.org\/es\/wp-json\/wp\/v2\/tribe_events_cat?post=9273"}],"curies":[{"name":"wp","href":"https:\/\/api.w.org\/{rel}","templated":true}]}}

Plazo de inscripción al curso para personal técnico de las bibliotecas

<p>Dentro de la campaña sobre los ODS, se realizará los días 16 y 17 de octubre el curso de formación «Como intoroducir la Agenda 2030 y los ODS en las bibliotecas».  Este curso está dirigido al personal técnico de las bibliotecas de Eivissa y Formentera.</p>
<p>El plazo de inscripción al curso empieza el 21 de septiembre y finaliza el 9 de octubre. Para más información e inscripciones: educacio@fonspitius.org</p>
<p>&nbsp;</p>

<p>Dentro de la campaña sobre los ODS, se realizará los días 16 y 17 de octubre el curso de formación «Como intoroducir</p>
