{"id":9260,"date":"2020-09-02T08:12:07","date_gmt":"2020-09-02T08:12:07","guid":{"rendered":"http:\/\/fonspitius.org\/?post_type=tribe_events&#038;p=9260"},"modified":"2020-09-15T11:21:01","modified_gmt":"2020-09-15T11:21:01","slug":"plazo-de-inscripcion-al-curso-de-formacion-para-profesorado","status":"publish","type":"tribe_events","link":"https:\/\/fonspitius.org\/es\/event\/plazo-de-inscripcion-al-curso-de-formacion-para-profesorado\/","title":{"rendered":"Plazo de inscripci\u00f3n al curso de formaci\u00f3n para profesorado"},"content":{"rendered":"<p>El plazo de inscripci\u00f3n al curso de formaci\u00f3n de este a\u00f1o es del 19 de octubre al 2 de noviembre.<\/p>\n<p>El curso \u00abCoeducaci\u00f3n en las escuelas: herramientas de aplicaci\u00f3n\u00bb se realizar\u00e1 los d\u00edas 9, 10, 16 y 17 de noviembre, por videoconferencia.<\/p>\n<p>Enlace a la<a href=\"https:\/\/fonspitius.org\/es\/formacion-para-el-profesorado\/\" target=\"_blank\" rel=\"noopener noreferrer\"> informaci\u00f3n y ficha de inscripci\u00f3n<\/a>.<\/p>\n","protected":false},"excerpt":{"rendered":"<p>El plazo de inscripci\u00f3n al curso de formaci\u00f3n de este a\u00f1o es del 19 de octubre al 2 de noviembre. El curso<\/p>\n","protected":false},"author":5,"featured_media":9258,"template":"","meta":{"_acf_changed":false,"_tribe_events_status":"","_tribe_events_status_reason":"","footnotes":""},"tags":[],"tribe_events_cat":[102],"class_list":["post-9260","tribe_events","type-tribe_events","status-publish","has-post-thumbnail","hentry","tribe_events_cat-agenda","cat_agenda"],"acf":[],"_links":{"self":[{"href":"https:\/\/fonspitius.org\/es\/wp-json\/wp\/v2\/tribe_events\/9260","targetHints":{"allow":["GET"]}}],"collection":[{"href":"https:\/\/fonspitius.org\/es\/wp-json\/wp\/v2\/tribe_events"}],"about":[{"href":"https:\/\/fonspitius.org\/es\/wp-json\/wp\/v2\/types\/tribe_events"}],"author":[{"embeddable":true,"href":"https:\/\/fonspitius.org\/es\/wp-json\/wp\/v2\/users\/5"}],"version-history":[{"count":0,"href":"https:\/\/fonspitius.org\/es\/wp-json\/wp\/v2\/tribe_events\/9260\/revisions"}],"wp:featuredmedia":[{"embeddable":true,"href":"https:\/\/fonspitius.org\/es\/wp-json\/wp\/v2\/media\/9258"}],"wp:attachment":[{"href":"https:\/\/fonspitius.org\/es\/wp-json\/wp\/v2\/media?parent=9260"}],"wp:term":[{"taxonomy":"post_tag","embeddable":true,"href":"https:\/\/fonspitius.org\/es\/wp-json\/wp\/v2\/tags?post=9260"},{"taxonomy":"tribe_events_cat","embeddable":true,"href":"https:\/\/fonspitius.org\/es\/wp-json\/wp\/v2\/tribe_events_cat?post=9260"}],"curies":[{"name":"wp","href":"https:\/\/api.w.org\/{rel}","templated":true}]}}

Plazo de inscripción al curso de formación para profesorado

<p>El plazo de inscripción al curso de formación de este año es del 19 de octubre al 2 de noviembre.</p>
<p>El curso «Coeducación en las escuelas: herramientas de aplicación» se realizará los días 9, 10, 16 y 17 de noviembre, por videoconferencia.</p>
<p>Enlace a la<a href="https://fonspitius.org/es/formacion-para-el-profesorado/" target="_blank" rel="noopener noreferrer"> información y ficha de inscripción</a>.</p>

<p>El plazo de inscripción al curso de formación de este año es del 19 de octubre al 2 de noviembre. El curso</p>
