{"id":17746,"date":"2026-03-10T12:52:52","date_gmt":"2026-03-10T11:52:52","guid":{"rendered":"https:\/\/fonspitius.org\/?post_type=tribe_events&#038;p=17746"},"modified":"2026-03-10T12:52:52","modified_gmt":"2026-03-10T11:52:52","slug":"formacion-periodismo-y-migraciones-claves-y-nuevas-narrativas","status":"publish","type":"tribe_events","link":"https:\/\/fonspitius.org\/es\/event\/formacion-periodismo-y-migraciones-claves-y-nuevas-narrativas\/","title":{"rendered":"Formaci\u00f3n \u00abPeriodismo y migraciones: claves y nuevas narrativas\u00bb"},"content":{"rendered":"<p><img decoding=\"async\" class=\"aligncenter wp-image-17741 \" src=\"https:\/\/fonspitius.org\/wp-content\/uploads\/Curs-periodistes_facebook.jpg\" alt=\"\" width=\"901\" height=\"755\" srcset=\"https:\/\/fonspitius.org\/wp-content\/uploads\/Curs-periodistes_facebook-200x168.jpg 200w, https:\/\/fonspitius.org\/wp-content\/uploads\/Curs-periodistes_facebook-300x251.jpg 300w, https:\/\/fonspitius.org\/wp-content\/uploads\/Curs-periodistes_facebook-400x335.jpg 400w, https:\/\/fonspitius.org\/wp-content\/uploads\/Curs-periodistes_facebook-600x503.jpg 600w, https:\/\/fonspitius.org\/wp-content\/uploads\/Curs-periodistes_facebook-800x671.jpg 800w, https:\/\/fonspitius.org\/wp-content\/uploads\/Curs-periodistes_facebook.jpg 940w\" sizes=\"(max-width: 901px) 100vw, 901px\" \/><\/p>\n<p style=\"text-align: justify;\">Las migraciones constituyen un fen\u00f3meno estructural de las sociedades contempor\u00e1neas y forman parte tambi\u00e9n de la realidad hist\u00f3rica y actual de Eivissa y Formentera. En este contexto, el periodismo juega un papel clave a la hora de explicar esta realidad, construyendo marcos interpretativos a trav\u00e9s de los cuales la ciudadan\u00eda entiende las migraciones.<\/p>\n<p style=\"text-align: justify;\">La selecci\u00f3n de las fuentes, el lenguaje utilizado, las im\u00e1genes o enfoques narrativos pueden reforzar estereotipos o percepciones simplificadas e interpretaciones err\u00f3neas de la realidad. O por el contrario, pueden contribuir a generar una informaci\u00f3n rigurosa y al mismo tiempo respetuosa con los derechos humanos.<\/p>\n<p style=\"text-align: justify;\">Es con este \u00faltimo objetivo que el Fons Piti\u00fas de Cooperaci\u00f3 organiza el curso \u00ab<em><strong>Periodismo de migraciones: claves y nuevas narrativas\u00bb<\/strong><\/em>, impartido por Jos\u00e9 Bautista, director de investigaciones period\u00edsticas de la Fundaci\u00f3n PorCausa, y dirigido principalmente a profesionales de los medios de comunicaci\u00f3n locales de Eivissa y Formentera. A trav\u00e9s de \u00e9l, queremos proporcionar herramientas para mejorar la cobertura period\u00edstica de las migraciones, incorporando miradas diversas que generen relatos contextualizados de la complejidad del fen\u00f3meno.<\/p>\n<p style=\"text-align: justify;\">La formaci\u00f3n se realizar\u00e1 el <strong>mi\u00e9rcoles 25 de marzo, de 16.30 a 19.30h<\/strong> en la sede de la UIB de Eivissa y Formentera (Antiguo Edificio de la Comandancia &#8211; Calle del calvario, 1 de Eivissa). Las inscripciones se pueden realizar del 10 al 24 de marzo a trav\u00e9s del siguiente formulario: <a href=\"https:\/\/forms.gle\/gThck77g1J3mumGk8\" target=\"_blank\" rel=\"noopener\">https:\/\/forms.gle\/gThck77g1J3mumGk8<\/a><\/p>\n<p>&nbsp;<\/p>\n","protected":false},"excerpt":{"rendered":"<p>Las migraciones constituyen un fen\u00f3meno estructural de las sociedades contempor\u00e1neas y forman parte tambi\u00e9n de la realidad hist\u00f3rica y actual de Eivissa<\/p>\n","protected":false},"author":5,"featured_media":0,"template":"","meta":{"_acf_changed":false,"_tribe_events_status":"","_tribe_events_status_reason":"","footnotes":""},"tags":[],"tribe_events_cat":[102],"class_list":["post-17746","tribe_events","type-tribe_events","status-publish","hentry","tribe_events_cat-agenda","cat_agenda"],"acf":[],"_links":{"self":[{"href":"https:\/\/fonspitius.org\/es\/wp-json\/wp\/v2\/tribe_events\/17746","targetHints":{"allow":["GET"]}}],"collection":[{"href":"https:\/\/fonspitius.org\/es\/wp-json\/wp\/v2\/tribe_events"}],"about":[{"href":"https:\/\/fonspitius.org\/es\/wp-json\/wp\/v2\/types\/tribe_events"}],"author":[{"embeddable":true,"href":"https:\/\/fonspitius.org\/es\/wp-json\/wp\/v2\/users\/5"}],"version-history":[{"count":1,"href":"https:\/\/fonspitius.org\/es\/wp-json\/wp\/v2\/tribe_events\/17746\/revisions"}],"predecessor-version":[{"id":17747,"href":"https:\/\/fonspitius.org\/es\/wp-json\/wp\/v2\/tribe_events\/17746\/revisions\/17747"}],"wp:attachment":[{"href":"https:\/\/fonspitius.org\/es\/wp-json\/wp\/v2\/media?parent=17746"}],"wp:term":[{"taxonomy":"post_tag","embeddable":true,"href":"https:\/\/fonspitius.org\/es\/wp-json\/wp\/v2\/tags?post=17746"},{"taxonomy":"tribe_events_cat","embeddable":true,"href":"https:\/\/fonspitius.org\/es\/wp-json\/wp\/v2\/tribe_events_cat?post=17746"}],"curies":[{"name":"wp","href":"https:\/\/api.w.org\/{rel}","templated":true}]}}

Formación «Periodismo y migraciones: claves y nuevas narrativas»

<p><img decoding="async" class="aligncenter wp-image-17741 " src="https://fonspitius.org/wp-content/uploads/Curs-periodistes_facebook.jpg" alt="" width="901" height="755" srcset="https://fonspitius.org/wp-content/uploads/Curs-periodistes_facebook-200x168.jpg 200w, https://fonspitius.org/wp-content/uploads/Curs-periodistes_facebook-300x251.jpg 300w, https://fonspitius.org/wp-content/uploads/Curs-periodistes_facebook-400x335.jpg 400w, https://fonspitius.org/wp-content/uploads/Curs-periodistes_facebook-600x503.jpg 600w, https://fonspitius.org/wp-content/uploads/Curs-periodistes_facebook-800x671.jpg 800w, https://fonspitius.org/wp-content/uploads/Curs-periodistes_facebook.jpg 940w" sizes="(max-width: 901px) 100vw, 901px" /></p>
<p style="text-align: justify;">Las migraciones constituyen un fenómeno estructural de las sociedades contemporáneas y forman parte también de la realidad histórica y actual de Eivissa y Formentera. En este contexto, el periodismo juega un papel clave a la hora de explicar esta realidad, construyendo marcos interpretativos a través de los cuales la ciudadanía entiende las migraciones.</p>
<p style="text-align: justify;">La selección de las fuentes, el lenguaje utilizado, las imágenes o enfoques narrativos pueden reforzar estereotipos o percepciones simplificadas e interpretaciones erróneas de la realidad. O por el contrario, pueden contribuir a generar una información rigurosa y al mismo tiempo respetuosa con los derechos humanos.</p>
<p style="text-align: justify;">Es con este último objetivo que el Fons Pitiús de Cooperació organiza el curso «<em><strong>Periodismo de migraciones: claves y nuevas narrativas»</strong></em>, impartido por José Bautista, director de investigaciones periodísticas de la Fundación PorCausa, y dirigido principalmente a profesionales de los medios de comunicación locales de Eivissa y Formentera. A través de él, queremos proporcionar herramientas para mejorar la cobertura periodística de las migraciones, incorporando miradas diversas que generen relatos contextualizados de la complejidad del fenómeno.</p>
<p style="text-align: justify;">La formación se realizará el <strong>miércoles 25 de marzo, de 16.30 a 19.30h</strong> en la sede de la UIB de Eivissa y Formentera (Antiguo Edificio de la Comandancia &#8211; Calle del calvario, 1 de Eivissa). Las inscripciones se pueden realizar del 10 al 24 de marzo a través del siguiente formulario: <a href="https://forms.gle/gThck77g1J3mumGk8" target="_blank" rel="noopener">https://forms.gle/gThck77g1J3mumGk8</a></p>
<p>&nbsp;</p>

<p>Las migraciones constituyen un fenómeno estructural de las sociedades contemporáneas y forman parte también de la realidad histórica y actual de Eivissa</p>
