{"id":17596,"date":"2026-02-12T23:16:31","date_gmt":"2026-02-12T22:16:31","guid":{"rendered":"https:\/\/fonspitius.org\/?post_type=tribe_events&#038;p=17596"},"modified":"2026-04-16T09:56:54","modified_gmt":"2026-04-16T07:56:54","slug":"17596","status":"publish","type":"tribe_events","link":"https:\/\/fonspitius.org\/es\/event\/17596\/","title":{"rendered":"La 15\u00aa edici\u00f3n de la biblioteca viajera \u00abInforma&#8217;t a fons\u00bb, en Figueretes"},"content":{"rendered":"<p>Este 2026 la biblioteca viajera \u00abInf\u00f3rma&#8217;t a fons\u00bb llega a su 15\u00aa edici\u00f3n y lo hace con una nueva recopilaci\u00f3n de t\u00edtulos de la biblioteca del Fons. Este a\u00f1o re\u00fane 27 t\u00edtulos para personas adultas y j\u00f3venes a partir de 15 a\u00f1os y 12 libros dirigidos al p\u00fablico infantil y juvenil. Encontrar\u00e1 fundamentalmente cuentos y ensayos, pero este a\u00f1o tambi\u00e9n hemos incluido \u00a0narrativa y poes\u00eda.<\/p>\n<p>Despu\u00e9s de estar en Sant Antoni, se traslada al municipio de Eivissa y estar\u00e1 en la biblioteca de Figueretes hasta el 15 de mayo.<\/p>\n<p>Puede encontrar todo el calendario del 2026, todas las tem\u00e1ticas tratadas y la nueva gu\u00eda de lectura, haciendo clic<a href=\"https:\/\/fonspitius.org\/es\/sensibilizacion\/biblioteca-viajera-informat-a-fons\/\" target=\"_blank\" rel=\"noopener\"> aqu\u00ed.<\/a><\/p>\n","protected":false},"excerpt":{"rendered":"<p>Este 2026 la biblioteca viajera \u00abInf\u00f3rma&#8217;t a fons\u00bb llega a su 15\u00aa edici\u00f3n y lo hace con una nueva recopilaci\u00f3n de t\u00edtulos<\/p>\n","protected":false},"author":5,"featured_media":0,"template":"","meta":{"_acf_changed":false,"_tribe_events_status":"","_tribe_events_status_reason":"","footnotes":""},"tags":[],"tribe_events_cat":[102],"class_list":["post-17596","tribe_events","type-tribe_events","status-publish","hentry","tribe_events_cat-agenda","cat_agenda"],"acf":[],"_links":{"self":[{"href":"https:\/\/fonspitius.org\/es\/wp-json\/wp\/v2\/tribe_events\/17596","targetHints":{"allow":["GET"]}}],"collection":[{"href":"https:\/\/fonspitius.org\/es\/wp-json\/wp\/v2\/tribe_events"}],"about":[{"href":"https:\/\/fonspitius.org\/es\/wp-json\/wp\/v2\/types\/tribe_events"}],"author":[{"embeddable":true,"href":"https:\/\/fonspitius.org\/es\/wp-json\/wp\/v2\/users\/5"}],"version-history":[{"count":3,"href":"https:\/\/fonspitius.org\/es\/wp-json\/wp\/v2\/tribe_events\/17596\/revisions"}],"predecessor-version":[{"id":17850,"href":"https:\/\/fonspitius.org\/es\/wp-json\/wp\/v2\/tribe_events\/17596\/revisions\/17850"}],"wp:attachment":[{"href":"https:\/\/fonspitius.org\/es\/wp-json\/wp\/v2\/media?parent=17596"}],"wp:term":[{"taxonomy":"post_tag","embeddable":true,"href":"https:\/\/fonspitius.org\/es\/wp-json\/wp\/v2\/tags?post=17596"},{"taxonomy":"tribe_events_cat","embeddable":true,"href":"https:\/\/fonspitius.org\/es\/wp-json\/wp\/v2\/tribe_events_cat?post=17596"}],"curies":[{"name":"wp","href":"https:\/\/api.w.org\/{rel}","templated":true}]}}

La 15ª edición de la biblioteca viajera «Informa&#8217;t a fons», en Figueretes

<p>Este 2026 la biblioteca viajera «Infórma&#8217;t a fons» llega a su 15ª edición y lo hace con una nueva recopilación de títulos de la biblioteca del Fons. Este año reúne 27 títulos para personas adultas y jóvenes a partir de 15 años y 12 libros dirigidos al público infantil y juvenil. Encontrará fundamentalmente cuentos y ensayos, pero este año también hemos incluido  narrativa y poesía.</p>
<p>Después de estar en Sant Antoni, se traslada al municipio de Eivissa y estará en la biblioteca de Figueretes hasta el 15 de mayo.</p>
<p>Puede encontrar todo el calendario del 2026, todas las temáticas tratadas y la nueva guía de lectura, haciendo clic<a href="https://fonspitius.org/es/sensibilizacion/biblioteca-viajera-informat-a-fons/" target="_blank" rel="noopener"> aquí.</a></p>

<p>Este 2026 la biblioteca viajera «Infórma&#8217;t a fons» llega a su 15ª edición y lo hace con una nueva recopilación de títulos</p>
