{"id":17407,"date":"2026-01-19T12:19:45","date_gmt":"2026-01-19T11:19:45","guid":{"rendered":"https:\/\/fonspitius.org\/?post_type=tribe_events&#038;p=17407"},"modified":"2026-01-30T19:55:35","modified_gmt":"2026-01-30T18:55:35","slug":"encesa-de-torres-talaies-i-talaiots-de-la-mediterrania-pels-drets-humans","status":"publish","type":"tribe_events","link":"https:\/\/fonspitius.org\/es\/event\/encesa-de-torres-talaies-i-talaiots-de-la-mediterrania-pels-drets-humans\/","title":{"rendered":"Encesa de torres, talaies i talaiots de la Mediterr\u00e0nia pels Drets Humans"},"content":{"rendered":"<p><img decoding=\"async\" class=\"aligncenter wp-image-17508 size-full\" src=\"https:\/\/fonspitius.org\/wp-content\/uploads\/Publicacions-facebook.jpg\" alt=\"\" width=\"940\" height=\"788\" srcset=\"https:\/\/fonspitius.org\/wp-content\/uploads\/Publicacions-facebook-200x168.jpg 200w, https:\/\/fonspitius.org\/wp-content\/uploads\/Publicacions-facebook-300x251.jpg 300w, https:\/\/fonspitius.org\/wp-content\/uploads\/Publicacions-facebook-400x335.jpg 400w, https:\/\/fonspitius.org\/wp-content\/uploads\/Publicacions-facebook-600x503.jpg 600w, https:\/\/fonspitius.org\/wp-content\/uploads\/Publicacions-facebook-800x671.jpg 800w, https:\/\/fonspitius.org\/wp-content\/uploads\/Publicacions-facebook.jpg 940w\" sizes=\"(max-width: 940px) 100vw, 940px\" \/><\/p>\n<p style=\"text-align: center;\"><strong>A CAUSA DE LA ALTERTA NARANJA ACTIVADA PARA EL S\u00c1BADO, SE CANCELA EL ACTO DE LA \u00abENCESA\u00bb AL FAR DE SES COVES BLANQUES (SANT ANTONI) I A LA TORRE DE LA GAVINA (FORMENTERA).<\/strong><\/p>\n<p style=\"text-align: center;\"><strong>EN EL BALUARD DE SANT BERNAT (EIVISSA) I LA TORRE DE SA SAL ROSSA (PLATJA D&#8217;EN BOSSA), TANTO LAS ACTIVIDADES COMO LA \u00abENCESA\u00bb SE TRASLADAN AL DOMINGO 1 DE FEBRERO, MANTENIENDO LOS MISMOS HORARIOS.<\/strong><\/p>\n<p style=\"text-align: center;\">&#8230;&#8230;&#8230;&#8230;&#8230;&#8230;&#8230;&#8230;&#8230;&#8230;&#8230;&#8230;&#8230;&#8230;&#8230;&#8230;&#8230;&#8230;&#8230;&#8230;&#8230;<\/p>\n<p style=\"text-align: justify;\">El pr\u00f3ximo s\u00e1bado 31 de enero se celebra una nueva edici\u00f3n de la <strong><em>ENCESA DE TORRES, TALAIES I TALAIOTS DE LA MEDITERR\u00c0NIA PELS DRETS HUMANS.<\/em><\/strong><\/p>\n<p style=\"text-align: justify;\">El Fons Piti\u00fas de Cooperaci\u00f3 se vuelve a unir a esta iniciativa, organizando el encendido en 4 puntos de las Pitiusas. A las 13h se leer\u00e1 el manifiesto de esta edici\u00f3n y se har\u00e1 el encendido de bengalas de humo. Como novedad, este a\u00f1o organizamos actividades complementarias en cada torre, que se realizar\u00e1n previamente y que son gratuitas.<\/p>\n<p style=\"text-align: justify;\">Los puntos de encendido y las actividades preparadas tanto en Eivissa como en Formentera son las siguientes:<\/p>\n<ol style=\"text-align: justify;\">\n<li style=\"text-align: justify;\"><strong>Far de ses Coves Blanques<\/strong> (Sant Antoni de Portmany). A las 12.15h se saldr\u00e1 desde Sa Punta des Mol\u00ed (encuentro en el paseo) y se dar\u00e1 un paseo hasta llegar al faro.<\/li>\n<li style=\"text-align: justify;\"><strong>Torre de sa Sal Rossa o des Carregador<\/strong> (Platja de&#8217;n Bossa). A las 12.15h se realizar\u00e1 la visita teatralizada \u00abEl valent vigilant de la torre\u00bb.<\/li>\n<li style=\"text-align: justify;\"><strong>Baluard de Sant Bernat<\/strong> (Dalt Vila). A partir de las 11.30h se realizar\u00e1 una visita a Dalt Vila, iniciando el recorrido en el monumento a Vara de Rey. Para esta actividad es necesaria la inscripci\u00f3n previa y puede hacerse enviando un correo electr\u00f3nico a projectes@fonspitius.org.<\/li>\n<li style=\"text-align: justify;\"><strong>Torre de la Gavina<\/strong> (Can Marroig). A las 11h saldr\u00e1 una caminata desde la Plaza de la iglesia de Sant Francesc, hasta llegar a la torre, mientras que a las 14h. habr\u00e1 un \u00abdinar de senall\u00f3\u00bb.<\/li>\n<\/ol>\n<p style=\"text-align: justify;\">\u00a1Os esperamos!<\/p>\n","protected":false},"excerpt":{"rendered":"<p>A CAUSA DE LA ALTERTA NARANJA ACTIVADA PARA EL S\u00c1BADO, SE CANCELA EL ACTO DE LA \u00abENCESA\u00bb AL FAR DE SES COVES<\/p>\n","protected":false},"author":5,"featured_media":0,"template":"","meta":{"_acf_changed":false,"_tribe_events_status":"","_tribe_events_status_reason":"","footnotes":""},"tags":[],"tribe_events_cat":[102],"class_list":["post-17407","tribe_events","type-tribe_events","status-publish","hentry","tribe_events_cat-agenda","cat_agenda"],"acf":[],"_links":{"self":[{"href":"https:\/\/fonspitius.org\/es\/wp-json\/wp\/v2\/tribe_events\/17407","targetHints":{"allow":["GET"]}}],"collection":[{"href":"https:\/\/fonspitius.org\/es\/wp-json\/wp\/v2\/tribe_events"}],"about":[{"href":"https:\/\/fonspitius.org\/es\/wp-json\/wp\/v2\/types\/tribe_events"}],"author":[{"embeddable":true,"href":"https:\/\/fonspitius.org\/es\/wp-json\/wp\/v2\/users\/5"}],"version-history":[{"count":0,"href":"https:\/\/fonspitius.org\/es\/wp-json\/wp\/v2\/tribe_events\/17407\/revisions"}],"wp:attachment":[{"href":"https:\/\/fonspitius.org\/es\/wp-json\/wp\/v2\/media?parent=17407"}],"wp:term":[{"taxonomy":"post_tag","embeddable":true,"href":"https:\/\/fonspitius.org\/es\/wp-json\/wp\/v2\/tags?post=17407"},{"taxonomy":"tribe_events_cat","embeddable":true,"href":"https:\/\/fonspitius.org\/es\/wp-json\/wp\/v2\/tribe_events_cat?post=17407"}],"curies":[{"name":"wp","href":"https:\/\/api.w.org\/{rel}","templated":true}]}}

Encesa de torres, talaies i talaiots de la Mediterrània pels Drets Humans

<p><img decoding="async" class="aligncenter wp-image-17508 size-full" src="https://fonspitius.org/wp-content/uploads/Publicacions-facebook.jpg" alt="" width="940" height="788" srcset="https://fonspitius.org/wp-content/uploads/Publicacions-facebook-200x168.jpg 200w, https://fonspitius.org/wp-content/uploads/Publicacions-facebook-300x251.jpg 300w, https://fonspitius.org/wp-content/uploads/Publicacions-facebook-400x335.jpg 400w, https://fonspitius.org/wp-content/uploads/Publicacions-facebook-600x503.jpg 600w, https://fonspitius.org/wp-content/uploads/Publicacions-facebook-800x671.jpg 800w, https://fonspitius.org/wp-content/uploads/Publicacions-facebook.jpg 940w" sizes="(max-width: 940px) 100vw, 940px" /></p>
<p style="text-align: center;"><strong>A CAUSA DE LA ALTERTA NARANJA ACTIVADA PARA EL SÁBADO, SE CANCELA EL ACTO DE LA «ENCESA» AL FAR DE SES COVES BLANQUES (SANT ANTONI) I A LA TORRE DE LA GAVINA (FORMENTERA).</strong></p>
<p style="text-align: center;"><strong>EN EL BALUARD DE SANT BERNAT (EIVISSA) I LA TORRE DE SA SAL ROSSA (PLATJA D&#8217;EN BOSSA), TANTO LAS ACTIVIDADES COMO LA «ENCESA» SE TRASLADAN AL DOMINGO 1 DE FEBRERO, MANTENIENDO LOS MISMOS HORARIOS.</strong></p>
<p style="text-align: center;">&#8230;&#8230;&#8230;&#8230;&#8230;&#8230;&#8230;&#8230;&#8230;&#8230;&#8230;&#8230;&#8230;&#8230;&#8230;&#8230;&#8230;&#8230;&#8230;&#8230;&#8230;</p>
<p style="text-align: justify;">El próximo sábado 31 de enero se celebra una nueva edición de la <strong><em>ENCESA DE TORRES, TALAIES I TALAIOTS DE LA MEDITERRÀNIA PELS DRETS HUMANS.</em></strong></p>
<p style="text-align: justify;">El Fons Pitiús de Cooperació se vuelve a unir a esta iniciativa, organizando el encendido en 4 puntos de las Pitiusas. A las 13h se leerá el manifiesto de esta edición y se hará el encendido de bengalas de humo. Como novedad, este año organizamos actividades complementarias en cada torre, que se realizarán previamente y que son gratuitas.</p>
<p style="text-align: justify;">Los puntos de encendido y las actividades preparadas tanto en Eivissa como en Formentera son las siguientes:</p>
<ol style="text-align: justify;">
<li style="text-align: justify;"><strong>Far de ses Coves Blanques</strong> (Sant Antoni de Portmany). A las 12.15h se saldrá desde Sa Punta des Molí (encuentro en el paseo) y se dará un paseo hasta llegar al faro.</li>
<li style="text-align: justify;"><strong>Torre de sa Sal Rossa o des Carregador</strong> (Platja de&#8217;n Bossa). A las 12.15h se realizará la visita teatralizada «El valent vigilant de la torre».</li>
<li style="text-align: justify;"><strong>Baluard de Sant Bernat</strong> (Dalt Vila). A partir de las 11.30h se realizará una visita a Dalt Vila, iniciando el recorrido en el monumento a Vara de Rey. Para esta actividad es necesaria la inscripción previa y puede hacerse enviando un correo electrónico a projectes@fonspitius.org.</li>
<li style="text-align: justify;"><strong>Torre de la Gavina</strong> (Can Marroig). A las 11h saldrá una caminata desde la Plaza de la iglesia de Sant Francesc, hasta llegar a la torre, mientras que a las 14h. habrá un «dinar de senalló».</li>
</ol>
<p style="text-align: justify;">¡Os esperamos!</p>

<p>A CAUSA DE LA ALTERTA NARANJA ACTIVADA PARA EL SÁBADO, SE CANCELA EL ACTO DE LA «ENCESA» AL FAR DE SES COVES</p>
