{"id":17335,"date":"2026-01-14T11:17:40","date_gmt":"2026-01-14T10:17:40","guid":{"rendered":"https:\/\/fonspitius.org\/?post_type=tribe_events&#038;p=17335"},"modified":"2026-01-19T12:20:53","modified_gmt":"2026-01-19T11:20:53","slug":"vidas-en-transito-derechos-y-proteccion-presentacion-del-informe-monitoreo-derecho-a-la-vida-2025","status":"publish","type":"tribe_events","link":"https:\/\/fonspitius.org\/es\/event\/vidas-en-transito-derechos-y-proteccion-presentacion-del-informe-monitoreo-derecho-a-la-vida-2025\/","title":{"rendered":"Vidas en tr\u00e1nsito: derechos y protecci\u00f3n. Presentaci\u00f3n del informe \u00abMonitoreo Derecho a la vida 2025\u00bb"},"content":{"rendered":"<p><img decoding=\"async\" class=\"aligncenter wp-image-17397 \" src=\"https:\/\/fonspitius.org\/wp-content\/uploads\/Publicacions-facebook-2.jpg\" alt=\"\" width=\"809\" height=\"678\" srcset=\"https:\/\/fonspitius.org\/wp-content\/uploads\/Publicacions-facebook-2-200x168.jpg 200w, https:\/\/fonspitius.org\/wp-content\/uploads\/Publicacions-facebook-2-300x251.jpg 300w, https:\/\/fonspitius.org\/wp-content\/uploads\/Publicacions-facebook-2-400x335.jpg 400w, https:\/\/fonspitius.org\/wp-content\/uploads\/Publicacions-facebook-2-600x503.jpg 600w, https:\/\/fonspitius.org\/wp-content\/uploads\/Publicacions-facebook-2-800x671.jpg 800w, https:\/\/fonspitius.org\/wp-content\/uploads\/Publicacions-facebook-2.jpg 940w\" sizes=\"(max-width: 809px) 100vw, 809px\" \/><\/p>\n<p>El pr\u00f3ximo jueves 22 de enero organizamos el acto \u00abVidas en tr\u00e1nsito: derechos y protecci\u00f3n\u00bb, que tendr\u00e1 lugar a las 18h en el Centro de Creaci\u00f3n Joven C19 de Vila.<\/p>\n<p>La defensora de derechos humanos y fundadora del colectivo Ca-minando Fronteras, Helena Maleno, presentar\u00e1 el informe \u201cMonitoreo Derecho a la Vida 2025\u201d, que documenta las vulneraciones de derechos humanos y las muertes en las fronteras del Estado espa\u00f1ol.<\/p>\n<p>Adem\u00e1s, contaremos con la participaci\u00f3n de Olga Egea, responsable de acogida residencial del Consell d&#8217;Eivissa, con la que hablaremos sobre la protecci\u00f3n que reciben los menores no acompa\u00f1ados que llegan a las islas.<\/p>\n","protected":false},"excerpt":{"rendered":"<p>El pr\u00f3ximo jueves 22 de enero organizamos el acto \u00abVidas en tr\u00e1nsito: derechos y protecci\u00f3n\u00bb, que tendr\u00e1 lugar a las 18h en<\/p>\n","protected":false},"author":5,"featured_media":0,"template":"","meta":{"_acf_changed":false,"_tribe_events_status":"","_tribe_events_status_reason":"","footnotes":""},"tags":[],"tribe_events_cat":[102],"class_list":["post-17335","tribe_events","type-tribe_events","status-publish","hentry","tribe_events_cat-agenda","cat_agenda"],"acf":[],"_links":{"self":[{"href":"https:\/\/fonspitius.org\/es\/wp-json\/wp\/v2\/tribe_events\/17335","targetHints":{"allow":["GET"]}}],"collection":[{"href":"https:\/\/fonspitius.org\/es\/wp-json\/wp\/v2\/tribe_events"}],"about":[{"href":"https:\/\/fonspitius.org\/es\/wp-json\/wp\/v2\/types\/tribe_events"}],"author":[{"embeddable":true,"href":"https:\/\/fonspitius.org\/es\/wp-json\/wp\/v2\/users\/5"}],"version-history":[{"count":0,"href":"https:\/\/fonspitius.org\/es\/wp-json\/wp\/v2\/tribe_events\/17335\/revisions"}],"wp:attachment":[{"href":"https:\/\/fonspitius.org\/es\/wp-json\/wp\/v2\/media?parent=17335"}],"wp:term":[{"taxonomy":"post_tag","embeddable":true,"href":"https:\/\/fonspitius.org\/es\/wp-json\/wp\/v2\/tags?post=17335"},{"taxonomy":"tribe_events_cat","embeddable":true,"href":"https:\/\/fonspitius.org\/es\/wp-json\/wp\/v2\/tribe_events_cat?post=17335"}],"curies":[{"name":"wp","href":"https:\/\/api.w.org\/{rel}","templated":true}]}}

Vidas en tránsito: derechos y protección. Presentación del informe «Monitoreo Derecho a la vida 2025»

<p><img decoding="async" class="aligncenter wp-image-17397 " src="https://fonspitius.org/wp-content/uploads/Publicacions-facebook-2.jpg" alt="" width="809" height="678" srcset="https://fonspitius.org/wp-content/uploads/Publicacions-facebook-2-200x168.jpg 200w, https://fonspitius.org/wp-content/uploads/Publicacions-facebook-2-300x251.jpg 300w, https://fonspitius.org/wp-content/uploads/Publicacions-facebook-2-400x335.jpg 400w, https://fonspitius.org/wp-content/uploads/Publicacions-facebook-2-600x503.jpg 600w, https://fonspitius.org/wp-content/uploads/Publicacions-facebook-2-800x671.jpg 800w, https://fonspitius.org/wp-content/uploads/Publicacions-facebook-2.jpg 940w" sizes="(max-width: 809px) 100vw, 809px" /></p>
<p>El próximo jueves 22 de enero organizamos el acto «Vidas en tránsito: derechos y protección», que tendrá lugar a las 18h en el Centro de Creación Joven C19 de Vila.</p>
<p>La defensora de derechos humanos y fundadora del colectivo Ca-minando Fronteras, Helena Maleno, presentará el informe “Monitoreo Derecho a la Vida 2025”, que documenta las vulneraciones de derechos humanos y las muertes en las fronteras del Estado español.</p>
<p>Además, contaremos con la participación de Olga Egea, responsable de acogida residencial del Consell d&#8217;Eivissa, con la que hablaremos sobre la protección que reciben los menores no acompañados que llegan a las islas.</p>

<p>El próximo jueves 22 de enero organizamos el acto «Vidas en tránsito: derechos y protección», que tendrá lugar a las 18h en</p>
