{"id":17209,"date":"2025-12-02T10:08:32","date_gmt":"2025-12-02T09:08:32","guid":{"rendered":"https:\/\/fonspitius.org\/?post_type=tribe_events&#038;p=17209"},"modified":"2025-12-02T10:08:32","modified_gmt":"2025-12-02T09:08:32","slug":"convocatoria-extraordinaria-de-proyectos-de-emergencia-en-palestina","status":"publish","type":"tribe_events","link":"https:\/\/fonspitius.org\/es\/event\/convocatoria-extraordinaria-de-proyectos-de-emergencia-en-palestina\/","title":{"rendered":"Convocatoria extraordinaria de proyectos de emergencia en Palestina"},"content":{"rendered":"<p>La Asamblea del Fons aprob\u00f3 en su \u00faltima reuni\u00f3n abrir una convocatoria extraordinaria de proyectos de emergencia y acci\u00f3n humanitaria en Palestina. El plazo para presentar los proyectos comienza el 26 de noviembre y termina el 8 de diciembre. Se pueden encontrar las bases y todos los anexos necesarios en https:\/\/fonspitius.org\/es\/convocatorias\/<\/p>\n","protected":false},"excerpt":{"rendered":"<p>La Asamblea del Fons aprob\u00f3 en su \u00faltima reuni\u00f3n abrir una convocatoria extraordinaria de proyectos de emergencia y acci\u00f3n humanitaria en Palestina.<\/p>\n","protected":false},"author":5,"featured_media":17207,"template":"","meta":{"_acf_changed":false,"_tribe_events_status":"","_tribe_events_status_reason":"","footnotes":""},"tags":[],"tribe_events_cat":[102],"class_list":["post-17209","tribe_events","type-tribe_events","status-publish","has-post-thumbnail","hentry","tribe_events_cat-agenda","cat_agenda"],"acf":[],"_links":{"self":[{"href":"https:\/\/fonspitius.org\/es\/wp-json\/wp\/v2\/tribe_events\/17209","targetHints":{"allow":["GET"]}}],"collection":[{"href":"https:\/\/fonspitius.org\/es\/wp-json\/wp\/v2\/tribe_events"}],"about":[{"href":"https:\/\/fonspitius.org\/es\/wp-json\/wp\/v2\/types\/tribe_events"}],"author":[{"embeddable":true,"href":"https:\/\/fonspitius.org\/es\/wp-json\/wp\/v2\/users\/5"}],"version-history":[{"count":0,"href":"https:\/\/fonspitius.org\/es\/wp-json\/wp\/v2\/tribe_events\/17209\/revisions"}],"wp:featuredmedia":[{"embeddable":true,"href":"https:\/\/fonspitius.org\/es\/wp-json\/wp\/v2\/media\/17207"}],"wp:attachment":[{"href":"https:\/\/fonspitius.org\/es\/wp-json\/wp\/v2\/media?parent=17209"}],"wp:term":[{"taxonomy":"post_tag","embeddable":true,"href":"https:\/\/fonspitius.org\/es\/wp-json\/wp\/v2\/tags?post=17209"},{"taxonomy":"tribe_events_cat","embeddable":true,"href":"https:\/\/fonspitius.org\/es\/wp-json\/wp\/v2\/tribe_events_cat?post=17209"}],"curies":[{"name":"wp","href":"https:\/\/api.w.org\/{rel}","templated":true}]}}

<p>La Asamblea del Fons aprobó en su última reunión abrir una convocatoria extraordinaria de proyectos de emergencia y acción humanitaria en Palestina. El plazo para presentar los proyectos comienza el 26 de noviembre y termina el 8 de diciembre. Se pueden encontrar las bases y todos los anexos necesarios en https://fonspitius.org/es/convocatorias/</p>

<p>La Asamblea del Fons aprobó en su última reunión abrir una convocatoria extraordinaria de proyectos de emergencia y acción humanitaria en Palestina.</p>
