{"id":16342,"date":"2025-05-09T11:54:56","date_gmt":"2025-05-09T09:54:56","guid":{"rendered":"https:\/\/fonspitius.org\/?post_type=tribe_events&#038;p=16342"},"modified":"2025-05-20T08:55:52","modified_gmt":"2025-05-20T06:55:52","slug":"el-cuentacuentos-el-llarg-viatge-en-la-biblioteca-de-cala-de-bou","status":"publish","type":"tribe_events","link":"https:\/\/fonspitius.org\/es\/event\/el-cuentacuentos-el-llarg-viatge-en-la-biblioteca-de-cala-de-bou\/","title":{"rendered":"El cuentacuentos \u00abEl llarg viatge\u00bb, en Sant Ferran (Formentera)"},"content":{"rendered":"<p style=\"text-align: justify;\">El jueves 29 de mayo a las 17.30h, el cuentacuentos \u00abEl llarg viatge\u00bb se podr\u00e1 ver en el Punto de lectura de l&#8217;Espai Cultural de Sant Ferran (Formentera).<\/p>\n<p style=\"text-align: justify;\">Este cuento teatralizado sobre migraci\u00f3n e interculturalidad, creado e interpretado por Anakr\u00f2nica, est\u00e1 pensado para ni\u00f1os y ni\u00f1as a partir de 6 a\u00f1os y sus familias. Es una actividad de la camap\u00f1a de sensibilizaci\u00f3n \u00abFrente al racismo y la xenofobia, \u00a1actuamos!\u00bb.<\/p>\n","protected":false},"excerpt":{"rendered":"<p>El jueves 29 de mayo a las 17.30h, el cuentacuentos \u00abEl llarg viatge\u00bb se podr\u00e1 ver en el Punto de lectura de<\/p>\n","protected":false},"author":5,"featured_media":16370,"template":"","meta":{"_acf_changed":false,"_tribe_events_status":"","_tribe_events_status_reason":"","footnotes":""},"tags":[],"tribe_events_cat":[102],"class_list":["post-16342","tribe_events","type-tribe_events","status-publish","has-post-thumbnail","hentry","tribe_events_cat-agenda","cat_agenda"],"acf":[],"_links":{"self":[{"href":"https:\/\/fonspitius.org\/es\/wp-json\/wp\/v2\/tribe_events\/16342","targetHints":{"allow":["GET"]}}],"collection":[{"href":"https:\/\/fonspitius.org\/es\/wp-json\/wp\/v2\/tribe_events"}],"about":[{"href":"https:\/\/fonspitius.org\/es\/wp-json\/wp\/v2\/types\/tribe_events"}],"author":[{"embeddable":true,"href":"https:\/\/fonspitius.org\/es\/wp-json\/wp\/v2\/users\/5"}],"version-history":[{"count":0,"href":"https:\/\/fonspitius.org\/es\/wp-json\/wp\/v2\/tribe_events\/16342\/revisions"}],"wp:featuredmedia":[{"embeddable":true,"href":"https:\/\/fonspitius.org\/es\/wp-json\/wp\/v2\/media\/16370"}],"wp:attachment":[{"href":"https:\/\/fonspitius.org\/es\/wp-json\/wp\/v2\/media?parent=16342"}],"wp:term":[{"taxonomy":"post_tag","embeddable":true,"href":"https:\/\/fonspitius.org\/es\/wp-json\/wp\/v2\/tags?post=16342"},{"taxonomy":"tribe_events_cat","embeddable":true,"href":"https:\/\/fonspitius.org\/es\/wp-json\/wp\/v2\/tribe_events_cat?post=16342"}],"curies":[{"name":"wp","href":"https:\/\/api.w.org\/{rel}","templated":true}]}}

<p style="text-align: justify;">El jueves 29 de mayo a las 17.30h, el cuentacuentos «El llarg viatge» se podrá ver en el Punto de lectura de l&#8217;Espai Cultural de Sant Ferran (Formentera).</p>
<p style="text-align: justify;">Este cuento teatralizado sobre migración e interculturalidad, creado e interpretado por Anakrònica, está pensado para niños y niñas a partir de 6 años y sus familias. Es una actividad de la camapña de sensibilización «Frente al racismo y la xenofobia, ¡actuamos!».</p>

<p>El jueves 29 de mayo a las 17.30h, el cuentacuentos «El llarg viatge» se podrá ver en el Punto de lectura de</p>
