{"id":16279,"date":"2025-04-03T13:19:12","date_gmt":"2025-04-03T11:19:12","guid":{"rendered":"https:\/\/fonspitius.org\/?post_type=tribe_events&#038;p=16279"},"modified":"2025-04-10T10:09:04","modified_gmt":"2025-04-10T08:09:04","slug":"16279","status":"publish","type":"tribe_events","link":"https:\/\/fonspitius.org\/es\/event\/16279\/","title":{"rendered":"El cuentacuentos \u00abEl llarg viatge\u00bb, en la biblioteca de Figueretes."},"content":{"rendered":"<p>El cuentacuentos \u00abEl llarg viatge\u00bb ha vuelto a reanudar este 2025 sus representaciones en las bibliotecas p\u00fablicas de Ibiza y Formentera. El pr\u00f3ximo martes 15 de abril se podr\u00e1 ver en la Biblioteca P\u00fablica de Ses Figueretes (Eivissa), a las 18h. Se recomienda para ni\u00f1os y ni\u00f1as a partir de 6 a\u00f1os y sus familias.<\/p>\n<p>Esta actividad, creada e interpretada por Anakr\u00f2nica, se enmarca dentro de la campa\u00f1a de sensibilizaci\u00f3n \u00abFrente al racismo y la xenofobia, actuam!\u00bb.<\/p>\n","protected":false},"excerpt":{"rendered":"<p>El cuentacuentos \u00abEl llarg viatge\u00bb ha vuelto a reanudar este 2025 sus representaciones en las bibliotecas p\u00fablicas de Ibiza y Formentera. El<\/p>\n","protected":false},"author":5,"featured_media":16303,"template":"","meta":{"_acf_changed":false,"_tribe_events_status":"","_tribe_events_status_reason":"","footnotes":""},"tags":[],"tribe_events_cat":[102],"class_list":["post-16279","tribe_events","type-tribe_events","status-publish","has-post-thumbnail","hentry","tribe_events_cat-agenda","cat_agenda"],"acf":[],"_links":{"self":[{"href":"https:\/\/fonspitius.org\/es\/wp-json\/wp\/v2\/tribe_events\/16279","targetHints":{"allow":["GET"]}}],"collection":[{"href":"https:\/\/fonspitius.org\/es\/wp-json\/wp\/v2\/tribe_events"}],"about":[{"href":"https:\/\/fonspitius.org\/es\/wp-json\/wp\/v2\/types\/tribe_events"}],"author":[{"embeddable":true,"href":"https:\/\/fonspitius.org\/es\/wp-json\/wp\/v2\/users\/5"}],"version-history":[{"count":0,"href":"https:\/\/fonspitius.org\/es\/wp-json\/wp\/v2\/tribe_events\/16279\/revisions"}],"wp:featuredmedia":[{"embeddable":true,"href":"https:\/\/fonspitius.org\/es\/wp-json\/wp\/v2\/media\/16303"}],"wp:attachment":[{"href":"https:\/\/fonspitius.org\/es\/wp-json\/wp\/v2\/media?parent=16279"}],"wp:term":[{"taxonomy":"post_tag","embeddable":true,"href":"https:\/\/fonspitius.org\/es\/wp-json\/wp\/v2\/tags?post=16279"},{"taxonomy":"tribe_events_cat","embeddable":true,"href":"https:\/\/fonspitius.org\/es\/wp-json\/wp\/v2\/tribe_events_cat?post=16279"}],"curies":[{"name":"wp","href":"https:\/\/api.w.org\/{rel}","templated":true}]}}

<p>El cuentacuentos «El llarg viatge» ha vuelto a reanudar este 2025 sus representaciones en las bibliotecas públicas de Ibiza y Formentera. El próximo martes 15 de abril se podrá ver en la Biblioteca Pública de Ses Figueretes (Eivissa), a las 18h. Se recomienda para niños y niñas a partir de 6 años y sus familias.</p>
<p>Esta actividad, creada e interpretada por Anakrònica, se enmarca dentro de la campaña de sensibilización «Frente al racismo y la xenofobia, actuam!».</p>

<p>El cuentacuentos «El llarg viatge» ha vuelto a reanudar este 2025 sus representaciones en las bibliotecas públicas de Ibiza y Formentera. El</p>
