{"id":16092,"date":"2025-02-17T22:53:09","date_gmt":"2025-02-17T21:53:09","guid":{"rendered":"https:\/\/fonspitius.org\/?post_type=tribe_events&#038;p=16092"},"modified":"2025-12-02T10:00:49","modified_gmt":"2025-12-02T09:00:49","slug":"16092","status":"publish","type":"tribe_events","link":"https:\/\/fonspitius.org\/es\/event\/16092\/","title":{"rendered":"Proyecci\u00f3n del audiovisual y coloquio en el C19 con protagonistas de la exposici\u00f3n \u00abHistorias de migraciones\u00bb"},"content":{"rendered":"<p>El pr\u00f3ximo lunes 15 de diciembre a las 18h, y en el marco de la exposici\u00f3n \u00abHistorias de migraciones. Ibiza y Formentera, tierra de salida y llegada\u00bb, se proyectar\u00e1 en el Centro de Creaci\u00f3n Joven C19 el audiovisual creado para acompa\u00f1ar a los paneles que forman la exposici\u00f3n.<\/p>\n<p>A continuaci\u00f3n se realizar\u00e1 un coloquio con dos personas relacionadas directamente con la exposici\u00f3n. Por un lado contaremos con la presencia de Luiz Felipe Pinto, que lleg\u00f3 a Ibiza en 2001 proveniente de R\u00edo de Janeiro, Brasil. Y por otra, tendremos a Ester Serra, nieta de Vicent Serra e Isabel Torres, que tuvieron que huir de Ibiza hacia Argel entre 1949 y 1950.<\/p>\n","protected":false},"excerpt":{"rendered":"<p>El pr\u00f3ximo lunes 15 de diciembre a las 18h, y en el marco de la exposici\u00f3n \u00abHistorias de migraciones. Ibiza y Formentera,<\/p>\n","protected":false},"author":5,"featured_media":17201,"template":"","meta":{"_acf_changed":false,"_tribe_events_status":"","_tribe_events_status_reason":"","footnotes":""},"tags":[],"tribe_events_cat":[102],"class_list":["post-16092","tribe_events","type-tribe_events","status-publish","has-post-thumbnail","hentry","tribe_events_cat-agenda","cat_agenda"],"acf":[],"_links":{"self":[{"href":"https:\/\/fonspitius.org\/es\/wp-json\/wp\/v2\/tribe_events\/16092","targetHints":{"allow":["GET"]}}],"collection":[{"href":"https:\/\/fonspitius.org\/es\/wp-json\/wp\/v2\/tribe_events"}],"about":[{"href":"https:\/\/fonspitius.org\/es\/wp-json\/wp\/v2\/types\/tribe_events"}],"author":[{"embeddable":true,"href":"https:\/\/fonspitius.org\/es\/wp-json\/wp\/v2\/users\/5"}],"version-history":[{"count":0,"href":"https:\/\/fonspitius.org\/es\/wp-json\/wp\/v2\/tribe_events\/16092\/revisions"}],"wp:featuredmedia":[{"embeddable":true,"href":"https:\/\/fonspitius.org\/es\/wp-json\/wp\/v2\/media\/17201"}],"wp:attachment":[{"href":"https:\/\/fonspitius.org\/es\/wp-json\/wp\/v2\/media?parent=16092"}],"wp:term":[{"taxonomy":"post_tag","embeddable":true,"href":"https:\/\/fonspitius.org\/es\/wp-json\/wp\/v2\/tags?post=16092"},{"taxonomy":"tribe_events_cat","embeddable":true,"href":"https:\/\/fonspitius.org\/es\/wp-json\/wp\/v2\/tribe_events_cat?post=16092"}],"curies":[{"name":"wp","href":"https:\/\/api.w.org\/{rel}","templated":true}]}}

Proyección del audiovisual y coloquio en el C19 con protagonistas de la exposición «Historias de migraciones»

<p>El próximo lunes 15 de diciembre a las 18h, y en el marco de la exposición «Historias de migraciones. Ibiza y Formentera, tierra de salida y llegada», se proyectará en el Centro de Creación Joven C19 el audiovisual creado para acompañar a los paneles que forman la exposición.</p>
<p>A continuación se realizará un coloquio con dos personas relacionadas directamente con la exposición. Por un lado contaremos con la presencia de Luiz Felipe Pinto, que llegó a Ibiza en 2001 proveniente de Río de Janeiro, Brasil. Y por otra, tendremos a Ester Serra, nieta de Vicent Serra e Isabel Torres, que tuvieron que huir de Ibiza hacia Argel entre 1949 y 1950.</p>

<p>El próximo lunes 15 de diciembre a las 18h, y en el marco de la exposición «Historias de migraciones. Ibiza y Formentera,</p>
