{"id":15958,"date":"2025-01-21T17:55:47","date_gmt":"2025-01-21T16:55:47","guid":{"rendered":"https:\/\/fonspitius.org\/?post_type=tribe_events&#038;p=15958"},"modified":"2025-01-21T18:18:57","modified_gmt":"2025-01-21T17:18:57","slug":"historias-de-migraciones-en-el-c19-proyeccion-de-los-audiovisuales-y-coloquio-con-protagonistas-de-la-exposicion","status":"publish","type":"tribe_events","link":"https:\/\/fonspitius.org\/es\/event\/historias-de-migraciones-en-el-c19-proyeccion-de-los-audiovisuales-y-coloquio-con-protagonistas-de-la-exposicion\/","title":{"rendered":"\u00abHistorias de migraciones\u00bb en el C19. Proyecci\u00f3n de los audiovisuales y coloquio con protagonistas de la exposici\u00f3n"},"content":{"rendered":"<p>El pr\u00f3ximo viernes 24 de enero, en el marco de la exposici\u00f3n HISTORIAS DE MIGRACIONES, hemos programado una proyecci\u00f3n especial de los audiovisuales completos, que finalizar\u00e1 con un coloquio con algunas de las personas protagonistas.<\/p>\n<p>Ser\u00e1 en la sala polivalente del Centro de Creaci\u00f3n Joven C19, donde est\u00e1 la exposici\u00f3n, a las 18:30 h. Para esta ocasi\u00f3n contaremos con la presencia de Diana Delgado Zambrano (Colombia), Nahuel Barreiro Fierro (Uruguay) y Zineb Aalouf El Imrani (Marruecos) para hablar, entre otras cuestiones, de lo que supone migrar para un\/a menor.<\/p>\n","protected":false},"excerpt":{"rendered":"<p>El pr\u00f3ximo viernes 24 de enero, en el marco de la exposici\u00f3n HISTORIAS DE MIGRACIONES, hemos programado una proyecci\u00f3n especial de los<\/p>\n","protected":false},"author":5,"featured_media":15954,"template":"","meta":{"_acf_changed":false,"_tribe_events_status":"","_tribe_events_status_reason":"","footnotes":""},"tags":[],"tribe_events_cat":[102],"class_list":["post-15958","tribe_events","type-tribe_events","status-publish","has-post-thumbnail","hentry","tribe_events_cat-agenda","cat_agenda"],"acf":[],"_links":{"self":[{"href":"https:\/\/fonspitius.org\/es\/wp-json\/wp\/v2\/tribe_events\/15958","targetHints":{"allow":["GET"]}}],"collection":[{"href":"https:\/\/fonspitius.org\/es\/wp-json\/wp\/v2\/tribe_events"}],"about":[{"href":"https:\/\/fonspitius.org\/es\/wp-json\/wp\/v2\/types\/tribe_events"}],"author":[{"embeddable":true,"href":"https:\/\/fonspitius.org\/es\/wp-json\/wp\/v2\/users\/5"}],"version-history":[{"count":0,"href":"https:\/\/fonspitius.org\/es\/wp-json\/wp\/v2\/tribe_events\/15958\/revisions"}],"wp:featuredmedia":[{"embeddable":true,"href":"https:\/\/fonspitius.org\/es\/wp-json\/wp\/v2\/media\/15954"}],"wp:attachment":[{"href":"https:\/\/fonspitius.org\/es\/wp-json\/wp\/v2\/media?parent=15958"}],"wp:term":[{"taxonomy":"post_tag","embeddable":true,"href":"https:\/\/fonspitius.org\/es\/wp-json\/wp\/v2\/tags?post=15958"},{"taxonomy":"tribe_events_cat","embeddable":true,"href":"https:\/\/fonspitius.org\/es\/wp-json\/wp\/v2\/tribe_events_cat?post=15958"}],"curies":[{"name":"wp","href":"https:\/\/api.w.org\/{rel}","templated":true}]}}

«Historias de migraciones» en el C19. Proyección de los audiovisuales y coloquio con protagonistas de la exposición

<p>El próximo viernes 24 de enero, en el marco de la exposición HISTORIAS DE MIGRACIONES, hemos programado una proyección especial de los audiovisuales completos, que finalizará con un coloquio con algunas de las personas protagonistas.</p>
<p>Será en la sala polivalente del Centro de Creación Joven C19, donde está la exposición, a las 18:30 h. Para esta ocasión contaremos con la presencia de Diana Delgado Zambrano (Colombia), Nahuel Barreiro Fierro (Uruguay) y Zineb Aalouf El Imrani (Marruecos) para hablar, entre otras cuestiones, de lo que supone migrar para un/a menor.</p>

<p>El próximo viernes 24 de enero, en el marco de la exposición HISTORIAS DE MIGRACIONES, hemos programado una proyección especial de los</p>
