{"id":15822,"date":"2024-12-16T22:55:24","date_gmt":"2024-12-16T21:55:24","guid":{"rendered":"https:\/\/fonspitius.org\/?post_type=tribe_events&#038;p=15822"},"modified":"2025-10-07T11:16:17","modified_gmt":"2025-10-07T09:16:17","slug":"la-exposicion-historias-de-migraciones","status":"publish","type":"tribe_events","link":"https:\/\/fonspitius.org\/es\/event\/la-exposicion-historias-de-migraciones\/","title":{"rendered":"La exposici\u00f3n \u00abHistorias de migraciones\u00bb, en sa Punta des Mol\u00ed (Sant Antoni)"},"content":{"rendered":"<p>Sa Punta des Mol\u00ed (Sant Antoni de Portmany) acoge la exposici\u00f3n <em>Historias de migraciones. Ibiza y Formentera, tierra de salida y llegada<\/em>, del 14 al 30 de octubre. Se podr\u00e1 visitar de martes a s\u00e1bado, de 17 a 20h.<\/p>\n<p>Los centros educativos que quieran ver la exposici\u00f3n pueden concertar la visita escribiendo a educacio@fonspitius.org.<\/p>\n<p>M\u00e1s informaci\u00f3n sobre la exposici\u00f3n en <a href=\"https:\/\/fonspitius.org\/es\/historiasmigraciones\/\">https:\/\/fonspitius.org\/es\/historiasmigraciones\/<\/a><\/p>\n","protected":false},"excerpt":{"rendered":"<p>Sa Punta des Mol\u00ed (Sant Antoni de Portmany) acoge la exposici\u00f3n Historias de migraciones. Ibiza y Formentera, tierra de salida y llegada,<\/p>\n","protected":false},"author":5,"featured_media":17034,"template":"","meta":{"_acf_changed":false,"_tribe_events_status":"","_tribe_events_status_reason":"","footnotes":""},"tags":[],"tribe_events_cat":[102],"class_list":["post-15822","tribe_events","type-tribe_events","status-publish","has-post-thumbnail","hentry","tribe_events_cat-agenda","cat_agenda"],"acf":[],"_links":{"self":[{"href":"https:\/\/fonspitius.org\/es\/wp-json\/wp\/v2\/tribe_events\/15822","targetHints":{"allow":["GET"]}}],"collection":[{"href":"https:\/\/fonspitius.org\/es\/wp-json\/wp\/v2\/tribe_events"}],"about":[{"href":"https:\/\/fonspitius.org\/es\/wp-json\/wp\/v2\/types\/tribe_events"}],"author":[{"embeddable":true,"href":"https:\/\/fonspitius.org\/es\/wp-json\/wp\/v2\/users\/5"}],"version-history":[{"count":0,"href":"https:\/\/fonspitius.org\/es\/wp-json\/wp\/v2\/tribe_events\/15822\/revisions"}],"wp:featuredmedia":[{"embeddable":true,"href":"https:\/\/fonspitius.org\/es\/wp-json\/wp\/v2\/media\/17034"}],"wp:attachment":[{"href":"https:\/\/fonspitius.org\/es\/wp-json\/wp\/v2\/media?parent=15822"}],"wp:term":[{"taxonomy":"post_tag","embeddable":true,"href":"https:\/\/fonspitius.org\/es\/wp-json\/wp\/v2\/tags?post=15822"},{"taxonomy":"tribe_events_cat","embeddable":true,"href":"https:\/\/fonspitius.org\/es\/wp-json\/wp\/v2\/tribe_events_cat?post=15822"}],"curies":[{"name":"wp","href":"https:\/\/api.w.org\/{rel}","templated":true}]}}

La exposición «Historias de migraciones», en sa Punta des Molí (Sant Antoni)

<p>Sa Punta des Molí (Sant Antoni de Portmany) acoge la exposición <em>Historias de migraciones. Ibiza y Formentera, tierra de salida y llegada</em>, del 14 al 30 de octubre. Se podrá visitar de martes a sábado, de 17 a 20h.</p>
<p>Los centros educativos que quieran ver la exposición pueden concertar la visita escribiendo a educacio@fonspitius.org.</p>
<p>Más información sobre la exposición en <a href="https://fonspitius.org/es/historiasmigraciones/">https://fonspitius.org/es/historiasmigraciones/</a></p>

<p>Sa Punta des Molí (Sant Antoni de Portmany) acoge la exposición Historias de migraciones. Ibiza y Formentera, tierra de salida y llegada,</p>
