{"id":15793,"date":"2024-12-02T13:35:10","date_gmt":"2024-12-02T12:35:10","guid":{"rendered":"https:\/\/fonspitius.org\/?post_type=tribe_events&#038;p=15793"},"modified":"2024-12-02T13:35:45","modified_gmt":"2024-12-02T12:35:45","slug":"15793","status":"publish","type":"tribe_events","link":"https:\/\/fonspitius.org\/es\/event\/15793\/","title":{"rendered":""},"content":{"rendered":"<p><img decoding=\"async\" class=\" wp-image-15782 alignleft\" src=\"https:\/\/fonspitius.org\/wp-content\/uploads\/Invitacio-25e-aniversari_correu-240x300.jpg\" alt=\"\" width=\"333\" height=\"416\" srcset=\"https:\/\/fonspitius.org\/wp-content\/uploads\/Invitacio-25e-aniversari_correu-200x250.jpg 200w, https:\/\/fonspitius.org\/wp-content\/uploads\/Invitacio-25e-aniversari_correu-240x300.jpg 240w, https:\/\/fonspitius.org\/wp-content\/uploads\/Invitacio-25e-aniversari_correu-400x500.jpg 400w, https:\/\/fonspitius.org\/wp-content\/uploads\/Invitacio-25e-aniversari_correu-600x750.jpg 600w, https:\/\/fonspitius.org\/wp-content\/uploads\/Invitacio-25e-aniversari_correu-800x1000.jpg 800w, https:\/\/fonspitius.org\/wp-content\/uploads\/Invitacio-25e-aniversari_correu-819x1024.jpg 819w, https:\/\/fonspitius.org\/wp-content\/uploads\/Invitacio-25e-aniversari_correu-1200x1500.jpg 1200w, https:\/\/fonspitius.org\/wp-content\/uploads\/Invitacio-25e-aniversari_correu-1229x1536.jpg 1229w, https:\/\/fonspitius.org\/wp-content\/uploads\/Invitacio-25e-aniversari_correu-1638x2048.jpg 1638w\" sizes=\"(max-width: 333px) 100vw, 333px\" \/><\/p>\n<p>El pr\u00f3ximo 13 de diciembre a las 19h, celebraremos el 25\u00ba aniversario del Fons Piti\u00fas. Ser\u00e1 en el Centro Cultural de Jes\u00fas y es un acto abierto a todo el mundo.<\/p>\n<p>Adem\u00e1s de contar con diferentes actuaciones, esa misma tarde se inaugurar\u00e1 la exposici\u00f3n \u00abHistorias de migraciones. Ibiza y Formentera, tierra de salida y llegada\u00bb y durante el acto se proyectar\u00e1n los audiovisuales de los protagonistas de la exposici\u00f3n fotogr\u00e1fica.<\/p>\n<p>\u00a1Os esperamos!<\/p>\n","protected":false},"excerpt":{"rendered":"<p>El pr\u00f3ximo 13 de diciembre a las 19h, celebraremos el 25\u00ba aniversario del Fons Piti\u00fas. Ser\u00e1 en el Centro Cultural de Jes\u00fas<\/p>\n","protected":false},"author":5,"featured_media":0,"template":"","meta":{"_acf_changed":false,"_tribe_events_status":"","_tribe_events_status_reason":"","footnotes":""},"tags":[],"tribe_events_cat":[102],"class_list":["post-15793","tribe_events","type-tribe_events","status-publish","hentry","tribe_events_cat-agenda","cat_agenda"],"acf":[],"_links":{"self":[{"href":"https:\/\/fonspitius.org\/es\/wp-json\/wp\/v2\/tribe_events\/15793","targetHints":{"allow":["GET"]}}],"collection":[{"href":"https:\/\/fonspitius.org\/es\/wp-json\/wp\/v2\/tribe_events"}],"about":[{"href":"https:\/\/fonspitius.org\/es\/wp-json\/wp\/v2\/types\/tribe_events"}],"author":[{"embeddable":true,"href":"https:\/\/fonspitius.org\/es\/wp-json\/wp\/v2\/users\/5"}],"version-history":[{"count":0,"href":"https:\/\/fonspitius.org\/es\/wp-json\/wp\/v2\/tribe_events\/15793\/revisions"}],"wp:attachment":[{"href":"https:\/\/fonspitius.org\/es\/wp-json\/wp\/v2\/media?parent=15793"}],"wp:term":[{"taxonomy":"post_tag","embeddable":true,"href":"https:\/\/fonspitius.org\/es\/wp-json\/wp\/v2\/tags?post=15793"},{"taxonomy":"tribe_events_cat","embeddable":true,"href":"https:\/\/fonspitius.org\/es\/wp-json\/wp\/v2\/tribe_events_cat?post=15793"}],"curies":[{"name":"wp","href":"https:\/\/api.w.org\/{rel}","templated":true}]}}

<p><img decoding="async" class=" wp-image-15782 alignleft" src="https://fonspitius.org/wp-content/uploads/Invitacio-25e-aniversari_correu-240x300.jpg" alt="" width="333" height="416" srcset="https://fonspitius.org/wp-content/uploads/Invitacio-25e-aniversari_correu-200x250.jpg 200w, https://fonspitius.org/wp-content/uploads/Invitacio-25e-aniversari_correu-240x300.jpg 240w, https://fonspitius.org/wp-content/uploads/Invitacio-25e-aniversari_correu-400x500.jpg 400w, https://fonspitius.org/wp-content/uploads/Invitacio-25e-aniversari_correu-600x750.jpg 600w, https://fonspitius.org/wp-content/uploads/Invitacio-25e-aniversari_correu-800x1000.jpg 800w, https://fonspitius.org/wp-content/uploads/Invitacio-25e-aniversari_correu-819x1024.jpg 819w, https://fonspitius.org/wp-content/uploads/Invitacio-25e-aniversari_correu-1200x1500.jpg 1200w, https://fonspitius.org/wp-content/uploads/Invitacio-25e-aniversari_correu-1229x1536.jpg 1229w, https://fonspitius.org/wp-content/uploads/Invitacio-25e-aniversari_correu-1638x2048.jpg 1638w" sizes="(max-width: 333px) 100vw, 333px" /></p>
<p>El próximo 13 de diciembre a las 19h, celebraremos el 25º aniversario del Fons Pitiús. Será en el Centro Cultural de Jesús y es un acto abierto a todo el mundo.</p>
<p>Además de contar con diferentes actuaciones, esa misma tarde se inaugurará la exposición «Historias de migraciones. Ibiza y Formentera, tierra de salida y llegada» y durante el acto se proyectarán los audiovisuales de los protagonistas de la exposición fotográfica.</p>
<p>¡Os esperamos!</p>

<p>El próximo 13 de diciembre a las 19h, celebraremos el 25º aniversario del Fons Pitiús. Será en el Centro Cultural de Jesús</p>
