{"id":15707,"date":"2024-09-24T11:36:34","date_gmt":"2024-09-24T09:36:34","guid":{"rendered":"https:\/\/fonspitius.org\/?post_type=tribe_events&#038;p=15707"},"modified":"2024-09-24T11:40:11","modified_gmt":"2024-09-24T09:40:11","slug":"plazo-de-inscripcion-al-curso-aprendizaje-servicio-y-cultura-de-paz","status":"publish","type":"tribe_events","link":"https:\/\/fonspitius.org\/es\/event\/plazo-de-inscripcion-al-curso-aprendizaje-servicio-y-cultura-de-paz\/","title":{"rendered":"Plazo de inscripci\u00f3n al curso \u00abAprendizaje Servicio y Cultura de Paz\u00bb"},"content":{"rendered":"<p>Del 23 de septiembre al 7 de octubre se abre el plazo para inscribirse a la segunda edici\u00f3n del curso para profesorado <em>Aprendizaje Servicio y Cultura de Paz.<\/em><\/p>\n<p>El curso se realizar\u00e1 los d\u00edas 14 y 15 de octubre y se puede encontrar toda la informaci\u00f3n en el siguiente <a href=\"https:\/\/fonspitius.org\/es\/sensibilizacion\/aps-paz-2\/\" target=\"_blank\" rel=\"noopener\">enlace<\/a>.<\/p>\n<p>Para inscribirse en el curso es necesario rellenar el siguiente <a href=\"https:\/\/forms.gle\/BYJ6Vw4gFBxo9efr7\" target=\"_blank\" rel=\"noopener\">formulario.<\/a><\/p>\n<p>&nbsp;<\/p>\n<p>&nbsp;<\/p>\n","protected":false},"excerpt":{"rendered":"<p>Del 23 de septiembre al 7 de octubre se abre el plazo para inscribirse a la segunda edici\u00f3n del curso para profesorado<\/p>\n","protected":false},"author":5,"featured_media":15695,"template":"","meta":{"_acf_changed":false,"_tribe_events_status":"","_tribe_events_status_reason":"","footnotes":""},"tags":[],"tribe_events_cat":[102],"class_list":["post-15707","tribe_events","type-tribe_events","status-publish","has-post-thumbnail","hentry","tribe_events_cat-agenda","cat_agenda"],"acf":[],"_links":{"self":[{"href":"https:\/\/fonspitius.org\/es\/wp-json\/wp\/v2\/tribe_events\/15707","targetHints":{"allow":["GET"]}}],"collection":[{"href":"https:\/\/fonspitius.org\/es\/wp-json\/wp\/v2\/tribe_events"}],"about":[{"href":"https:\/\/fonspitius.org\/es\/wp-json\/wp\/v2\/types\/tribe_events"}],"author":[{"embeddable":true,"href":"https:\/\/fonspitius.org\/es\/wp-json\/wp\/v2\/users\/5"}],"version-history":[{"count":0,"href":"https:\/\/fonspitius.org\/es\/wp-json\/wp\/v2\/tribe_events\/15707\/revisions"}],"wp:featuredmedia":[{"embeddable":true,"href":"https:\/\/fonspitius.org\/es\/wp-json\/wp\/v2\/media\/15695"}],"wp:attachment":[{"href":"https:\/\/fonspitius.org\/es\/wp-json\/wp\/v2\/media?parent=15707"}],"wp:term":[{"taxonomy":"post_tag","embeddable":true,"href":"https:\/\/fonspitius.org\/es\/wp-json\/wp\/v2\/tags?post=15707"},{"taxonomy":"tribe_events_cat","embeddable":true,"href":"https:\/\/fonspitius.org\/es\/wp-json\/wp\/v2\/tribe_events_cat?post=15707"}],"curies":[{"name":"wp","href":"https:\/\/api.w.org\/{rel}","templated":true}]}}

Plazo de inscripción al curso «Aprendizaje Servicio y Cultura de Paz»

<p>Del 23 de septiembre al 7 de octubre se abre el plazo para inscribirse a la segunda edición del curso para profesorado <em>Aprendizaje Servicio y Cultura de Paz.</em></p>
<p>El curso se realizará los días 14 y 15 de octubre y se puede encontrar toda la información en el siguiente <a href="https://fonspitius.org/es/sensibilizacion/aps-paz-2/" target="_blank" rel="noopener">enlace</a>.</p>
<p>Para inscribirse en el curso es necesario rellenar el siguiente <a href="https://forms.gle/BYJ6Vw4gFBxo9efr7" target="_blank" rel="noopener">formulario.</a></p>
<p>&nbsp;</p>
<p>&nbsp;</p>

<p>Del 23 de septiembre al 7 de octubre se abre el plazo para inscribirse a la segunda edición del curso para profesorado</p>
