{"id":14417,"date":"2024-01-08T12:03:37","date_gmt":"2024-01-08T12:03:37","guid":{"rendered":"https:\/\/fonspitius.org\/?post_type=tribe_events&#038;p=14417"},"modified":"2024-01-08T12:26:17","modified_gmt":"2024-01-08T12:26:17","slug":"formacion-para-profesorado","status":"publish","type":"tribe_events","link":"https:\/\/fonspitius.org\/es\/event\/formacion-para-profesorado\/","title":{"rendered":"Formaci\u00f3n para profesorado"},"content":{"rendered":"<p>Los d\u00edas 29 y 30 de enero se realizar\u00e1 una nueva formaci\u00f3n para profesorado: \u00abHerramientas para luchar contra el racismo dentro y fuera del aula\u00bb.<\/p>\n<p>Esta formaci\u00f3n ser\u00e1 impartida por \u00darsula Ruiz y Jennifer Molina, de SOS Racisme Catalunya.<\/p>\n<p>El per\u00edodo de inscripciones es del 8 al 21 de enero y debe realizarse a trav\u00e9s del siguiente formulario:<a href=\"https:\/\/docs.google.com\/forms\/d\/e\/1FAIpQLSeyVbpYS-apDw_Ud1EYdmgWMxKVySPqvRLGwLFgrxrmSoFU0g\/viewform\" target=\"_blank\" rel=\"noopener\"> enlace inscripci\u00f3n.<\/a><\/p>\n","protected":false},"excerpt":{"rendered":"<p>Los d\u00edas 29 y 30 de enero se realizar\u00e1 una nueva formaci\u00f3n para profesorado: \u00abHerramientas para luchar contra el racismo dentro y<\/p>\n","protected":false},"author":5,"featured_media":14412,"template":"","meta":{"_acf_changed":false,"_tribe_events_status":"","_tribe_events_status_reason":"","footnotes":""},"tags":[],"tribe_events_cat":[102],"class_list":["post-14417","tribe_events","type-tribe_events","status-publish","has-post-thumbnail","hentry","tribe_events_cat-agenda","cat_agenda"],"acf":[],"_links":{"self":[{"href":"https:\/\/fonspitius.org\/es\/wp-json\/wp\/v2\/tribe_events\/14417","targetHints":{"allow":["GET"]}}],"collection":[{"href":"https:\/\/fonspitius.org\/es\/wp-json\/wp\/v2\/tribe_events"}],"about":[{"href":"https:\/\/fonspitius.org\/es\/wp-json\/wp\/v2\/types\/tribe_events"}],"author":[{"embeddable":true,"href":"https:\/\/fonspitius.org\/es\/wp-json\/wp\/v2\/users\/5"}],"version-history":[{"count":0,"href":"https:\/\/fonspitius.org\/es\/wp-json\/wp\/v2\/tribe_events\/14417\/revisions"}],"wp:featuredmedia":[{"embeddable":true,"href":"https:\/\/fonspitius.org\/es\/wp-json\/wp\/v2\/media\/14412"}],"wp:attachment":[{"href":"https:\/\/fonspitius.org\/es\/wp-json\/wp\/v2\/media?parent=14417"}],"wp:term":[{"taxonomy":"post_tag","embeddable":true,"href":"https:\/\/fonspitius.org\/es\/wp-json\/wp\/v2\/tags?post=14417"},{"taxonomy":"tribe_events_cat","embeddable":true,"href":"https:\/\/fonspitius.org\/es\/wp-json\/wp\/v2\/tribe_events_cat?post=14417"}],"curies":[{"name":"wp","href":"https:\/\/api.w.org\/{rel}","templated":true}]}}

Formación para profesorado

<p>Los días 29 y 30 de enero se realizará una nueva formación para profesorado: «Herramientas para luchar contra el racismo dentro y fuera del aula».</p>
<p>Esta formación será impartida por Úrsula Ruiz y Jennifer Molina, de SOS Racisme Catalunya.</p>
<p>El período de inscripciones es del 8 al 21 de enero y debe realizarse a través del siguiente formulario:<a href="https://docs.google.com/forms/d/e/1FAIpQLSeyVbpYS-apDw_Ud1EYdmgWMxKVySPqvRLGwLFgrxrmSoFU0g/viewform" target="_blank" rel="noopener"> enlace inscripción.</a></p>

<p>Los días 29 y 30 de enero se realizará una nueva formación para profesorado: «Herramientas para luchar contra el racismo dentro y</p>
