{"id":14362,"date":"2023-12-14T19:40:58","date_gmt":"2023-12-14T19:40:58","guid":{"rendered":"https:\/\/fonspitius.org\/?post_type=tribe_events&#038;p=14362"},"modified":"2023-12-14T19:42:47","modified_gmt":"2023-12-14T19:42:47","slug":"dia-internacional-de-les-persones-migrants","status":"publish","type":"tribe_events","link":"https:\/\/fonspitius.org\/es\/event\/dia-internacional-de-les-persones-migrants\/","title":{"rendered":"Dia Internacional de les persones migrants"},"content":{"rendered":"<p>El proper dilluns, 18 de desembre,\u00a0 \u00e9s el <strong>Dia Internacional de les persones migrants<\/strong> i hem organitzat diferents activitats durant tota la jornada.<\/p>\n<p>Aquestes activitats s&#8217;enmarquen dins la campanya \u00abEnfront del racisme i la xenof\u00f2bia, ACTUAM!\u00bb, que hem iniciat juntament amb Metges del m\u00f3n, Creu Roja, Fundaci\u00f3 Deixalles i C\u00e1ritas.<\/p>\n<p>Entre les\u00a0 <strong>9h i les 14h<\/strong>. es realitzaran les seg\u00fcents activitats participatives al <strong>Parc de la Pau<\/strong> (Eivissa):<\/p>\n<ul>\n<li>La maleta que m\u00e9s pesa.<\/li>\n<li>La migraci\u00f3 per mar i l&#8217;Ajuda Humanit\u00e0ria.<\/li>\n<li>Exposici\u00f3 antirumors<\/li>\n<li>Micro obert contra els rumors.<\/li>\n<\/ul>\n<p>Per la tarda, a partir de les <strong>19.15h<\/strong> i al <strong>Casal d&#8217;Igualtat d&#8217;Eivissa<\/strong>, es dur\u00e0 a terme la<strong> xerrada<\/strong> \u00ab<em>El dol migratori des de dins. Perqu\u00e8 la hist\u00f2ria es conta amb els seus protagonistes<\/em>\u00ab. Tres dones migrants exposaran al seu relat i experi\u00e8ncia personal: Sofia Robles, Abril Salom\u00f3n i Tania Diaz.<\/p>\n<p>&nbsp;<\/p>\n","protected":false},"excerpt":{"rendered":"<p>El proper dilluns, 18 de desembre,\u00a0 \u00e9s el Dia Internacional de les persones migrants i hem organitzat diferents activitats durant tota la<\/p>\n","protected":false},"author":5,"featured_media":14363,"template":"","meta":{"_acf_changed":false,"_tribe_events_status":"","_tribe_events_status_reason":"","footnotes":""},"tags":[],"tribe_events_cat":[129],"class_list":["post-14362","tribe_events","type-tribe_events","status-publish","has-post-thumbnail","hentry","tribe_events_cat-agenda-2","cat_agenda-2"],"acf":[],"_links":{"self":[{"href":"https:\/\/fonspitius.org\/es\/wp-json\/wp\/v2\/tribe_events\/14362","targetHints":{"allow":["GET"]}}],"collection":[{"href":"https:\/\/fonspitius.org\/es\/wp-json\/wp\/v2\/tribe_events"}],"about":[{"href":"https:\/\/fonspitius.org\/es\/wp-json\/wp\/v2\/types\/tribe_events"}],"author":[{"embeddable":true,"href":"https:\/\/fonspitius.org\/es\/wp-json\/wp\/v2\/users\/5"}],"version-history":[{"count":0,"href":"https:\/\/fonspitius.org\/es\/wp-json\/wp\/v2\/tribe_events\/14362\/revisions"}],"wp:featuredmedia":[{"embeddable":true,"href":"https:\/\/fonspitius.org\/es\/wp-json\/wp\/v2\/media\/14363"}],"wp:attachment":[{"href":"https:\/\/fonspitius.org\/es\/wp-json\/wp\/v2\/media?parent=14362"}],"wp:term":[{"taxonomy":"post_tag","embeddable":true,"href":"https:\/\/fonspitius.org\/es\/wp-json\/wp\/v2\/tags?post=14362"},{"taxonomy":"tribe_events_cat","embeddable":true,"href":"https:\/\/fonspitius.org\/es\/wp-json\/wp\/v2\/tribe_events_cat?post=14362"}],"curies":[{"name":"wp","href":"https:\/\/api.w.org\/{rel}","templated":true}]}}

<p>El proper dilluns, 18 de desembre,  és el <strong>Dia Internacional de les persones migrants</strong> i hem organitzat diferents activitats durant tota la jornada.</p>
<p>Aquestes activitats s&#8217;enmarquen dins la campanya «Enfront del racisme i la xenofòbia, ACTUAM!», que hem iniciat juntament amb Metges del món, Creu Roja, Fundació Deixalles i Cáritas.</p>
<p>Entre les  <strong>9h i les 14h</strong>. es realitzaran les següents activitats participatives al <strong>Parc de la Pau</strong> (Eivissa):</p>
<ul>
<li>La maleta que més pesa.</li>
<li>La migració per mar i l&#8217;Ajuda Humanitària.</li>
<li>Exposició antirumors</li>
<li>Micro obert contra els rumors.</li>
</ul>
<p>Per la tarda, a partir de les <strong>19.15h</strong> i al <strong>Casal d&#8217;Igualtat d&#8217;Eivissa</strong>, es durà a terme la<strong> xerrada</strong> «<em>El dol migratori des de dins. Perquè la història es conta amb els seus protagonistes</em>«. Tres dones migrants exposaran al seu relat i experiència personal: Sofia Robles, Abril Salomón i Tania Diaz.</p>
<p>&nbsp;</p>

<p>El proper dilluns, 18 de desembre,  és el Dia Internacional de les persones migrants i hem organitzat diferents activitats durant tota la</p>
