{"id":14228,"date":"2023-10-09T07:50:25","date_gmt":"2023-10-09T07:50:25","guid":{"rendered":"https:\/\/fonspitius.org\/?post_type=tribe_events&#038;p=14228"},"modified":"2023-10-09T07:50:57","modified_gmt":"2023-10-09T07:50:57","slug":"14228","status":"publish","type":"tribe_events","link":"https:\/\/fonspitius.org\/es\/event\/14228\/","title":{"rendered":"El Festival d&#8217;Altres Cinemes llega a la isla de Ibiza"},"content":{"rendered":"<h3 style=\"text-align: justify;\">El <em>Festival d&#8217;Altres Cinemes<\/em> llega a la isla de Ibiza<\/h3>\n<p style=\"text-align: justify;\">La tercera edici\u00f3n del <strong>Festival d&#8217;Altres Cinemes (FAC)<\/strong>, organizada por la Direcci\u00f3n General de Cooperaci\u00f3n, conecta con las experiencias de las defensoras de derechos que luchan por proteger los territorios y la sostenibilidad de las vidas. Pone el acento en el sur y en el centro del continente americano, pero se podr\u00e1 ver c\u00f3mo las resistencias se conectan globalmente y c\u00f3mo nos llaman tambi\u00e9n a nuestra casa. Se ha programado una doble proyecci\u00f3n:<\/p>\n<p style=\"text-align: justify;\"><strong>14 de octubre a las 18 horas &#8211; Teatro Espa\u00f1a (Santa Eul\u00e0ria)<\/strong><\/p>\n<ul>\n<li style=\"text-align: justify;\">Proyecci\u00f3n del corto\u00a0<em><strong>Cuerdas, <\/strong><\/em>a las 18 horas.<\/li>\n<li style=\"text-align: justify;\">Proyecci\u00f3n del documental <strong><em>La ilusi\u00f3n de la abundancia<\/em><\/strong><\/li>\n<\/ul>\n<p style=\"text-align: justify;\"><strong><em>La ilusi\u00f3n de la abundancia<\/em><\/strong> (2022), codirigido por \u00c9rika Gonz\u00e1lez Ram\u00edrez y Matthieu Lietaert, es un documental coral que nos acerca voces y experiencias diversas con un elemento en com\u00fan, son las voces de las personas que pagan el alto precio de un modelo insostenible de &#8216;desarrollo&#8217; y &#8216;progreso&#8217;. Pero tambi\u00e9n es un quebradizo global de resistencias ambientales y de determinaci\u00f3n para proteger la tierra y las vidas. Nos abre una ventana en la que encontramos a M\u00e1xima, una campesina ind\u00edgena peruana que viv\u00eda tranquila en una casita junto a Yanacocha, la segunda mina de oro m\u00e1s grande del mundo; a Carolina, una periodista\/activista que toma conciencia de lo que ocurre en su comunidad, de la codicia de las corporaciones y de la responsabilidad del estado; y de la hija de la hondure\u00f1a Bertha C\u00e1ceres, quien se vio obligada a convertirse en la defensora nacional de la tierra que ya nadie puede detener.<\/p>\n<p style=\"text-align: justify;\"><em><strong>Cuerdas<\/strong><\/em>\u00a0(2022), escrito y dirigido por Estibaliz Urresola Solaguren, es un cortometraje que descubre los conflictos de un grupo de mujeres enfrentadas a la contradicci\u00f3n de preservar uno de los pilares de su vida social o aceptar la ayuda de la empresa que pone en riesgo a su comunidad.<em> Cuerdas<\/em> recibi\u00f3 el premio Forqu\u00e9 en 2022 y ese mismo a\u00f1o estuvo nominado como mejor cortometraje de ficci\u00f3n en los premios Goya.<\/p>\n<p style=\"text-align: justify;\">Se pueden consultar todos los detalles de la programaci\u00f3n y reservar las entradas gratuitas en la web del festival: <a href=\"https:\/\/festivalaltrescinemes.com\/programa-eivissa-2023\/\">Programa Eivissa \u00b7 III Festival d&#8217;Altres Cinemes (festivalaltrescinemes.com)<\/a><\/p>\n","protected":false},"excerpt":{"rendered":"<p>El Festival d&#8217;Altres Cinemes llega a la isla de Ibiza La tercera edici\u00f3n del Festival d&#8217;Altres Cinemes (FAC), organizada por la Direcci\u00f3n<\/p>\n","protected":false},"author":5,"featured_media":14223,"template":"","meta":{"_acf_changed":false,"_tribe_events_status":"","_tribe_events_status_reason":"","footnotes":""},"tags":[],"tribe_events_cat":[102],"class_list":["post-14228","tribe_events","type-tribe_events","status-publish","has-post-thumbnail","hentry","tribe_events_cat-agenda","cat_agenda"],"acf":[],"_links":{"self":[{"href":"https:\/\/fonspitius.org\/es\/wp-json\/wp\/v2\/tribe_events\/14228","targetHints":{"allow":["GET"]}}],"collection":[{"href":"https:\/\/fonspitius.org\/es\/wp-json\/wp\/v2\/tribe_events"}],"about":[{"href":"https:\/\/fonspitius.org\/es\/wp-json\/wp\/v2\/types\/tribe_events"}],"author":[{"embeddable":true,"href":"https:\/\/fonspitius.org\/es\/wp-json\/wp\/v2\/users\/5"}],"version-history":[{"count":0,"href":"https:\/\/fonspitius.org\/es\/wp-json\/wp\/v2\/tribe_events\/14228\/revisions"}],"wp:featuredmedia":[{"embeddable":true,"href":"https:\/\/fonspitius.org\/es\/wp-json\/wp\/v2\/media\/14223"}],"wp:attachment":[{"href":"https:\/\/fonspitius.org\/es\/wp-json\/wp\/v2\/media?parent=14228"}],"wp:term":[{"taxonomy":"post_tag","embeddable":true,"href":"https:\/\/fonspitius.org\/es\/wp-json\/wp\/v2\/tags?post=14228"},{"taxonomy":"tribe_events_cat","embeddable":true,"href":"https:\/\/fonspitius.org\/es\/wp-json\/wp\/v2\/tribe_events_cat?post=14228"}],"curies":[{"name":"wp","href":"https:\/\/api.w.org\/{rel}","templated":true}]}}

<h3 style="text-align: justify;">El <em>Festival d&#8217;Altres Cinemes</em> llega a la isla de Ibiza</h3>
<p style="text-align: justify;">La tercera edición del <strong>Festival d&#8217;Altres Cinemes (FAC)</strong>, organizada por la Dirección General de Cooperación, conecta con las experiencias de las defensoras de derechos que luchan por proteger los territorios y la sostenibilidad de las vidas. Pone el acento en el sur y en el centro del continente americano, pero se podrá ver cómo las resistencias se conectan globalmente y cómo nos llaman también a nuestra casa. Se ha programado una doble proyección:</p>
<p style="text-align: justify;"><strong>14 de octubre a las 18 horas &#8211; Teatro España (Santa Eulària)</strong></p>
<ul>
<li style="text-align: justify;">Proyección del corto <em><strong>Cuerdas, </strong></em>a las 18 horas.</li>
<li style="text-align: justify;">Proyección del documental <strong><em>La ilusión de la abundancia</em></strong></li>
</ul>
<p style="text-align: justify;"><strong><em>La ilusión de la abundancia</em></strong> (2022), codirigido por Érika González Ramírez y Matthieu Lietaert, es un documental coral que nos acerca voces y experiencias diversas con un elemento en común, son las voces de las personas que pagan el alto precio de un modelo insostenible de &#8216;desarrollo&#8217; y &#8216;progreso&#8217;. Pero también es un quebradizo global de resistencias ambientales y de determinación para proteger la tierra y las vidas. Nos abre una ventana en la que encontramos a Máxima, una campesina indígena peruana que vivía tranquila en una casita junto a Yanacocha, la segunda mina de oro más grande del mundo; a Carolina, una periodista/activista que toma conciencia de lo que ocurre en su comunidad, de la codicia de las corporaciones y de la responsabilidad del estado; y de la hija de la hondureña Bertha Cáceres, quien se vio obligada a convertirse en la defensora nacional de la tierra que ya nadie puede detener.</p>
<p style="text-align: justify;"><em><strong>Cuerdas</strong></em> (2022), escrito y dirigido por Estibaliz Urresola Solaguren, es un cortometraje que descubre los conflictos de un grupo de mujeres enfrentadas a la contradicción de preservar uno de los pilares de su vida social o aceptar la ayuda de la empresa que pone en riesgo a su comunidad.<em> Cuerdas</em> recibió el premio Forqué en 2022 y ese mismo año estuvo nominado como mejor cortometraje de ficción en los premios Goya.</p>
<p style="text-align: justify;">Se pueden consultar todos los detalles de la programación y reservar las entradas gratuitas en la web del festival: <a href="https://festivalaltrescinemes.com/programa-eivissa-2023/">Programa Eivissa · III Festival d&#8217;Altres Cinemes (festivalaltrescinemes.com)</a></p>

<p>El Festival d&#8217;Altres Cinemes llega a la isla de Ibiza La tercera edición del Festival d&#8217;Altres Cinemes (FAC), organizada por la Dirección</p>
