{"id":14068,"date":"2023-09-12T14:58:19","date_gmt":"2023-09-12T14:58:19","guid":{"rendered":"https:\/\/fonspitius.org\/?post_type=tribe_events&#038;p=14068"},"modified":"2023-10-02T07:51:00","modified_gmt":"2023-10-02T07:51:00","slug":"plazo-de-inscripciones-al-curso-de-formacion-para-profesorado","status":"publish","type":"tribe_events","link":"https:\/\/fonspitius.org\/es\/event\/plazo-de-inscripciones-al-curso-de-formacion-para-profesorado\/","title":{"rendered":"Plazo de inscripciones al curso de formaci\u00f3n para profesorado"},"content":{"rendered":"<p>Queda abierto, del 2 al 15 de octubre, el plazo de inscripciones a la primera formaci\u00f3n para profesorado de este curso escolar: <strong>Aprendizaje Servicio y Cultura de Paz. Transformaci\u00f3n social desde centros educativos.<\/strong><\/p>\n<p>Puedes encontrar toda la informaci\u00f3n del curso haciendo clic <a href=\"https:\/\/fonspitius.org\/es\/educacion\/formacion-para-el-profesorado\/\" target=\"_blank\" rel=\"noopener\">aqu\u00ed.<\/a><\/p>\n<p>La inscripci\u00f3n debe realizarse a trav\u00e9s de un formulario que encontrar\u00e9is en el enlace anterior.<\/p>\n<p>El curso se realizar\u00e1 los d\u00edas 23 y 24 de octubre, en horario de tarde, y ser\u00e1 impartido por Catalina Nebot.<\/p>\n","protected":false},"excerpt":{"rendered":"<p>Queda abierto, del 2 al 15 de octubre, el plazo de inscripciones a la primera formaci\u00f3n para profesorado de este curso escolar:<\/p>\n","protected":false},"author":5,"featured_media":14133,"template":"","meta":{"_acf_changed":false,"_tribe_events_status":"","_tribe_events_status_reason":"","footnotes":""},"tags":[],"tribe_events_cat":[102],"class_list":["post-14068","tribe_events","type-tribe_events","status-publish","has-post-thumbnail","hentry","tribe_events_cat-agenda","cat_agenda"],"acf":[],"_links":{"self":[{"href":"https:\/\/fonspitius.org\/es\/wp-json\/wp\/v2\/tribe_events\/14068","targetHints":{"allow":["GET"]}}],"collection":[{"href":"https:\/\/fonspitius.org\/es\/wp-json\/wp\/v2\/tribe_events"}],"about":[{"href":"https:\/\/fonspitius.org\/es\/wp-json\/wp\/v2\/types\/tribe_events"}],"author":[{"embeddable":true,"href":"https:\/\/fonspitius.org\/es\/wp-json\/wp\/v2\/users\/5"}],"version-history":[{"count":0,"href":"https:\/\/fonspitius.org\/es\/wp-json\/wp\/v2\/tribe_events\/14068\/revisions"}],"wp:featuredmedia":[{"embeddable":true,"href":"https:\/\/fonspitius.org\/es\/wp-json\/wp\/v2\/media\/14133"}],"wp:attachment":[{"href":"https:\/\/fonspitius.org\/es\/wp-json\/wp\/v2\/media?parent=14068"}],"wp:term":[{"taxonomy":"post_tag","embeddable":true,"href":"https:\/\/fonspitius.org\/es\/wp-json\/wp\/v2\/tags?post=14068"},{"taxonomy":"tribe_events_cat","embeddable":true,"href":"https:\/\/fonspitius.org\/es\/wp-json\/wp\/v2\/tribe_events_cat?post=14068"}],"curies":[{"name":"wp","href":"https:\/\/api.w.org\/{rel}","templated":true}]}}

Plazo de inscripciones al curso de formación para profesorado

<p>Queda abierto, del 2 al 15 de octubre, el plazo de inscripciones a la primera formación para profesorado de este curso escolar: <strong>Aprendizaje Servicio y Cultura de Paz. Transformación social desde centros educativos.</strong></p>
<p>Puedes encontrar toda la información del curso haciendo clic <a href="https://fonspitius.org/es/educacion/formacion-para-el-profesorado/" target="_blank" rel="noopener">aquí.</a></p>
<p>La inscripción debe realizarse a través de un formulario que encontraréis en el enlace anterior.</p>
<p>El curso se realizará los días 23 y 24 de octubre, en horario de tarde, y será impartido por Catalina Nebot.</p>

<p>Queda abierto, del 2 al 15 de octubre, el plazo de inscripciones a la primera formación para profesorado de este curso escolar:</p>
