{"id":12614,"date":"2022-10-20T08:53:03","date_gmt":"2022-10-20T08:53:03","guid":{"rendered":"https:\/\/fonspitius.org\/?post_type=tribe_events&#038;p=12614"},"modified":"2022-10-20T08:53:03","modified_gmt":"2022-10-20T08:53:03","slug":"curso-de-formacion-para-profesorado-2","status":"publish","type":"tribe_events","link":"https:\/\/fonspitius.org\/es\/event\/curso-de-formacion-para-profesorado-2\/","title":{"rendered":"Curso de formaci\u00f3n para profesorado"},"content":{"rendered":"<p>Los d\u00edas 24, 25 y 26 de octubre realizamos el curso de formaci\u00f3n para profesorado <strong>Educaci\u00f3n para una cultura de paz: conflicto, no violencia y cambio social.<\/strong><\/p>\n<p>Tenemos la suerte de contar con <strong>Jordi Armadans Gil<\/strong> como formador durante las 10h del curso.<\/p>\n<p>Las tres sesiones se realizar\u00e1n en el Palacio de Congreso de Eivissa (Santa Eularia des Riu), en horario de tarde.<\/p>\n<p>Toda la informaci\u00f3n del curso, <a href=\"https:\/\/fonspitius.org\/es\/sensibilizacion\/paz\/\" target=\"_blank\" rel=\"noopener\">aqu\u00ed<\/a>.<\/p>\n","protected":false},"excerpt":{"rendered":"<p>Los d\u00edas 24, 25 y 26 de octubre realizamos el curso de formaci\u00f3n para profesorado Educaci\u00f3n para una cultura de paz: conflicto,<\/p>\n","protected":false},"author":5,"featured_media":12507,"template":"","meta":{"_acf_changed":false,"_tribe_events_status":"","_tribe_events_status_reason":"","footnotes":""},"tags":[],"tribe_events_cat":[102],"class_list":["post-12614","tribe_events","type-tribe_events","status-publish","has-post-thumbnail","hentry","tribe_events_cat-agenda","cat_agenda"],"acf":[],"_links":{"self":[{"href":"https:\/\/fonspitius.org\/es\/wp-json\/wp\/v2\/tribe_events\/12614","targetHints":{"allow":["GET"]}}],"collection":[{"href":"https:\/\/fonspitius.org\/es\/wp-json\/wp\/v2\/tribe_events"}],"about":[{"href":"https:\/\/fonspitius.org\/es\/wp-json\/wp\/v2\/types\/tribe_events"}],"author":[{"embeddable":true,"href":"https:\/\/fonspitius.org\/es\/wp-json\/wp\/v2\/users\/5"}],"version-history":[{"count":0,"href":"https:\/\/fonspitius.org\/es\/wp-json\/wp\/v2\/tribe_events\/12614\/revisions"}],"wp:featuredmedia":[{"embeddable":true,"href":"https:\/\/fonspitius.org\/es\/wp-json\/wp\/v2\/media\/12507"}],"wp:attachment":[{"href":"https:\/\/fonspitius.org\/es\/wp-json\/wp\/v2\/media?parent=12614"}],"wp:term":[{"taxonomy":"post_tag","embeddable":true,"href":"https:\/\/fonspitius.org\/es\/wp-json\/wp\/v2\/tags?post=12614"},{"taxonomy":"tribe_events_cat","embeddable":true,"href":"https:\/\/fonspitius.org\/es\/wp-json\/wp\/v2\/tribe_events_cat?post=12614"}],"curies":[{"name":"wp","href":"https:\/\/api.w.org\/{rel}","templated":true}]}}

Curso de formación para profesorado

<p>Los días 24, 25 y 26 de octubre realizamos el curso de formación para profesorado <strong>Educación para una cultura de paz: conflicto, no violencia y cambio social.</strong></p>
<p>Tenemos la suerte de contar con <strong>Jordi Armadans Gil</strong> como formador durante las 10h del curso.</p>
<p>Las tres sesiones se realizarán en el Palacio de Congreso de Eivissa (Santa Eularia des Riu), en horario de tarde.</p>
<p>Toda la información del curso, <a href="https://fonspitius.org/es/sensibilizacion/paz/" target="_blank" rel="noopener">aquí</a>.</p>

<p>Los días 24, 25 y 26 de octubre realizamos el curso de formación para profesorado Educación para una cultura de paz: conflicto,</p>
