{"id":12348,"date":"2022-09-22T11:52:03","date_gmt":"2022-09-22T11:52:03","guid":{"rendered":"https:\/\/fonspitius.org\/?post_type=tribe_events&#038;p=12348"},"modified":"2022-09-22T11:52:03","modified_gmt":"2022-09-22T11:52:03","slug":"plazo-de-inscripcion-al-curso-de-formacion-de-profesorado","status":"publish","type":"tribe_events","link":"https:\/\/fonspitius.org\/es\/event\/plazo-de-inscripcion-al-curso-de-formacion-de-profesorado\/","title":{"rendered":"Plazo de inscripci\u00f3n al curso de formaci\u00f3n de profesorado"},"content":{"rendered":"<p>El dia 3 de octubre empieza el plazo de inscripci\u00f3n al curso de formaci\u00f3n de profesorado de este a\u00f1o:\u00a0 <strong>Educaci\u00f3n para una cultura de paz: conflicto, noviolencia y cambio social.\u00a0<\/strong><\/p>\n<p>La persona encargada de realizar la formaci\u00f3n ser\u00e1 <strong>Jordi Armadans Gil<\/strong>.<\/p>\n<p>El plazo termina el dia 16 de octubre y la formaci\u00f3 se realizar\u00e1 los d\u00edas 24, 25 y 26 del mismo mes.<\/p>\n<p>Para ver toda la informaci\u00f3n del curso y el formulario de inscripci\u00f3n, haz clic <a href=\"https:\/\/fonspitius.org\/es\/sensibilizacion\/educacion-para-una-cultura-de-paz-conflicto-noviolencia-y-cambio-social\/\" target=\"_blank\" rel=\"noopener\">aqu\u00ed<\/a>.<\/p>\n","protected":false},"excerpt":{"rendered":"<p>El dia 3 de octubre empieza el plazo de inscripci\u00f3n al curso de formaci\u00f3n de profesorado de este a\u00f1o:\u00a0 Educaci\u00f3n para una<\/p>\n","protected":false},"author":5,"featured_media":0,"template":"","meta":{"_acf_changed":false,"_tribe_events_status":"","_tribe_events_status_reason":"","footnotes":""},"tags":[],"tribe_events_cat":[102],"class_list":["post-12348","tribe_events","type-tribe_events","status-publish","hentry","tribe_events_cat-agenda","cat_agenda"],"acf":[],"_links":{"self":[{"href":"https:\/\/fonspitius.org\/es\/wp-json\/wp\/v2\/tribe_events\/12348","targetHints":{"allow":["GET"]}}],"collection":[{"href":"https:\/\/fonspitius.org\/es\/wp-json\/wp\/v2\/tribe_events"}],"about":[{"href":"https:\/\/fonspitius.org\/es\/wp-json\/wp\/v2\/types\/tribe_events"}],"author":[{"embeddable":true,"href":"https:\/\/fonspitius.org\/es\/wp-json\/wp\/v2\/users\/5"}],"version-history":[{"count":0,"href":"https:\/\/fonspitius.org\/es\/wp-json\/wp\/v2\/tribe_events\/12348\/revisions"}],"wp:attachment":[{"href":"https:\/\/fonspitius.org\/es\/wp-json\/wp\/v2\/media?parent=12348"}],"wp:term":[{"taxonomy":"post_tag","embeddable":true,"href":"https:\/\/fonspitius.org\/es\/wp-json\/wp\/v2\/tags?post=12348"},{"taxonomy":"tribe_events_cat","embeddable":true,"href":"https:\/\/fonspitius.org\/es\/wp-json\/wp\/v2\/tribe_events_cat?post=12348"}],"curies":[{"name":"wp","href":"https:\/\/api.w.org\/{rel}","templated":true}]}}

Plazo de inscripción al curso de formación de profesorado

<p>El dia 3 de octubre empieza el plazo de inscripción al curso de formación de profesorado de este año:  <strong>Educación para una cultura de paz: conflicto, noviolencia y cambio social. </strong></p>
<p>La persona encargada de realizar la formación será <strong>Jordi Armadans Gil</strong>.</p>
<p>El plazo termina el dia 16 de octubre y la formació se realizará los días 24, 25 y 26 del mismo mes.</p>
<p>Para ver toda la información del curso y el formulario de inscripción, haz clic <a href="https://fonspitius.org/es/sensibilizacion/educacion-para-una-cultura-de-paz-conflicto-noviolencia-y-cambio-social/" target="_blank" rel="noopener">aquí</a>.</p>

<p>El dia 3 de octubre empieza el plazo de inscripción al curso de formación de profesorado de este año:  Educación para una</p>
