{"id":10560,"date":"2022-02-08T11:15:14","date_gmt":"2022-02-08T11:15:14","guid":{"rendered":"https:\/\/fonspitius.org\/?post_type=tribe_events&#038;p=10560"},"modified":"2022-03-04T12:51:07","modified_gmt":"2022-03-04T12:51:07","slug":"10560","status":"publish","type":"tribe_events","link":"https:\/\/fonspitius.org\/es\/event\/10560\/","title":{"rendered":"Plazo de inscripci\u00f3n al nuevo curso de formaci\u00f3n para profesorado"},"content":{"rendered":"<p>El 23 de febrero empieza el plazo de inscripci\u00f3n al curso de formaci\u00f3n para profesorado \u00bf<em>Qu\u00e9 nos dice la ciencia de la situaci\u00f3n ambiental actual?, <\/em>finalizando el 8 de marzo.<\/p>\n<p>Este curso se realizar\u00e1 de forma presencial, en 4 sesiones durante el mes de marzo (una sesi\u00f3n semanal) y ser\u00e1 impartido por personal del <em>Laboratori Interdisciplinar sobre Canvi Clim\u00e0tic<\/em> de la UIB (LINCC UIB).<\/p>\n<p>Para tener toda la informaci\u00f3n del curso, clica <a href=\"https:\/\/fonspitius.org\/es\/sensibilizacion\/que-nos-dice-la-ciencia-de-la-situacion-ambiental-actual\/\" target=\"_blank\" rel=\"noopener\">aqu\u00ed<\/a>.<\/p>\n<p>Para realizar la inscripci\u00f3n al curso, clica <a href=\"https:\/\/docs.google.com\/forms\/d\/e\/1FAIpQLScQ_bq7FWWdAOi7IgLyjyNqxu3Dbu6KXcQyOP9LBMkzVf82Fg\/viewform?vc=0&amp;c=0&amp;w=1&amp;flr=0\" target=\"_blank\" rel=\"noopener\">aqu\u00ed<\/a>.<\/p>\n","protected":false},"excerpt":{"rendered":"<p>El 23 de febrero empieza el plazo de inscripci\u00f3n al curso de formaci\u00f3n para profesorado \u00bfQu\u00e9 nos dice la ciencia de la<\/p>\n","protected":false},"author":5,"featured_media":10741,"template":"","meta":{"_acf_changed":false,"_tribe_events_status":"","_tribe_events_status_reason":"","footnotes":""},"tags":[],"tribe_events_cat":[102],"class_list":["post-10560","tribe_events","type-tribe_events","status-publish","has-post-thumbnail","hentry","tribe_events_cat-agenda","cat_agenda"],"acf":[],"_links":{"self":[{"href":"https:\/\/fonspitius.org\/es\/wp-json\/wp\/v2\/tribe_events\/10560","targetHints":{"allow":["GET"]}}],"collection":[{"href":"https:\/\/fonspitius.org\/es\/wp-json\/wp\/v2\/tribe_events"}],"about":[{"href":"https:\/\/fonspitius.org\/es\/wp-json\/wp\/v2\/types\/tribe_events"}],"author":[{"embeddable":true,"href":"https:\/\/fonspitius.org\/es\/wp-json\/wp\/v2\/users\/5"}],"version-history":[{"count":0,"href":"https:\/\/fonspitius.org\/es\/wp-json\/wp\/v2\/tribe_events\/10560\/revisions"}],"wp:featuredmedia":[{"embeddable":true,"href":"https:\/\/fonspitius.org\/es\/wp-json\/wp\/v2\/media\/10741"}],"wp:attachment":[{"href":"https:\/\/fonspitius.org\/es\/wp-json\/wp\/v2\/media?parent=10560"}],"wp:term":[{"taxonomy":"post_tag","embeddable":true,"href":"https:\/\/fonspitius.org\/es\/wp-json\/wp\/v2\/tags?post=10560"},{"taxonomy":"tribe_events_cat","embeddable":true,"href":"https:\/\/fonspitius.org\/es\/wp-json\/wp\/v2\/tribe_events_cat?post=10560"}],"curies":[{"name":"wp","href":"https:\/\/api.w.org\/{rel}","templated":true}]}}

Plazo de inscripción al nuevo curso de formación para profesorado

<p>El 23 de febrero empieza el plazo de inscripción al curso de formación para profesorado ¿<em>Qué nos dice la ciencia de la situación ambiental actual?, </em>finalizando el 8 de marzo.</p>
<p>Este curso se realizará de forma presencial, en 4 sesiones durante el mes de marzo (una sesión semanal) y será impartido por personal del <em>Laboratori Interdisciplinar sobre Canvi Climàtic</em> de la UIB (LINCC UIB).</p>
<p>Para tener toda la información del curso, clica <a href="https://fonspitius.org/es/sensibilizacion/que-nos-dice-la-ciencia-de-la-situacion-ambiental-actual/" target="_blank" rel="noopener">aquí</a>.</p>
<p>Para realizar la inscripción al curso, clica <a href="https://docs.google.com/forms/d/e/1FAIpQLScQ_bq7FWWdAOi7IgLyjyNqxu3Dbu6KXcQyOP9LBMkzVf82Fg/viewform?vc=0&amp;c=0&amp;w=1&amp;flr=0" target="_blank" rel="noopener">aquí</a>.</p>

<p>El 23 de febrero empieza el plazo de inscripción al curso de formación para profesorado ¿Qué nos dice la ciencia de la</p>
