{"id":10425,"date":"2021-10-07T11:57:29","date_gmt":"2021-10-07T11:57:29","guid":{"rendered":"https:\/\/fonspitius.org\/?post_type=tribe_events&#038;p=10425"},"modified":"2021-10-07T11:57:29","modified_gmt":"2021-10-07T11:57:29","slug":"curso-de-formacion-educacion-y-transformacion-ecosocial","status":"publish","type":"tribe_events","link":"https:\/\/fonspitius.org\/es\/event\/curso-de-formacion-educacion-y-transformacion-ecosocial\/","title":{"rendered":"Curso de formaci\u00f3n: Educaci\u00f3n y transformaci\u00f3n ecosocial"},"content":{"rendered":"<p>Los d\u00edas 2 y 3 de noviembre de 2021 se realizar\u00e1 el curso de formaci\u00f3n \u00abEducaci\u00f3n y transformaci\u00f3n ecosocial\u00bb, destinado al profesorado de Eivissa y Formentera.<\/p>\n<p>El plazo de inscripci\u00f3n es del 18 al 27 de octubre. Para tener toda la informaci\u00f3n y descargar la ficha de inscripci\u00f3n, haz clic <a href=\"https:\/\/fonspitius.org\/es\/sensibilizacion\/educacion-y-transformacion-ecosocial\/\" target=\"_blank\" rel=\"noopener\">aqu\u00ed<\/a>.<\/p>\n","protected":false},"excerpt":{"rendered":"<p>Los d\u00edas 2 y 3 de noviembre de 2021 se realizar\u00e1 el curso de formaci\u00f3n \u00abEducaci\u00f3n y transformaci\u00f3n ecosocial\u00bb, destinado al profesorado<\/p>\n","protected":false},"author":5,"featured_media":10421,"template":"","meta":{"_acf_changed":false,"_tribe_events_status":"","_tribe_events_status_reason":"","footnotes":""},"tags":[],"tribe_events_cat":[102],"class_list":["post-10425","tribe_events","type-tribe_events","status-publish","has-post-thumbnail","hentry","tribe_events_cat-agenda","cat_agenda"],"acf":[],"_links":{"self":[{"href":"https:\/\/fonspitius.org\/es\/wp-json\/wp\/v2\/tribe_events\/10425","targetHints":{"allow":["GET"]}}],"collection":[{"href":"https:\/\/fonspitius.org\/es\/wp-json\/wp\/v2\/tribe_events"}],"about":[{"href":"https:\/\/fonspitius.org\/es\/wp-json\/wp\/v2\/types\/tribe_events"}],"author":[{"embeddable":true,"href":"https:\/\/fonspitius.org\/es\/wp-json\/wp\/v2\/users\/5"}],"version-history":[{"count":0,"href":"https:\/\/fonspitius.org\/es\/wp-json\/wp\/v2\/tribe_events\/10425\/revisions"}],"wp:featuredmedia":[{"embeddable":true,"href":"https:\/\/fonspitius.org\/es\/wp-json\/wp\/v2\/media\/10421"}],"wp:attachment":[{"href":"https:\/\/fonspitius.org\/es\/wp-json\/wp\/v2\/media?parent=10425"}],"wp:term":[{"taxonomy":"post_tag","embeddable":true,"href":"https:\/\/fonspitius.org\/es\/wp-json\/wp\/v2\/tags?post=10425"},{"taxonomy":"tribe_events_cat","embeddable":true,"href":"https:\/\/fonspitius.org\/es\/wp-json\/wp\/v2\/tribe_events_cat?post=10425"}],"curies":[{"name":"wp","href":"https:\/\/api.w.org\/{rel}","templated":true}]}}

Curso de formación: Educación y transformación ecosocial

<p>Los días 2 y 3 de noviembre de 2021 se realizará el curso de formación «Educación y transformación ecosocial», destinado al profesorado de Eivissa y Formentera.</p>
<p>El plazo de inscripción es del 18 al 27 de octubre. Para tener toda la información y descargar la ficha de inscripción, haz clic <a href="https://fonspitius.org/es/sensibilizacion/educacion-y-transformacion-ecosocial/" target="_blank" rel="noopener">aquí</a>.</p>

<p>Los días 2 y 3 de noviembre de 2021 se realizará el curso de formación «Educación y transformación ecosocial», destinado al profesorado</p>
