{"id":10315,"date":"2021-09-15T11:28:00","date_gmt":"2021-09-15T11:28:00","guid":{"rendered":"https:\/\/fonspitius.org\/?post_type=tribe_events&#038;p=10315"},"modified":"2021-10-19T06:59:28","modified_gmt":"2021-10-19T06:59:28","slug":"cooperacion-internacional-y-diversidad-sexual-y-de-genero","status":"publish","type":"tribe_events","link":"https:\/\/fonspitius.org\/es\/event\/cooperacion-internacional-y-diversidad-sexual-y-de-genero\/","title":{"rendered":"Cooperaci\u00f3n internacional y diversidad sexual y de g\u00e9nero"},"content":{"rendered":"<p>Dese el Fons Piti\u00fas organizamos, los d\u00edas 18 y 20 de octubre, la formaci\u00f3n \u00abCooperaci\u00f3n internacional y diversidad sexual y de g\u00e9nero\u00bb. Las sesiones se realizar\u00e1n a trav\u00e9s de la plataforma Zoom, de 11 a 13h.<\/p>\n<p>Para formalizar la inscripci\u00f3n es necesario enviar un correo electr\u00f3nico a educacio@fonspitius.org.<\/p>\n<p>La Fundaci\u00f3n Tri\u00e1ngulo ser\u00e1 la encargada de impartir las dos sesiones.<\/p>\n<p>Esta formaci\u00f3n se incluye dentro del programa formativo \u00abPer una cooperaci\u00f3 feminista\u00bb, que une el sector de la cooperaci\u00f3n de las Illes Balears.<\/p>\n<p>&nbsp;<\/p>\n","protected":false},"excerpt":{"rendered":"<p>Dese el Fons Piti\u00fas organizamos, los d\u00edas 18 y 20 de octubre, la formaci\u00f3n \u00abCooperaci\u00f3n internacional y diversidad sexual y de g\u00e9nero\u00bb.<\/p>\n","protected":false},"author":5,"featured_media":10311,"template":"","meta":{"_acf_changed":false,"_tribe_events_status":"","_tribe_events_status_reason":"","footnotes":""},"tags":[],"tribe_events_cat":[102],"class_list":["post-10315","tribe_events","type-tribe_events","status-publish","has-post-thumbnail","hentry","tribe_events_cat-agenda","cat_agenda"],"acf":[],"_links":{"self":[{"href":"https:\/\/fonspitius.org\/es\/wp-json\/wp\/v2\/tribe_events\/10315","targetHints":{"allow":["GET"]}}],"collection":[{"href":"https:\/\/fonspitius.org\/es\/wp-json\/wp\/v2\/tribe_events"}],"about":[{"href":"https:\/\/fonspitius.org\/es\/wp-json\/wp\/v2\/types\/tribe_events"}],"author":[{"embeddable":true,"href":"https:\/\/fonspitius.org\/es\/wp-json\/wp\/v2\/users\/5"}],"version-history":[{"count":0,"href":"https:\/\/fonspitius.org\/es\/wp-json\/wp\/v2\/tribe_events\/10315\/revisions"}],"wp:featuredmedia":[{"embeddable":true,"href":"https:\/\/fonspitius.org\/es\/wp-json\/wp\/v2\/media\/10311"}],"wp:attachment":[{"href":"https:\/\/fonspitius.org\/es\/wp-json\/wp\/v2\/media?parent=10315"}],"wp:term":[{"taxonomy":"post_tag","embeddable":true,"href":"https:\/\/fonspitius.org\/es\/wp-json\/wp\/v2\/tags?post=10315"},{"taxonomy":"tribe_events_cat","embeddable":true,"href":"https:\/\/fonspitius.org\/es\/wp-json\/wp\/v2\/tribe_events_cat?post=10315"}],"curies":[{"name":"wp","href":"https:\/\/api.w.org\/{rel}","templated":true}]}}

Cooperación internacional y diversidad sexual y de género

<p>Dese el Fons Pitiús organizamos, los días 18 y 20 de octubre, la formación «Cooperación internacional y diversidad sexual y de género». Las sesiones se realizarán a través de la plataforma Zoom, de 11 a 13h.</p>
<p>Para formalizar la inscripción es necesario enviar un correo electrónico a educacio@fonspitius.org.</p>
<p>La Fundación Triángulo será la encargada de impartir las dos sesiones.</p>
<p>Esta formación se incluye dentro del programa formativo «Per una cooperació feminista», que une el sector de la cooperación de las Illes Balears.</p>
<p>&nbsp;</p>

<p>Dese el Fons Pitiús organizamos, los días 18 y 20 de octubre, la formación «Cooperación internacional y diversidad sexual y de género».</p>
