{"id":10298,"date":"2021-09-07T11:58:52","date_gmt":"2021-09-07T11:58:52","guid":{"rendered":"https:\/\/fonspitius.org\/?post_type=tribe_events&#038;p=10298"},"modified":"2021-09-07T11:58:52","modified_gmt":"2021-09-07T11:58:52","slug":"festival-daltres-cinemes-proyeccion-de-la-pelicula-i-am-not-a-witch","status":"publish","type":"tribe_events","link":"https:\/\/fonspitius.org\/es\/event\/festival-daltres-cinemes-proyeccion-de-la-pelicula-i-am-not-a-witch\/","title":{"rendered":"Festival d&#8217;Altres Cinemes. Proyecci\u00f3n de la pel\u00edcula \u00abI am not a witch\u00bb"},"content":{"rendered":"<p>El Festival d&#8217;Altres Cinemes, organizado por la Direcci\u00f3 General de Cooperaci\u00f3 (Govern de les Illes Balears), llega a Eivissa con la proyecci\u00f3n de la pel\u00edcula \u00abI am not a witch\u00bb.<\/p>\n<p>S\u00e1bado 11 de septiembre, a las 20h, en el Museo Monogr\u00e1fico Puig des Molins.<\/p>\n","protected":false},"excerpt":{"rendered":"<p>El Festival d&#8217;Altres Cinemes, organizado por la Direcci\u00f3 General de Cooperaci\u00f3 (Govern de les Illes Balears), llega a Eivissa con la proyecci\u00f3n<\/p>\n","protected":false},"author":5,"featured_media":10293,"template":"","meta":{"_acf_changed":false,"_tribe_events_status":"","_tribe_events_status_reason":"","footnotes":""},"tags":[],"tribe_events_cat":[102],"class_list":["post-10298","tribe_events","type-tribe_events","status-publish","has-post-thumbnail","hentry","tribe_events_cat-agenda","cat_agenda"],"acf":[],"_links":{"self":[{"href":"https:\/\/fonspitius.org\/es\/wp-json\/wp\/v2\/tribe_events\/10298","targetHints":{"allow":["GET"]}}],"collection":[{"href":"https:\/\/fonspitius.org\/es\/wp-json\/wp\/v2\/tribe_events"}],"about":[{"href":"https:\/\/fonspitius.org\/es\/wp-json\/wp\/v2\/types\/tribe_events"}],"author":[{"embeddable":true,"href":"https:\/\/fonspitius.org\/es\/wp-json\/wp\/v2\/users\/5"}],"version-history":[{"count":0,"href":"https:\/\/fonspitius.org\/es\/wp-json\/wp\/v2\/tribe_events\/10298\/revisions"}],"wp:featuredmedia":[{"embeddable":true,"href":"https:\/\/fonspitius.org\/es\/wp-json\/wp\/v2\/media\/10293"}],"wp:attachment":[{"href":"https:\/\/fonspitius.org\/es\/wp-json\/wp\/v2\/media?parent=10298"}],"wp:term":[{"taxonomy":"post_tag","embeddable":true,"href":"https:\/\/fonspitius.org\/es\/wp-json\/wp\/v2\/tags?post=10298"},{"taxonomy":"tribe_events_cat","embeddable":true,"href":"https:\/\/fonspitius.org\/es\/wp-json\/wp\/v2\/tribe_events_cat?post=10298"}],"curies":[{"name":"wp","href":"https:\/\/api.w.org\/{rel}","templated":true}]}}

Festival d&#8217;Altres Cinemes. Proyección de la película «I am not a witch»

<p>El Festival d&#8217;Altres Cinemes, organizado por la Direcció General de Cooperació (Govern de les Illes Balears), llega a Eivissa con la proyección de la película «I am not a witch».</p>
<p>Sábado 11 de septiembre, a las 20h, en el Museo Monográfico Puig des Molins.</p>

<p>El Festival d&#8217;Altres Cinemes, organizado por la Direcció General de Cooperació (Govern de les Illes Balears), llega a Eivissa con la proyección</p>
