{"id":6625,"date":"2017-07-20T06:44:37","date_gmt":"2017-07-20T06:44:37","guid":{"rendered":"http:\/\/fonspitius.org\/convocatories\/"},"modified":"2026-03-18T13:48:29","modified_gmt":"2026-03-18T12:48:29","slug":"convocatorias","status":"publish","type":"page","link":"https:\/\/fonspitius.org\/es\/convocatorias\/","title":{"rendered":"Convocatorias"},"content":{"rendered":"<p><div class=\"fusion-fullwidth fullwidth-box fusion-builder-row-1 hundred-percent-fullwidth non-hundred-percent-height-scrolling\" style=\"--awb-border-radius-top-left:0px;--awb-border-radius-top-right:0px;--awb-border-radius-bottom-right:0px;--awb-border-radius-bottom-left:0px;--awb-overflow:visible;--awb-flex-wrap:wrap;\" ><div class=\"fusion-builder-row fusion-row\"><div class=\"fusion-layout-column fusion_builder_column fusion-builder-column-0 fusion_builder_column_1_1 1_1 fusion-one-full fusion-column-first fusion-column-last\" style=\"--awb-bg-blend:overlay;--awb-bg-size:cover;\"><div class=\"fusion-column-wrapper fusion-flex-column-wrapper-legacy\"><div class=\"fusion-clearfix\"><\/div><\/div><\/div><\/div><\/div><div class=\"fusion-fullwidth fullwidth-box fusion-builder-row-2 hundred-percent-fullwidth non-hundred-percent-height-scrolling\" style=\"--awb-border-radius-top-left:0px;--awb-border-radius-top-right:0px;--awb-border-radius-bottom-right:0px;--awb-border-radius-bottom-left:0px;--awb-overflow:visible;--awb-flex-wrap:wrap;\" ><div class=\"fusion-builder-row fusion-row\"><div class=\"fusion-layout-column fusion_builder_column fusion-builder-column-1 fusion_builder_column_1_1 1_1 fusion-one-full fusion-column-first fusion-column-last\" style=\"--awb-bg-blend:overlay;--awb-bg-size:cover;\"><div class=\"fusion-column-wrapper fusion-flex-column-wrapper-legacy\"><div class=\"fusion-text fusion-text-1\"><h3>Convocatoria anual<\/h3>\n<p style=\"text-align: justify;\">El Fons Piti\u00fas abre anualmente una convocatoria para presentar proyectos de cooperaci\u00f3n para la transformaci\u00f3n social, con dos l\u00edneas:<\/p>\n<ul style=\"text-align: justify;\">\n<li>Cooperaci\u00f3n con ONG de las Pitiusas. La entidad que presenta el proyecto debe tener sede en Eivissa y\/o Formentera y es la responsable de su seguimiento, responsabiliz\u00e1ndose tambi\u00e9n de su buena ejecuci\u00f3n y gesti\u00f3n.<\/li>\n<li>Cooperaci\u00f3n directa. La entidad que presenta el proyecto es una entidad de uno de los pa\u00edses de intervenci\u00f3n prioritaria. En este caso no hay una ONG de las Pitiusas como intermediaria.<\/li>\n<\/ul>\n<p style=\"text-align: justify;\">La valoraci\u00f3n de los proyectos se hace mediante un baremo que punt\u00faa de acuerdo con las bases aprobadas y que efect\u00faa el equipo t\u00e9cnico del Fons. Es la asamblea de socios la encargada de aprobar o denegar los proyectos en base a la valoraci\u00f3n hecha.<\/p>\n<p><span style=\"color: #3366ff;\"><strong>CONVOCATORIA ONG EIVISSA Y\/O FORMENTERA (2026)<\/strong><\/span><\/p>\n<ul>\n<li><a href=\"https:\/\/fonspitius.org\/wp-content\/uploads\/Bases-convocatoria-2026_cast-2.pdf\" target=\"_blank\" rel=\"noopener\">Bases ONG Eivissa y\/o Formentera.<\/a><\/li>\n<li><a href=\"https:\/\/fonspitius.org\/wp-content\/uploads\/Anexos-convocatoria-2026_cast.zip\" target=\"_blank\" rel=\"noopener\">Anexos convocatoria<\/a>.<\/li>\n<\/ul>\n<p><em>Fe de errores: El presupuesto destinado a la convocatoria de ONG de Eivissa y Formentera es de 387.000\u20ac<\/em><\/p>\n<p><strong><span style=\"color: #3366ff;\">CONVOCATORIA COOPERACI\u00d3N DIRECTA (2026)<\/span><\/strong><\/p>\n<ul>\n<li><a href=\"https:\/\/fonspitius.org\/wp-content\/uploads\/Bases-cooperacion-directa-2026.pdf\" target=\"_blank\" rel=\"noopener\">Bases cooperaci\u00f3n directa.<\/a><\/li>\n<li><a href=\"https:\/\/fonspitius.org\/wp-content\/uploads\/Anexos-cooperacion-directa-2026.zip\" target=\"_blank\" rel=\"noopener\">Anexos<\/a><\/li>\n<\/ul>\n<p>&#8230;&#8230;&#8230;&#8230;&#8230;&#8230;&#8230;&#8230;&#8230;&#8230;&#8230;&#8230;&#8230;&#8230;&#8230;&#8230;&#8230;&#8230;&#8230;&#8230;&#8230;&#8230;&#8230;&#8230;&#8230;&#8230;&#8230;&#8230;&#8230;&#8230;&#8230;&#8230;&#8230;&#8230;&#8230;&#8230;&#8230;..<\/p>\n<p style=\"text-align: left;\"><span style=\"color: #3366ff;\">Documentaci\u00f3n convocatoria 2025:<\/span><\/p>\n<ul>\n<li><a href=\"https:\/\/fonspitius.org\/wp-content\/uploads\/Bases-convocatoria-2025_ONG-Ibiza-y-Formentera_cast.pdf\" target=\"_blank\" rel=\"noopener\">Bases ONG Eivissa y\/o Formentera 2025<\/a> \/\u00a0<a href=\"https:\/\/fonspitius.org\/wp-content\/uploads\/Anexos-ONG-2025_castella.zip\" target=\"_blank\" rel=\"noopener\">Anexos convocatoria ONG<\/a><\/li>\n<li><a href=\"https:\/\/fonspitius.org\/wp-content\/uploads\/Bases-cooperacion-directa-2025.pdf\" target=\"_blank\" rel=\"noopener\">Bases cooperaci\u00f3n directa 2025<\/a> \/\u00a0<a href=\"https:\/\/fonspitius.org\/wp-content\/uploads\/Anexos-cooperacion-directa_cast.zip\" target=\"_blank\" rel=\"noopener\">Anexos convocatoria cooperaci\u00f3n directa<\/a><\/li>\n<\/ul>\n<p>Logo del Fons Piti\u00fas de Cooperaci\u00f3: <a href=\"http:\/\/fonspitius.org\/wp-content\/uploads\/Logo_FP-scaled.jpg\" target=\"_blank\" rel=\"noopener\">descargar<\/a><\/p>\n<h4><strong>&#8212;&#8212;&#8212;&#8212;&#8212;&#8212;&#8212;&#8212;&#8212;&#8212;&#8212;&#8212;&#8212;&#8212;&#8212;&#8212;&#8212;&#8212;&#8212;&#8212;&#8212;&#8212;&#8212;&#8212;&#8212;&#8212;&#8212;&#8212;&#8212;&#8212;&#8212;&#8212;&#8212;&#8212;&#8212;&#8212;&#8212;&#8212;&#8212;&#8212;&#8212;&#8212;&#8212;&#8212;&#8212;&#8212;&#8212;&#8212;&#8212;&#8212;&#8212;&#8212;&#8212;&#8212;&#8212;&#8212;&#8212;&#8212;&#8212;-<\/strong><\/h4>\n<\/div><div class=\"fusion-clearfix\"><\/div><\/div><\/div><div class=\"fusion-layout-column fusion_builder_column fusion-builder-column-2 fusion_builder_column_1_1 1_1 fusion-one-full fusion-column-first fusion-column-last\" style=\"--awb-bg-blend:overlay;--awb-bg-size:cover;\"><div class=\"fusion-column-wrapper fusion-flex-column-wrapper-legacy\"><div class=\"fusion-title title fusion-title-1 fusion-sep-none fusion-title-text fusion-title-size-four\" style=\"--awb-margin-top-small:0px;--awb-margin-right-small:0px;--awb-margin-bottom-small:20px;--awb-margin-left-small:0px;\"><h4 class=\"fusion-title-heading title-heading-left fusion-responsive-typography-calculated\" style=\"margin:0;--fontSize:18;--minFontSize:18;line-height:1.33;\"><h2><\/h2><\/h4><\/div><div class=\"fusion-text fusion-text-2\"><h3>Emergencia i acci\u00f3n humanitaria<\/h3>\n<p style=\"text-align: justify;\">El Fons Piti\u00fas participa s\u00f3lo en aquellas emergencias que tienen lugar en pa\u00edses donde hay un trabajo previo que permite disponer de una informaci\u00f3n puntual de las necesidades y un conocimiento del territorio, directamente o a trav\u00e9s de la ONG que presenta el proyecto. Se act\u00faa as\u00ed desde la conciencia de la falta de capacidad del Fondo para hacer frente de forma efectiva a cualquier emergencia que se pueda dar y asumiendo que este \u00e1mbito no entra dentro de su especialidad.<\/p>\n<p style=\"text-align: justify;\">El desastre (la emergencia) no se considera un fen\u00f3meno puntual, sino un proceso consecuencia de la vulnerabilidad derivada de las estructuras sociales, econ\u00f3micas y pol\u00edticas. Por este motivo, desde el Fons Piti\u00fas se valora que la acci\u00f3n de emergencia se vincule con las acciones de cooperaci\u00f3n para la transformaci\u00f3n social, dando perspectivas de futuro.<\/p>\n<p style=\"text-align: justify;\">La acci\u00f3n humanitaria se entiende en un sentido m\u00e1s amplio que la emergencia y, en este sentido, el Fons puede trabajar en este \u00e1mbito en cualquiera de los pa\u00edses que el CAD considera susceptibles de recibir ayuda.<\/p>\n<p><span style=\"color: #0000ff;\"><strong>DOCUMENTOS:<\/strong><\/span><\/p>\n<ul>\n<li><a href=\"https:\/\/fonspitius.org\/wp-content\/uploads\/Bases-emergencia-2026_cast.pdf\" target=\"_blank\" rel=\"noopener\">Bases emergencia\/acci\u00f3n humanitaria 2026.<\/a><\/li>\n<li><a href=\"https:\/\/fonspitius.org\/wp-content\/uploads\/Anexos-emergencia-2026.zip\" target=\"_blank\" rel=\"noopener\">Anexos emergencia 2026<\/a><\/li>\n<\/ul>\n<p><span style=\"color: #3366ff;\">Documentaci\u00f3n a\u00f1o 2025:<\/span><\/p>\n<ul>\n<li><a href=\"https:\/\/fonspitius.org\/wp-content\/uploads\/Bases-emergencia-2025_cast.pdf\" target=\"_blank\" rel=\"noopener\">Bases &#8211; Convocatoria proyectos de emergencia 2025<\/a> \/ <a href=\"https:\/\/fonspitius.org\/wp-content\/uploads\/Anexos-emergencia.zip\" target=\"_blank\" rel=\"noopener\">Anexos emergencia<\/a><\/li>\n<li><a href=\"https:\/\/fonspitius.org\/wp-content\/uploads\/Bases-extraordinaria-Palestina_cast.pdf\" target=\"_blank\" rel=\"noopener\">Bases convocatoria extraordinaria<\/a> \/\u00a0<a href=\"https:\/\/fonspitius.org\/wp-content\/uploads\/Anexos-cast.zip\" target=\"_blank\" rel=\"noopener\">Anexos conv. extraordinaria<\/a><\/li>\n<\/ul>\n<h4><strong>&#8212;&#8212;&#8212;&#8212;&#8212;&#8212;&#8212;&#8212;&#8212;&#8212;&#8212;&#8212;&#8212;&#8212;&#8212;&#8212;&#8212;&#8212;&#8212;&#8212;&#8212;&#8212;&#8212;&#8212;&#8212;&#8212;&#8212;&#8212;&#8212;&#8212;&#8212;&#8212;&#8212;&#8212;&#8212;&#8212;&#8212;&#8212;&#8212;&#8212;&#8212;&#8212;&#8212;&#8212;&#8212;&#8212;&#8212;&#8212;&#8212;&#8212;&#8212;&#8212;&#8212;&#8212;&#8212;&#8212;&#8212;&#8212;&#8212;-<\/strong><\/h4>\n<h3>Bases convocatorias anteriores<\/h3>\n<p><span style=\"color: #000000;\"><a href=\"https:\/\/fonspitius.org\/wp-content\/uploads\/Bases-2024-cast.zip\">2024<\/a> &#8211; <a href=\"https:\/\/fonspitius.org\/wp-content\/uploads\/Bases-2023-cast.zip\" target=\"_blank\" rel=\"noopener\">2023<\/a> &#8211;<\/span> <a href=\"https:\/\/fonspitius.org\/wp-content\/uploads\/Bases-2022-cast.zip\" target=\"_blank\" rel=\"noopener\">2022<\/a> &#8211; <a href=\"https:\/\/fonspitius.org\/wp-content\/uploads\/Bases-2021-cast.zip\" target=\"_blank\" rel=\"noopener\">2021<\/a> &#8211; <a href=\"https:\/\/fonspitius.org\/wp-content\/uploads\/Bases-2020-cast.zip\" target=\"_blank\" rel=\"noopener\">2020<\/a> &#8211; <a href=\"https:\/\/fonspitius.org\/wp-content\/uploads\/Bases-2019-cast.zip\" target=\"_blank\" rel=\"noopener\">2019<\/a><\/p>\n<\/div><div class=\"fusion-clearfix\"><\/div><\/div><\/div><\/div><\/div><\/p>\n","protected":false},"excerpt":{"rendered":"","protected":false},"author":2,"featured_media":0,"parent":0,"menu_order":0,"comment_status":"closed","ping_status":"closed","template":"","meta":{"_acf_changed":false,"footnotes":""},"class_list":["post-6625","page","type-page","status-publish","hentry"],"acf":[],"_links":{"self":[{"href":"https:\/\/fonspitius.org\/es\/wp-json\/wp\/v2\/pages\/6625","targetHints":{"allow":["GET"]}}],"collection":[{"href":"https:\/\/fonspitius.org\/es\/wp-json\/wp\/v2\/pages"}],"about":[{"href":"https:\/\/fonspitius.org\/es\/wp-json\/wp\/v2\/types\/page"}],"author":[{"embeddable":true,"href":"https:\/\/fonspitius.org\/es\/wp-json\/wp\/v2\/users\/2"}],"replies":[{"embeddable":true,"href":"https:\/\/fonspitius.org\/es\/wp-json\/wp\/v2\/comments?post=6625"}],"version-history":[{"count":3,"href":"https:\/\/fonspitius.org\/es\/wp-json\/wp\/v2\/pages\/6625\/revisions"}],"predecessor-version":[{"id":17824,"href":"https:\/\/fonspitius.org\/es\/wp-json\/wp\/v2\/pages\/6625\/revisions\/17824"}],"wp:attachment":[{"href":"https:\/\/fonspitius.org\/es\/wp-json\/wp\/v2\/media?parent=6625"}],"curies":[{"name":"wp","href":"https:\/\/api.w.org\/{rel}","templated":true}]}}

<p><div class="fusion-fullwidth fullwidth-box fusion-builder-row-1 hundred-percent-fullwidth non-hundred-percent-height-scrolling" style="--awb-border-radius-top-left:0px;--awb-border-radius-top-right:0px;--awb-border-radius-bottom-right:0px;--awb-border-radius-bottom-left:0px;--awb-overflow:visible;--awb-flex-wrap:wrap;" ><div class="fusion-builder-row fusion-row"><div class="fusion-layout-column fusion_builder_column fusion-builder-column-0 fusion_builder_column_1_1 1_1 fusion-one-full fusion-column-first fusion-column-last" style="--awb-bg-blend:overlay;--awb-bg-size:cover;"><div class="fusion-column-wrapper fusion-flex-column-wrapper-legacy"><div class="fusion-clearfix"></div></div></div></div></div><div class="fusion-fullwidth fullwidth-box fusion-builder-row-2 hundred-percent-fullwidth non-hundred-percent-height-scrolling" style="--awb-border-radius-top-left:0px;--awb-border-radius-top-right:0px;--awb-border-radius-bottom-right:0px;--awb-border-radius-bottom-left:0px;--awb-overflow:visible;--awb-flex-wrap:wrap;" ><div class="fusion-builder-row fusion-row"><div class="fusion-layout-column fusion_builder_column fusion-builder-column-1 fusion_builder_column_1_1 1_1 fusion-one-full fusion-column-first fusion-column-last" style="--awb-bg-blend:overlay;--awb-bg-size:cover;"><div class="fusion-column-wrapper fusion-flex-column-wrapper-legacy"><div class="fusion-text fusion-text-1"><h3>Convocatoria anual</h3>
<p style="text-align: justify;">El Fons Pitiús abre anualmente una convocatoria para presentar proyectos de cooperación para la transformación social, con dos líneas:</p>
<ul style="text-align: justify;">
<li>Cooperación con ONG de las Pitiusas. La entidad que presenta el proyecto debe tener sede en Eivissa y/o Formentera y es la responsable de su seguimiento, responsabilizándose también de su buena ejecución y gestión.</li>
<li>Cooperación directa. La entidad que presenta el proyecto es una entidad de uno de los países de intervención prioritaria. En este caso no hay una ONG de las Pitiusas como intermediaria.</li>
</ul>
<p style="text-align: justify;">La valoración de los proyectos se hace mediante un baremo que puntúa de acuerdo con las bases aprobadas y que efectúa el equipo técnico del Fons. Es la asamblea de socios la encargada de aprobar o denegar los proyectos en base a la valoración hecha.</p>
<p><span style="color: #3366ff;"><strong>CONVOCATORIA ONG EIVISSA Y/O FORMENTERA (2026)</strong></span></p>
<ul>
<li><a href="https://fonspitius.org/wp-content/uploads/Bases-convocatoria-2026_cast-2.pdf" target="_blank" rel="noopener">Bases ONG Eivissa y/o Formentera.</a></li>
<li><a href="https://fonspitius.org/wp-content/uploads/Anexos-convocatoria-2026_cast.zip" target="_blank" rel="noopener">Anexos convocatoria</a>.</li>
</ul>
<p><em>Fe de errores: El presupuesto destinado a la convocatoria de ONG de Eivissa y Formentera es de 387.000€</em></p>
<p><strong><span style="color: #3366ff;">CONVOCATORIA COOPERACIÓN DIRECTA (2026)</span></strong></p>
<ul>
<li><a href="https://fonspitius.org/wp-content/uploads/Bases-cooperacion-directa-2026.pdf" target="_blank" rel="noopener">Bases cooperación directa.</a></li>
<li><a href="https://fonspitius.org/wp-content/uploads/Anexos-cooperacion-directa-2026.zip" target="_blank" rel="noopener">Anexos</a></li>
</ul>
<p>&#8230;&#8230;&#8230;&#8230;&#8230;&#8230;&#8230;&#8230;&#8230;&#8230;&#8230;&#8230;&#8230;&#8230;&#8230;&#8230;&#8230;&#8230;&#8230;&#8230;&#8230;&#8230;&#8230;&#8230;&#8230;&#8230;&#8230;&#8230;&#8230;&#8230;&#8230;&#8230;&#8230;&#8230;&#8230;&#8230;&#8230;..</p>
<p style="text-align: left;"><span style="color: #3366ff;">Documentación convocatoria 2025:</span></p>
<ul>
<li><a href="https://fonspitius.org/wp-content/uploads/Bases-convocatoria-2025_ONG-Ibiza-y-Formentera_cast.pdf" target="_blank" rel="noopener">Bases ONG Eivissa y/o Formentera 2025</a> / <a href="https://fonspitius.org/wp-content/uploads/Anexos-ONG-2025_castella.zip" target="_blank" rel="noopener">Anexos convocatoria ONG</a></li>
<li><a href="https://fonspitius.org/wp-content/uploads/Bases-cooperacion-directa-2025.pdf" target="_blank" rel="noopener">Bases cooperación directa 2025</a> / <a href="https://fonspitius.org/wp-content/uploads/Anexos-cooperacion-directa_cast.zip" target="_blank" rel="noopener">Anexos convocatoria cooperación directa</a></li>
</ul>
<p>Logo del Fons Pitiús de Cooperació: <a href="http://fonspitius.org/wp-content/uploads/Logo_FP-scaled.jpg" target="_blank" rel="noopener">descargar</a></p>
<h4><strong>&#8212;&#8212;&#8212;&#8212;&#8212;&#8212;&#8212;&#8212;&#8212;&#8212;&#8212;&#8212;&#8212;&#8212;&#8212;&#8212;&#8212;&#8212;&#8212;&#8212;&#8212;&#8212;&#8212;&#8212;&#8212;&#8212;&#8212;&#8212;&#8212;&#8212;&#8212;&#8212;&#8212;&#8212;&#8212;&#8212;&#8212;&#8212;&#8212;&#8212;&#8212;&#8212;&#8212;&#8212;&#8212;&#8212;&#8212;&#8212;&#8212;&#8212;&#8212;&#8212;&#8212;&#8212;&#8212;&#8212;&#8212;&#8212;&#8212;-</strong></h4>
</div><div class="fusion-clearfix"></div></div></div><div class="fusion-layout-column fusion_builder_column fusion-builder-column-2 fusion_builder_column_1_1 1_1 fusion-one-full fusion-column-first fusion-column-last" style="--awb-bg-blend:overlay;--awb-bg-size:cover;"><div class="fusion-column-wrapper fusion-flex-column-wrapper-legacy"><div class="fusion-title title fusion-title-1 fusion-sep-none fusion-title-text fusion-title-size-four" style="--awb-margin-top-small:0px;--awb-margin-right-small:0px;--awb-margin-bottom-small:20px;--awb-margin-left-small:0px;"><h4 class="fusion-title-heading title-heading-left fusion-responsive-typography-calculated" style="margin:0;--fontSize:18;--minFontSize:18;line-height:1.33;"><h2></h2></h4></div><div class="fusion-text fusion-text-2"><h3>Emergencia i acción humanitaria</h3>
<p style="text-align: justify;">El Fons Pitiús participa sólo en aquellas emergencias que tienen lugar en países donde hay un trabajo previo que permite disponer de una información puntual de las necesidades y un conocimiento del territorio, directamente o a través de la ONG que presenta el proyecto. Se actúa así desde la conciencia de la falta de capacidad del Fondo para hacer frente de forma efectiva a cualquier emergencia que se pueda dar y asumiendo que este ámbito no entra dentro de su especialidad.</p>
<p style="text-align: justify;">El desastre (la emergencia) no se considera un fenómeno puntual, sino un proceso consecuencia de la vulnerabilidad derivada de las estructuras sociales, económicas y políticas. Por este motivo, desde el Fons Pitiús se valora que la acción de emergencia se vincule con las acciones de cooperación para la transformación social, dando perspectivas de futuro.</p>
<p style="text-align: justify;">La acción humanitaria se entiende en un sentido más amplio que la emergencia y, en este sentido, el Fons puede trabajar en este ámbito en cualquiera de los países que el CAD considera susceptibles de recibir ayuda.</p>
<p><span style="color: #0000ff;"><strong>DOCUMENTOS:</strong></span></p>
<ul>
<li><a href="https://fonspitius.org/wp-content/uploads/Bases-emergencia-2026_cast.pdf" target="_blank" rel="noopener">Bases emergencia/acción humanitaria 2026.</a></li>
<li><a href="https://fonspitius.org/wp-content/uploads/Anexos-emergencia-2026.zip" target="_blank" rel="noopener">Anexos emergencia 2026</a></li>
</ul>
<p><span style="color: #3366ff;">Documentación año 2025:</span></p>
<ul>
<li><a href="https://fonspitius.org/wp-content/uploads/Bases-emergencia-2025_cast.pdf" target="_blank" rel="noopener">Bases &#8211; Convocatoria proyectos de emergencia 2025</a> / <a href="https://fonspitius.org/wp-content/uploads/Anexos-emergencia.zip" target="_blank" rel="noopener">Anexos emergencia</a></li>
<li><a href="https://fonspitius.org/wp-content/uploads/Bases-extraordinaria-Palestina_cast.pdf" target="_blank" rel="noopener">Bases convocatoria extraordinaria</a> / <a href="https://fonspitius.org/wp-content/uploads/Anexos-cast.zip" target="_blank" rel="noopener">Anexos conv. extraordinaria</a></li>
</ul>
<h4><strong>&#8212;&#8212;&#8212;&#8212;&#8212;&#8212;&#8212;&#8212;&#8212;&#8212;&#8212;&#8212;&#8212;&#8212;&#8212;&#8212;&#8212;&#8212;&#8212;&#8212;&#8212;&#8212;&#8212;&#8212;&#8212;&#8212;&#8212;&#8212;&#8212;&#8212;&#8212;&#8212;&#8212;&#8212;&#8212;&#8212;&#8212;&#8212;&#8212;&#8212;&#8212;&#8212;&#8212;&#8212;&#8212;&#8212;&#8212;&#8212;&#8212;&#8212;&#8212;&#8212;&#8212;&#8212;&#8212;&#8212;&#8212;&#8212;&#8212;-</strong></h4>
<h3>Bases convocatorias anteriores</h3>
<p><span style="color: #000000;"><a href="https://fonspitius.org/wp-content/uploads/Bases-2024-cast.zip">2024</a> &#8211; <a href="https://fonspitius.org/wp-content/uploads/Bases-2023-cast.zip" target="_blank" rel="noopener">2023</a> &#8211;</span> <a href="https://fonspitius.org/wp-content/uploads/Bases-2022-cast.zip" target="_blank" rel="noopener">2022</a> &#8211; <a href="https://fonspitius.org/wp-content/uploads/Bases-2021-cast.zip" target="_blank" rel="noopener">2021</a> &#8211; <a href="https://fonspitius.org/wp-content/uploads/Bases-2020-cast.zip" target="_blank" rel="noopener">2020</a> &#8211; <a href="https://fonspitius.org/wp-content/uploads/Bases-2019-cast.zip" target="_blank" rel="noopener">2019</a></p>
</div><div class="fusion-clearfix"></div></div></div></div></div></p>
