{"id":4087,"date":"2016-06-16T09:39:06","date_gmt":"2016-06-16T09:39:06","guid":{"rendered":"http:\/\/fonspitius.com.es\/es\/?page_id=4087"},"modified":"2020-02-11T12:31:39","modified_gmt":"2020-02-11T12:31:39","slug":"asociacion-europea-para-la-democracia-local-alda","status":"publish","type":"page","link":"https:\/\/fonspitius.org\/es\/asociacion-europea-para-la-democracia-local-alda\/","title":{"rendered":"Asociaci\u00f3n Europea para la democracia local (ALDA)"},"content":{"rendered":"<div class=\"fusion-fullwidth fullwidth-box fusion-builder-row-1 hundred-percent-fullwidth non-hundred-percent-height-scrolling\" style=\"--awb-border-radius-top-left:0px;--awb-border-radius-top-right:0px;--awb-border-radius-bottom-right:0px;--awb-border-radius-bottom-left:0px;--awb-overflow:visible;--awb-flex-wrap:wrap;\" ><div class=\"fusion-builder-row fusion-row\"><div class=\"fusion-layout-column fusion_builder_column fusion-builder-column-0 fusion_builder_column_1_5 1_5 fusion-one-fifth fusion-column-first\" style=\"--awb-bg-size:cover;width:16.8%; margin-right: 4%;\"><div class=\"fusion-column-wrapper fusion-flex-column-wrapper-legacy\"><div class=\"fusion-widget-area awb-widget-area-element fusion-widget-area-1 fusion-content-widget-area\" style=\"--awb-title-size:18px;--awb-title-color:#00a1de;--awb-padding:0px 0px 0px 0px;\"><div id=\"nav_menu-10\" class=\"widget widget_nav_menu\"><div class=\"menu-coordinacio-ca-container\"><ul id=\"menu-coordinacio-ca\" class=\"menu\"><li id=\"menu-item-4385\" class=\"menu-item menu-item-type-post_type menu-item-object-page menu-item-4385\"><a href=\"https:\/\/fonspitius.org\/coordinacio-a-les-illes-balears\/\">Coordinaci\u00f3n en las Islas Baleares<\/a><\/li>\n<li id=\"menu-item-4386\" class=\"menu-item menu-item-type-post_type menu-item-object-page menu-item-4386\"><a href=\"https:\/\/fonspitius.org\/confederacio-de-fons-de-cooperacio-i-solidaritat\/\">Confederaci\u00f3n de Fondos de cooperaci\u00f3n y solidaridad<\/a><\/li>\n<li id=\"menu-item-4387\" class=\"menu-item menu-item-type-post_type menu-item-object-page menu-item-4387\"><a href=\"https:\/\/fonspitius.org\/associacio-europea-per-a-la-democracia-local-alda\/\">Asociaci\u00f3n Europea para la democracia local (ALDA)<\/a><\/li>\n<\/ul><\/div><\/div><div class=\"fusion-additional-widget-content\"><\/div><\/div><div class=\"fusion-clearfix\"><\/div><\/div><\/div><div class=\"fusion-layout-column fusion_builder_column fusion-builder-column-1 fusion_builder_column_4_5 4_5 fusion-four-fifth fusion-column-last\" style=\"--awb-bg-size:cover;width:79.2%;\"><div class=\"fusion-column-wrapper fusion-flex-column-wrapper-legacy\"><div class=\"fusion-text fusion-text-1\"><p style=\"text-align: justify;\">El Fons Piti\u00fas es socio de ALDA desde 2015. Esta asociaci\u00f3n se dedica a la promoci\u00f3n del buen gobierno y la participaci\u00f3n Ciudadana en el \u00e1mbito local. ALDA es socio activo del Consejo de Europa a trav\u00e9s del Congreso de Poderes Locales y Regionales y, actualmente, cuenta con cerca de 300 miembros de m\u00e1s de 40 pa\u00edses europeos, del Magreb y de Oriente Pr\u00f3ximo<\/p>\n<\/div><div class=\"fusion-clearfix\"><\/div><\/div><\/div><\/div><\/div>\n","protected":false},"excerpt":{"rendered":"","protected":false},"author":2,"featured_media":0,"parent":0,"menu_order":0,"comment_status":"closed","ping_status":"closed","template":"","meta":{"_acf_changed":false,"footnotes":""},"class_list":["post-4087","page","type-page","status-publish","hentry"],"acf":[],"_links":{"self":[{"href":"https:\/\/fonspitius.org\/es\/wp-json\/wp\/v2\/pages\/4087","targetHints":{"allow":["GET"]}}],"collection":[{"href":"https:\/\/fonspitius.org\/es\/wp-json\/wp\/v2\/pages"}],"about":[{"href":"https:\/\/fonspitius.org\/es\/wp-json\/wp\/v2\/types\/page"}],"author":[{"embeddable":true,"href":"https:\/\/fonspitius.org\/es\/wp-json\/wp\/v2\/users\/2"}],"replies":[{"embeddable":true,"href":"https:\/\/fonspitius.org\/es\/wp-json\/wp\/v2\/comments?post=4087"}],"version-history":[{"count":0,"href":"https:\/\/fonspitius.org\/es\/wp-json\/wp\/v2\/pages\/4087\/revisions"}],"wp:attachment":[{"href":"https:\/\/fonspitius.org\/es\/wp-json\/wp\/v2\/media?parent=4087"}],"curies":[{"name":"wp","href":"https:\/\/api.w.org\/{rel}","templated":true}]}}

Asociación Europea para la democracia local (ALDA)

<div class="fusion-fullwidth fullwidth-box fusion-builder-row-1 hundred-percent-fullwidth non-hundred-percent-height-scrolling" style="--awb-border-radius-top-left:0px;--awb-border-radius-top-right:0px;--awb-border-radius-bottom-right:0px;--awb-border-radius-bottom-left:0px;--awb-overflow:visible;--awb-flex-wrap:wrap;" ><div class="fusion-builder-row fusion-row"><div class="fusion-layout-column fusion_builder_column fusion-builder-column-0 fusion_builder_column_1_5 1_5 fusion-one-fifth fusion-column-first" style="--awb-bg-size:cover;width:16.8%; margin-right: 4%;"><div class="fusion-column-wrapper fusion-flex-column-wrapper-legacy"><div class="fusion-widget-area awb-widget-area-element fusion-widget-area-1 fusion-content-widget-area" style="--awb-title-size:18px;--awb-title-color:#00a1de;--awb-padding:0px 0px 0px 0px;"><div id="nav_menu-10" class="widget widget_nav_menu"><div class="menu-coordinacio-ca-container"><ul id="menu-coordinacio-ca" class="menu"><li id="menu-item-4385" class="menu-item menu-item-type-post_type menu-item-object-page menu-item-4385"><a href="https://fonspitius.org/coordinacio-a-les-illes-balears/">Coordinación en las Islas Baleares</a></li>
<li id="menu-item-4386" class="menu-item menu-item-type-post_type menu-item-object-page menu-item-4386"><a href="https://fonspitius.org/confederacio-de-fons-de-cooperacio-i-solidaritat/">Confederación de Fondos de cooperación y solidaridad</a></li>
<li id="menu-item-4387" class="menu-item menu-item-type-post_type menu-item-object-page menu-item-4387"><a href="https://fonspitius.org/associacio-europea-per-a-la-democracia-local-alda/">Asociación Europea para la democracia local (ALDA)</a></li>
</ul></div></div><div class="fusion-additional-widget-content"></div></div><div class="fusion-clearfix"></div></div></div><div class="fusion-layout-column fusion_builder_column fusion-builder-column-1 fusion_builder_column_4_5 4_5 fusion-four-fifth fusion-column-last" style="--awb-bg-size:cover;width:79.2%;"><div class="fusion-column-wrapper fusion-flex-column-wrapper-legacy"><div class="fusion-text fusion-text-1"><p style="text-align: justify;">El Fons Pitiús es socio de ALDA desde 2015. Esta asociación se dedica a la promoción del buen gobierno y la participación Ciudadana en el ámbito local. ALDA es socio activo del Consejo de Europa a través del Congreso de Poderes Locales y Regionales y, actualmente, cuenta con cerca de 300 miembros de más de 40 países europeos, del Magreb y de Oriente Próximo</p>
</div><div class="fusion-clearfix"></div></div></div></div></div>
