{"id":4085,"date":"2016-06-16T09:38:34","date_gmt":"2016-06-16T09:38:34","guid":{"rendered":"http:\/\/fonspitius.com.es\/es\/?page_id=4085"},"modified":"2020-02-11T12:30:17","modified_gmt":"2020-02-11T12:30:17","slug":"coordinacion-en-las-islas-baleares","status":"publish","type":"page","link":"https:\/\/fonspitius.org\/es\/coordinacion-en-las-islas-baleares\/","title":{"rendered":"Coordinaci\u00f3n en las Islas Baleares"},"content":{"rendered":"<div class=\"fusion-fullwidth fullwidth-box fusion-builder-row-1 hundred-percent-fullwidth non-hundred-percent-height-scrolling\" style=\"--awb-border-radius-top-left:0px;--awb-border-radius-top-right:0px;--awb-border-radius-bottom-right:0px;--awb-border-radius-bottom-left:0px;--awb-overflow:visible;--awb-flex-wrap:wrap;\" ><div class=\"fusion-builder-row fusion-row\"><div class=\"fusion-layout-column fusion_builder_column fusion-builder-column-0 fusion_builder_column_1_5 1_5 fusion-one-fifth fusion-column-first\" style=\"--awb-bg-size:cover;width:16.8%; margin-right: 4%;\"><div class=\"fusion-column-wrapper fusion-flex-column-wrapper-legacy\"><div class=\"fusion-widget-area awb-widget-area-element fusion-widget-area-1 fusion-content-widget-area\" style=\"--awb-title-size:18px;--awb-title-color:#00a1de;--awb-padding:0px 0px 0px 0px;\"><div id=\"nav_menu-10\" class=\"widget widget_nav_menu\"><div class=\"menu-coordinacio-ca-container\"><ul id=\"menu-coordinacio-ca\" class=\"menu\"><li id=\"menu-item-4385\" class=\"menu-item menu-item-type-post_type menu-item-object-page menu-item-4385\"><a href=\"https:\/\/fonspitius.org\/coordinacio-a-les-illes-balears\/\">Coordinaci\u00f3n en las Islas Baleares<\/a><\/li>\n<li id=\"menu-item-4386\" class=\"menu-item menu-item-type-post_type menu-item-object-page menu-item-4386\"><a href=\"https:\/\/fonspitius.org\/confederacio-de-fons-de-cooperacio-i-solidaritat\/\">Confederaci\u00f3n de Fondos de cooperaci\u00f3n y solidaridad<\/a><\/li>\n<li id=\"menu-item-4387\" class=\"menu-item menu-item-type-post_type menu-item-object-page menu-item-4387\"><a href=\"https:\/\/fonspitius.org\/associacio-europea-per-a-la-democracia-local-alda\/\">Asociaci\u00f3n Europea para la democracia local (ALDA)<\/a><\/li>\n<\/ul><\/div><\/div><div class=\"fusion-additional-widget-content\"><\/div><\/div><div class=\"fusion-clearfix\"><\/div><\/div><\/div><div class=\"fusion-layout-column fusion_builder_column fusion-builder-column-1 fusion_builder_column_4_5 4_5 fusion-four-fifth fusion-column-last\" style=\"--awb-bg-size:cover;width:79.2%;\"><div class=\"fusion-column-wrapper fusion-flex-column-wrapper-legacy\"><div class=\"fusion-text fusion-text-1\"><p style=\"text-align: justify;\">El Fons Piti\u00fas de Cooperaci\u00f3 mantiene relaciones institucionales y de coordinaci\u00f3n con diversas entidades auton\u00f3micas. Es miembro de la Comissi\u00f3 de Coordinaci\u00f3 dels Ens Territorials de les Illes Balears, de la Comissi\u00f3 d&#8217;Enlla\u00e7 pel S\u00e0hara y del Consell de Cooperaci\u00f3.<\/p>\n<p style=\"text-align: justify;\">De forma continuada, el Fons se re\u00fane con el Fons Mallorqu\u00ed de Solidaritat i Cooperaci\u00f3 y el Fons Menorqu\u00ed de Cooperaci\u00f3 para tratar aquellos temas que son comunes a los tres fondos: cofinanciaci\u00f3n y seguimiento de proyectos de cooperaci\u00f3n directa, educaci\u00f3n transformadora, formaci\u00f3n, campa\u00f1as de educaci\u00f3n para la ciudadania global, gestiones con diversos organismos como la CAIB y la UIB.<\/p>\n<p style=\"text-align: justify;\">Adem\u00e1s, los tres fondos tienen un proyecto com\u00fan, con el que se pretende establecer alianzas con entidades de otros pa\u00edses para intercambiar experiencias, complementar actuaciones y estar representados de forma conjunta ante la Uni\u00f3n Europea, que es la principal financiadora de programas de desarrollo. Este proyecto conjunto posibilita el conocimiento del complejo funcionamiento de la Uni\u00f3n Europea y de las entidades que trabajan en el \u00e1mbito de la cooperaci\u00f3n.<\/p>\n<\/div><div class=\"fusion-clearfix\"><\/div><\/div><\/div><\/div><\/div>\n","protected":false},"excerpt":{"rendered":"","protected":false},"author":2,"featured_media":0,"parent":0,"menu_order":0,"comment_status":"closed","ping_status":"closed","template":"","meta":{"_acf_changed":false,"footnotes":""},"class_list":["post-4085","page","type-page","status-publish","hentry"],"acf":[],"_links":{"self":[{"href":"https:\/\/fonspitius.org\/es\/wp-json\/wp\/v2\/pages\/4085","targetHints":{"allow":["GET"]}}],"collection":[{"href":"https:\/\/fonspitius.org\/es\/wp-json\/wp\/v2\/pages"}],"about":[{"href":"https:\/\/fonspitius.org\/es\/wp-json\/wp\/v2\/types\/page"}],"author":[{"embeddable":true,"href":"https:\/\/fonspitius.org\/es\/wp-json\/wp\/v2\/users\/2"}],"replies":[{"embeddable":true,"href":"https:\/\/fonspitius.org\/es\/wp-json\/wp\/v2\/comments?post=4085"}],"version-history":[{"count":0,"href":"https:\/\/fonspitius.org\/es\/wp-json\/wp\/v2\/pages\/4085\/revisions"}],"wp:attachment":[{"href":"https:\/\/fonspitius.org\/es\/wp-json\/wp\/v2\/media?parent=4085"}],"curies":[{"name":"wp","href":"https:\/\/api.w.org\/{rel}","templated":true}]}}

Coordinación en las Islas Baleares

<div class="fusion-fullwidth fullwidth-box fusion-builder-row-1 hundred-percent-fullwidth non-hundred-percent-height-scrolling" style="--awb-border-radius-top-left:0px;--awb-border-radius-top-right:0px;--awb-border-radius-bottom-right:0px;--awb-border-radius-bottom-left:0px;--awb-overflow:visible;--awb-flex-wrap:wrap;" ><div class="fusion-builder-row fusion-row"><div class="fusion-layout-column fusion_builder_column fusion-builder-column-0 fusion_builder_column_1_5 1_5 fusion-one-fifth fusion-column-first" style="--awb-bg-size:cover;width:16.8%; margin-right: 4%;"><div class="fusion-column-wrapper fusion-flex-column-wrapper-legacy"><div class="fusion-widget-area awb-widget-area-element fusion-widget-area-1 fusion-content-widget-area" style="--awb-title-size:18px;--awb-title-color:#00a1de;--awb-padding:0px 0px 0px 0px;"><div id="nav_menu-10" class="widget widget_nav_menu"><div class="menu-coordinacio-ca-container"><ul id="menu-coordinacio-ca" class="menu"><li id="menu-item-4385" class="menu-item menu-item-type-post_type menu-item-object-page menu-item-4385"><a href="https://fonspitius.org/coordinacio-a-les-illes-balears/">Coordinación en las Islas Baleares</a></li>
<li id="menu-item-4386" class="menu-item menu-item-type-post_type menu-item-object-page menu-item-4386"><a href="https://fonspitius.org/confederacio-de-fons-de-cooperacio-i-solidaritat/">Confederación de Fondos de cooperación y solidaridad</a></li>
<li id="menu-item-4387" class="menu-item menu-item-type-post_type menu-item-object-page menu-item-4387"><a href="https://fonspitius.org/associacio-europea-per-a-la-democracia-local-alda/">Asociación Europea para la democracia local (ALDA)</a></li>
</ul></div></div><div class="fusion-additional-widget-content"></div></div><div class="fusion-clearfix"></div></div></div><div class="fusion-layout-column fusion_builder_column fusion-builder-column-1 fusion_builder_column_4_5 4_5 fusion-four-fifth fusion-column-last" style="--awb-bg-size:cover;width:79.2%;"><div class="fusion-column-wrapper fusion-flex-column-wrapper-legacy"><div class="fusion-text fusion-text-1"><p style="text-align: justify;">El Fons Pitiús de Cooperació mantiene relaciones institucionales y de coordinación con diversas entidades autonómicas. Es miembro de la Comissió de Coordinació dels Ens Territorials de les Illes Balears, de la Comissió d&#8217;Enllaç pel Sàhara y del Consell de Cooperació.</p>
<p style="text-align: justify;">De forma continuada, el Fons se reúne con el Fons Mallorquí de Solidaritat i Cooperació y el Fons Menorquí de Cooperació para tratar aquellos temas que son comunes a los tres fondos: cofinanciación y seguimiento de proyectos de cooperación directa, educación transformadora, formación, campañas de educación para la ciudadania global, gestiones con diversos organismos como la CAIB y la UIB.</p>
<p style="text-align: justify;">Además, los tres fondos tienen un proyecto común, con el que se pretende establecer alianzas con entidades de otros países para intercambiar experiencias, complementar actuaciones y estar representados de forma conjunta ante la Unión Europea, que es la principal financiadora de programas de desarrollo. Este proyecto conjunto posibilita el conocimiento del complejo funcionamiento de la Unión Europea y de las entidades que trabajan en el ámbito de la cooperación.</p>
</div><div class="fusion-clearfix"></div></div></div></div></div>
