{"id":4084,"date":"2016-06-16T09:38:23","date_gmt":"2016-06-16T09:38:23","guid":{"rendered":"http:\/\/fonspitius.com.es\/es\/?page_id=4084"},"modified":"2026-08-19T11:04:16","modified_gmt":"2026-08-19T09:04:16","slug":"trabajo-con-comunidad-educativa","status":"publish","type":"page","link":"https:\/\/fonspitius.org\/es\/educacion\/trabajo-con-comunidad-educativa\/","title":{"rendered":"Trabajo con comunidad educativa"},"content":{"rendered":"<div class=\"fusion-fullwidth fullwidth-box fusion-builder-row-1 hundred-percent-fullwidth non-hundred-percent-height-scrolling\" style=\"--awb-border-radius-top-left:0px;--awb-border-radius-top-right:0px;--awb-border-radius-bottom-right:0px;--awb-border-radius-bottom-left:0px;--awb-overflow:visible;--awb-flex-wrap:wrap;\" ><div class=\"fusion-builder-row fusion-row\"><div class=\"fusion-layout-column fusion_builder_column fusion-builder-column-0 fusion_builder_column_1_5 1_5 fusion-one-fifth fusion-column-first\" style=\"--awb-bg-blend:overlay;--awb-bg-size:cover;width:16.8%; margin-right: 4%;\"><div class=\"fusion-column-wrapper fusion-flex-column-wrapper-legacy\"><div class=\"fusion-widget-area awb-widget-area-element fusion-widget-area-1 fusion-content-widget-area\" style=\"--awb-title-size:18px;--awb-title-color:#00a1de;--awb-padding:0px 0px 0px 0px;\"><div id=\"nav_menu-9\" class=\"widget widget_nav_menu\" style=\"border-style: solid;border-color:transparent;border-width:0px;\"><div class=\"menu-sensibilitzacio-es-container\"><ul id=\"menu-sensibilitzacio-es\" class=\"menu\"><li id=\"menu-item-18282\" class=\"menu-item menu-item-type-post_type menu-item-object-page menu-item-has-children menu-item-18282\"><a href=\"https:\/\/fonspitius.org\/es\/educacion\/trabajo-con-comunidad-educativa\/\">Trabajo con comunidad educativa<\/a>\n<ul class=\"sub-menu\">\n\t<li id=\"menu-item-18348\" class=\"menu-item menu-item-type-post_type menu-item-object-page menu-item-18348\"><a href=\"https:\/\/fonspitius.org\/es\/educacion\/trabajo-con-comunidad-educativa\/infantil-y-primaria\/\">Infantil y primaria<\/a><\/li>\n\t<li id=\"menu-item-18875\" class=\"menu-item menu-item-type-post_type menu-item-object-page menu-item-18875\"><a href=\"https:\/\/fonspitius.org\/es\/educacion\/trabajo-con-comunidad-educativa\/secundaria-2\/\">Secundaria<\/a><\/li>\n<\/ul>\n<\/li>\n<li id=\"menu-item-18284\" class=\"menu-item menu-item-type-post_type menu-item-object-page menu-item-has-children menu-item-18284\"><a href=\"https:\/\/fonspitius.org\/es\/educacion\/sensibilizacion-y-accion-social\/\">Sensibilizaci\u00f3n y acci\u00f3n social<\/a>\n<ul class=\"sub-menu\">\n\t<li id=\"menu-item-18350\" class=\"menu-item menu-item-type-post_type menu-item-object-sensibilizacion menu-item-18350\"><a href=\"https:\/\/fonspitius.org\/es\/sensibilizacion\/2023-frente-al-racismo-y-la-xenofobia-actuamos\/\">Frente al racismo y la xenofobia, \u00a1actuamos!<\/a><\/li>\n\t<li id=\"menu-item-18351\" class=\"menu-item menu-item-type-post_type menu-item-object-page menu-item-18351\"><a href=\"https:\/\/fonspitius.org\/es\/educacion\/sensibilizacion-y-accion-social\/agua-que-compartimos\/\">El agua que compartimos<\/a><\/li>\n<\/ul>\n<\/li>\n<li id=\"menu-item-18352\" class=\"menu-item menu-item-type-post_type menu-item-object-page menu-item-18352\"><a href=\"https:\/\/fonspitius.org\/es\/educacion\/formacion\/\">Formaci\u00f3n<\/a><\/li>\n<li id=\"menu-item-18353\" class=\"menu-item menu-item-type-post_type menu-item-object-page menu-item-18353\"><a href=\"https:\/\/fonspitius.org\/es\/educacion\/proyectos\/\">Proyectos<\/a><\/li>\n<\/ul><\/div><\/div><div class=\"fusion-additional-widget-content\"><\/div><\/div><div class=\"fusion-clearfix\"><\/div><\/div><\/div><div class=\"fusion-layout-column fusion_builder_column fusion-builder-column-1 fusion_builder_column_4_5 4_5 fusion-four-fifth fusion-column-last\" style=\"--awb-bg-blend:overlay;--awb-bg-size:cover;width:79.2%;\"><div class=\"fusion-column-wrapper fusion-flex-column-wrapper-legacy\"><div class=\"fusion-text fusion-text-1\"><p style=\"text-align: justify;\">El ODS 4 de la Agenda 2030 de Naciones Unidas apunta a la necesidad de una educaci\u00f3n de calidad, la cual \u00abha de asegurar que todo el alumnado adquiera los conocimientos necesarios para promover el desarrollo sostenible: derechos humanos, igualdad de g\u00e9nero, promoci\u00f3n de la cultura de paz y no-violencia, valoraci\u00f3n de la diversidad cultural, etc.\u00bb<\/p>\n<p style=\"text-align: justify;\">Desde el \u00e1rea de educaci\u00f3n del Fons Piti\u00fas actuamos para contribuir a la consecuci\u00f3n de este objetivo, colaborando con centros de ense\u00f1anza comprometidos en la construcci\u00f3n de un mundo respetuoso con los derechos fundamentales de las personas y del medio natural. Derechos que promovemos desde <a href=\"https:\/\/fonspitius.org\/es\/que-hacemos\/\" target=\"_blank\" rel=\"noopener\">los dos ejes estrat\u00e9gicos<\/a> que gu\u00edan toda nuestra acci\u00f3n, tambi\u00e9n la educativa: <strong>movilidad humana y sostenibilidad medioambiental<\/strong>.<\/p>\n<p style=\"text-align: justify;\">Para ello, proporcionamos recursos y actividades espec\u00edficas para escuelas e institutos, ofrecemos formaci\u00f3n para profesorado y acompa\u00f1amos el desarrollo de proyectos educativos y comunitarios donde el alumnado se convierte en verdadero agente de cambio social. <span style=\"text-align: justify;\">Porque la experiencia nos ha mostrado que <\/span><strong><span style=\"text-align: justify;\">la educaci\u00f3n realmente transformadora es aquella que se integra en la pr\u00e1ctica diaria, a trav\u00e9s del trabajo cooperativo y <\/span>en estrecha relaci\u00f3n con la comunidad.<\/strong><\/p>\n<p style=\"text-align: justify;\"><a href=\"https:\/\/fonspitius.org\/es\/educacion\/trabajo-con-comunidad-educativa\/infantil-y-primaria\/\" target=\"_blank\" rel=\"noopener\">Educaci\u00f3n infantil y primaria<\/a><\/p>\n<p style=\"text-align: justify;\"><a href=\"https:\/\/fonspitius.org\/es\/educacion\/trabajo-con-comunidad-educativa\/secundaria-2\/\" target=\"_blank\" rel=\"noopener\">Educaci\u00f3n secundaria<\/a><\/p>\n<\/div><div class=\"fusion-clearfix\"><\/div><\/div><\/div><\/div><\/div>\n","protected":false},"excerpt":{"rendered":"","protected":false},"author":2,"featured_media":0,"parent":3451,"menu_order":1,"comment_status":"closed","ping_status":"closed","template":"","meta":{"_acf_changed":false,"footnotes":""},"class_list":["post-4084","page","type-page","status-publish","hentry"],"acf":[],"_links":{"self":[{"href":"https:\/\/fonspitius.org\/es\/wp-json\/wp\/v2\/pages\/4084","targetHints":{"allow":["GET"]}}],"collection":[{"href":"https:\/\/fonspitius.org\/es\/wp-json\/wp\/v2\/pages"}],"about":[{"href":"https:\/\/fonspitius.org\/es\/wp-json\/wp\/v2\/types\/page"}],"author":[{"embeddable":true,"href":"https:\/\/fonspitius.org\/es\/wp-json\/wp\/v2\/users\/2"}],"replies":[{"embeddable":true,"href":"https:\/\/fonspitius.org\/es\/wp-json\/wp\/v2\/comments?post=4084"}],"version-history":[{"count":3,"href":"https:\/\/fonspitius.org\/es\/wp-json\/wp\/v2\/pages\/4084\/revisions"}],"predecessor-version":[{"id":18818,"href":"https:\/\/fonspitius.org\/es\/wp-json\/wp\/v2\/pages\/4084\/revisions\/18818"}],"up":[{"embeddable":true,"href":"https:\/\/fonspitius.org\/es\/wp-json\/wp\/v2\/pages\/3451"}],"wp:attachment":[{"href":"https:\/\/fonspitius.org\/es\/wp-json\/wp\/v2\/media?parent=4084"}],"curies":[{"name":"wp","href":"https:\/\/api.w.org\/{rel}","templated":true}]}}

<div class="fusion-fullwidth fullwidth-box fusion-builder-row-1 hundred-percent-fullwidth non-hundred-percent-height-scrolling" style="--awb-border-radius-top-left:0px;--awb-border-radius-top-right:0px;--awb-border-radius-bottom-right:0px;--awb-border-radius-bottom-left:0px;--awb-overflow:visible;--awb-flex-wrap:wrap;" ><div class="fusion-builder-row fusion-row"><div class="fusion-layout-column fusion_builder_column fusion-builder-column-0 fusion_builder_column_1_5 1_5 fusion-one-fifth fusion-column-first" style="--awb-bg-blend:overlay;--awb-bg-size:cover;width:16.8%; margin-right: 4%;"><div class="fusion-column-wrapper fusion-flex-column-wrapper-legacy"><div class="fusion-widget-area awb-widget-area-element fusion-widget-area-1 fusion-content-widget-area" style="--awb-title-size:18px;--awb-title-color:#00a1de;--awb-padding:0px 0px 0px 0px;"><div id="nav_menu-9" class="widget widget_nav_menu" style="border-style: solid;border-color:transparent;border-width:0px;"><div class="menu-sensibilitzacio-es-container"><ul id="menu-sensibilitzacio-es" class="menu"><li id="menu-item-18282" class="menu-item menu-item-type-post_type menu-item-object-page menu-item-has-children menu-item-18282"><a href="https://fonspitius.org/es/educacion/trabajo-con-comunidad-educativa/">Trabajo con comunidad educativa</a>
<ul class="sub-menu">
	<li id="menu-item-18348" class="menu-item menu-item-type-post_type menu-item-object-page menu-item-18348"><a href="https://fonspitius.org/es/educacion/trabajo-con-comunidad-educativa/infantil-y-primaria/">Infantil y primaria</a></li>
	<li id="menu-item-18875" class="menu-item menu-item-type-post_type menu-item-object-page menu-item-18875"><a href="https://fonspitius.org/es/educacion/trabajo-con-comunidad-educativa/secundaria-2/">Secundaria</a></li>
</ul>
</li>
<li id="menu-item-18284" class="menu-item menu-item-type-post_type menu-item-object-page menu-item-has-children menu-item-18284"><a href="https://fonspitius.org/es/educacion/sensibilizacion-y-accion-social/">Sensibilización y acción social</a>
<ul class="sub-menu">
	<li id="menu-item-18350" class="menu-item menu-item-type-post_type menu-item-object-sensibilizacion menu-item-18350"><a href="https://fonspitius.org/es/sensibilizacion/2023-frente-al-racismo-y-la-xenofobia-actuamos/">Frente al racismo y la xenofobia, ¡actuamos!</a></li>
	<li id="menu-item-18351" class="menu-item menu-item-type-post_type menu-item-object-page menu-item-18351"><a href="https://fonspitius.org/es/educacion/sensibilizacion-y-accion-social/agua-que-compartimos/">El agua que compartimos</a></li>
</ul>
</li>
<li id="menu-item-18352" class="menu-item menu-item-type-post_type menu-item-object-page menu-item-18352"><a href="https://fonspitius.org/es/educacion/formacion/">Formación</a></li>
<li id="menu-item-18353" class="menu-item menu-item-type-post_type menu-item-object-page menu-item-18353"><a href="https://fonspitius.org/es/educacion/proyectos/">Proyectos</a></li>
</ul></div></div><div class="fusion-additional-widget-content"></div></div><div class="fusion-clearfix"></div></div></div><div class="fusion-layout-column fusion_builder_column fusion-builder-column-1 fusion_builder_column_4_5 4_5 fusion-four-fifth fusion-column-last" style="--awb-bg-blend:overlay;--awb-bg-size:cover;width:79.2%;"><div class="fusion-column-wrapper fusion-flex-column-wrapper-legacy"><div class="fusion-text fusion-text-1"><p style="text-align: justify;">El ODS 4 de la Agenda 2030 de Naciones Unidas apunta a la necesidad de una educación de calidad, la cual «ha de asegurar que todo el alumnado adquiera los conocimientos necesarios para promover el desarrollo sostenible: derechos humanos, igualdad de género, promoción de la cultura de paz y no-violencia, valoración de la diversidad cultural, etc.»</p>
<p style="text-align: justify;">Desde el área de educación del Fons Pitiús actuamos para contribuir a la consecución de este objetivo, colaborando con centros de enseñanza comprometidos en la construcción de un mundo respetuoso con los derechos fundamentales de las personas y del medio natural. Derechos que promovemos desde <a href="https://fonspitius.org/es/que-hacemos/" target="_blank" rel="noopener">los dos ejes estratégicos</a> que guían toda nuestra acción, también la educativa: <strong>movilidad humana y sostenibilidad medioambiental</strong>.</p>
<p style="text-align: justify;">Para ello, proporcionamos recursos y actividades específicas para escuelas e institutos, ofrecemos formación para profesorado y acompañamos el desarrollo de proyectos educativos y comunitarios donde el alumnado se convierte en verdadero agente de cambio social. <span style="text-align: justify;">Porque la experiencia nos ha mostrado que </span><strong><span style="text-align: justify;">la educación realmente transformadora es aquella que se integra en la práctica diaria, a través del trabajo cooperativo y </span>en estrecha relación con la comunidad.</strong></p>
<p style="text-align: justify;"><a href="https://fonspitius.org/es/educacion/trabajo-con-comunidad-educativa/infantil-y-primaria/" target="_blank" rel="noopener">Educación infantil y primaria</a></p>
<p style="text-align: justify;"><a href="https://fonspitius.org/es/educacion/trabajo-con-comunidad-educativa/secundaria-2/" target="_blank" rel="noopener">Educación secundaria</a></p>
</div><div class="fusion-clearfix"></div></div></div></div></div>
