{"id":4051,"date":"2016-06-16T09:16:43","date_gmt":"2016-06-16T09:16:43","guid":{"rendered":"http:\/\/fonspitius.com.es\/es\/?page_id=4051"},"modified":"2025-08-20T09:22:30","modified_gmt":"2025-08-20T07:22:30","slug":"organigrama","status":"publish","type":"page","link":"https:\/\/fonspitius.org\/es\/organigrama\/","title":{"rendered":"\u00bfqui\u00e9nes somos?"},"content":{"rendered":"<div class=\"fusion-fullwidth fullwidth-box fusion-builder-row-1 hundred-percent-fullwidth non-hundred-percent-height-scrolling\" style=\"--awb-border-radius-top-left:0px;--awb-border-radius-top-right:0px;--awb-border-radius-bottom-right:0px;--awb-border-radius-bottom-left:0px;--awb-overflow:visible;--awb-flex-wrap:wrap;\" ><div class=\"fusion-builder-row fusion-row\"><div class=\"fusion-layout-column fusion_builder_column fusion-builder-column-0 fusion_builder_column_1_5 1_5 fusion-one-fifth fusion-column-first\" style=\"--awb-bg-size:cover;width:16.8%; margin-right: 4%;\"><div class=\"fusion-column-wrapper fusion-flex-column-wrapper-legacy\"><div class=\"fusion-widget-area awb-widget-area-element fusion-widget-area-1 fusion-content-widget-area\" style=\"--awb-title-size:18px;--awb-title-color:#00a1de;--awb-padding:0px 0px 0px 0px;\"><div class=\"fusion-additional-widget-content\"><\/div><\/div><div class=\"fusion-clearfix\"><\/div><\/div><\/div><div class=\"fusion-layout-column fusion_builder_column fusion-builder-column-1 fusion_builder_column_4_5 4_5 fusion-four-fifth fusion-column-last\" style=\"--awb-bg-size:cover;width:79.2%;\"><div class=\"fusion-column-wrapper fusion-flex-column-wrapper-legacy\"><div class=\"fusion-text fusion-text-1\" style=\"--awb-text-transform:none;\"><p>El Fons Piti\u00fas de Cooperaci\u00f3 tiene 8 entidades socias:<\/p>\n<ul>\n<li><a href=\"https:\/\/entitats.fonspitius.org\/eivissa\/\" target=\"_blank\" rel=\"noopener\">Ayuntamiento de Eivissa<\/a><\/li>\n<li><a href=\"https:\/\/entitats.fonspitius.org\/santa-eularia\/\" target=\"_blank\" rel=\"noopener\">Ayuntamiento de Santa Eul\u00e0ria des Riu<\/a><\/li>\n<li><a href=\"https:\/\/entitats.fonspitius.org\/sant-josep\/\" target=\"_blank\" rel=\"noopener\">Ayuntamiento de Sant Josep de sa Talaia<\/a><\/li>\n<li><a href=\"https:\/\/entitats.fonspitius.org\/sant-antoni\/\" target=\"_blank\" rel=\"noopener\">Ayuntamiento de Sant Antoni de Portmany<\/a><\/li>\n<li><a href=\"https:\/\/entitats.fonspitius.org\/sant-joan\/\" target=\"_blank\" rel=\"noopener\">Ayuntamiento de Sant Joan de Labritja<\/a><\/li>\n<li><a href=\"https:\/\/entitats.fonspitius.org\/cie\/\" target=\"_blank\" rel=\"noopener\">Consell de Eivissa<\/a><\/li>\n<li><a href=\"https:\/\/entitats.fonspitius.org\/formentera\/\" target=\"_blank\" rel=\"noopener\">Consell de Formentera<\/a><\/li>\n<li><a href=\"https:\/\/fonspitius.org\/es\/socios\/govern-de-les-illes-balears\/\" target=\"_blank\" rel=\"noopener\">Gobierno de las Illes Balears<\/a><\/li>\n<\/ul>\n<p style=\"text-align: justify;\">La asamblea de socios, que es el \u00f3rgano de gobierno y representaci\u00f3n supremo del Fons Piti\u00fas de Cooperaci\u00f3, la integran las personas representantes de todas las entidades asociadas. Para la realizaci\u00f3n de las finalidades que le son propias, asumen el compromiso de participar de forma activa y continuada en el desarrollo de la acci\u00f3n asociativa.<\/p>\n<p style=\"text-align: justify;\">La asamblea se reunir\u00e1 ordinariamente al menos seis veces al a\u00f1o y podr\u00e1 reunirse extraordinariamente las veces como se considere oportuno.<\/p>\n<p style=\"text-align: justify;\">Adem\u00e1s, una vez realizadas las elecciones auton\u00f3micas y municipales, deber\u00e1 convocarse una sesi\u00f3n constitutiva de la Asamblea. Los cargos tienen una duraci\u00f3n de cuatro a\u00f1os, que coincide con el mandato que las personas representantes tienen en las entidades asociadas. Pasado este per\u00edodo, se convocar\u00e1 una sesi\u00f3n de finalizaci\u00f3n de mandato y las personas que formaban parte actuar\u00e1n en funciones hasta que se constituya la nueva asamblea general.<\/p>\n<p style=\"text-align: justify;\">Entre las funciones principales de la Asamblea se encuentran las de velar por el cumplimiento de las finalidades de la asociaci\u00f3n, establecer las directrices de actuaci\u00f3n de la misma y aprobar sus presupuestos y plan anual de actuaciones, establecer la estrategia de cooperaci\u00f3n para la transformaci\u00f3n global de la asociaci\u00f3n, aprobar la memoria de actividades y la rendici\u00f3n de cuentas anuales, acordar el alta y la baja de las entidades asociadas, nombrar a los cargos de la asamblea, aprobar y modificar todo tipo de reglamentos de la asociaci\u00f3n y contratar al personal al servicio del Fons.<\/p>\n<\/div><div class=\"fusion-text fusion-text-2\" style=\"--awb-text-transform:none;\"><div class=\"table-1\">\n<table style=\"height: 355px;\" width=\"1143\">\n<thead>\n<tr>\n<th align=\"left\">\n<h5>Cargo<\/h5>\n<\/th>\n<th align=\"left\">\n<h5>Instituci\u00f3n<\/h5>\n<\/th>\n<th align=\"left\">\n<h5>Nombre<\/h5>\n<\/th>\n<\/tr>\n<\/thead>\n<tbody>\n<tr>\n<td><strong>Presidencia<\/strong><\/td>\n<td>Ajuntament de Santa Eul\u00e0ria des Riu<\/td>\n<td>Antonia Pic\u00f3 P\u00e9rez<\/td>\n<\/tr>\n<tr>\n<td><strong>Vicepresidencia Primera<\/strong><\/td>\n<td>Consell Insular de Formentera<\/td>\n<td>Mar\u00eda Cristina Costa Juan<\/td>\n<\/tr>\n<tr>\n<td><strong>Vicepresidencia Segona<\/strong><\/td>\n<td>Govern de les Illes Balears<\/td>\n<td>Manuel Pav\u00f3n Madue\u00f1o<\/td>\n<\/tr>\n<tr>\n<td><strong>Secretar\u00eda<\/strong><\/td>\n<td>Ajuntament d&#8217;Eivissa<\/td>\n<td>Maria Dolores Pen\u00edn Jard\u00f3n<\/td>\n<\/tr>\n<tr>\n<td><strong>Tesorer\u00eda<\/strong><\/td>\n<td>Ajuntament de Sant Antoni de Portmany<\/td>\n<td>Jorge Nacher Selva<\/td>\n<\/tr>\n<tr>\n<td><strong>Vocal\u00eda<\/strong><\/td>\n<td>Consell Insular d&#8217;Eivissa<\/td>\n<td>Marilina Bonet Roig<\/td>\n<\/tr>\n<tr>\n<td><strong>Vocal\u00eda<\/strong><\/td>\n<td>Ajuntament de Sant\u00a0 Josep de Sa Talaia<\/td>\n<td>Marilina Serra Sala<\/td>\n<\/tr>\n<tr>\n<td><strong>Vocal\u00eda<\/strong><\/td>\n<td>Ajuntament de Sant Joan de Labritja<\/td>\n<td>Juan Mar\u00ed Mar\u00ed<\/td>\n<\/tr>\n<\/tbody>\n<\/table>\n<\/div>\n<\/div><div class=\"fusion-title title fusion-title-1 fusion-sep-none fusion-title-text fusion-title-size-four\" style=\"--awb-margin-top:30px;--awb-margin-bottom:15px;--awb-margin-top-small:0px;--awb-margin-right-small:0px;--awb-margin-bottom-small:20px;--awb-margin-left-small:0px;\"><h4 class=\"fusion-title-heading title-heading-left fusion-responsive-typography-calculated\" style=\"margin:0;--fontSize:18;--minFontSize:18;line-height:1.33;\">Equipo T\u00e9cnico<\/h4><\/div><div class=\"fusion-text fusion-text-3\" style=\"--awb-text-transform:none;\"><p>El equipo t\u00e9cnico del Fons se encarga de ejecutar los acuerdos tomados por la asamblea de socios. Est\u00e1 formado por cuatro personas que se ocupan de las siguientes \u00e1reas de trabajo: administraci\u00f3n y gerencia; proyectos; programas y educaci\u00f3n.<\/p>\n<\/div>\n<div class=\"table-1\">\n<table width=\"100%\">\n<thead>\n<tr>\n<th align=\"left\">\n<h5>Coordinaci\u00f3n<\/h5>\n<\/th>\n<th align=\"left\">Fina Darder Juan<\/th>\n<th align=\"left\"><a href=\"mailto:coordinacio@fonspitius.org\">coordinacio@fonspitius.org<\/a><\/th>\n<\/tr>\n<\/thead>\n<tbody>\n<tr>\n<td align=\"left\">\n<h5>Cooperaci\u00f3n<\/h5>\n<\/td>\n<td align=\"left\">Fina Darder Juan<\/p>\n<p>Marta Cardona Torres<\/td>\n<td align=\"left\"><a href=\"mailto:coordinacio@fonspitius.org\">coordinacio@fonspitius.org<\/a><\/p>\n<p><a href=\"mailto:projectes@fonspitius.org\">projectes@fonspitius.org<\/a><\/td>\n<\/tr>\n<tr>\n<td align=\"left\">\n<h5>Educaci\u00f3n<\/h5>\n<\/td>\n<td align=\"left\">Beatriz de Astorza Vergara<\/p>\n<p>Marta Cardona Torres<\/td>\n<td align=\"left\"><a href=\"mailto:educacio@fonspitius.org\">educacio@fonspitius.org<\/a><\/p>\n<p><a href=\"mailto:projectes@fonspitius.org\">projectes@fonspitius.org<\/a><\/td>\n<\/tr>\n<tr>\n<td align=\"left\">\n<h5>T\u00e9c. Auxiliar<\/h5>\n<\/td>\n<td align=\"left\">Silvia Diez Crespo<\/td>\n<td align=\"left\"><a href=\"mailto:info@fonspitius.org\">info@fonspitius.org<\/a><\/td>\n<\/tr>\n<\/tbody>\n<\/table>\n<\/div>\n<div class=\"fusion-clearfix\"><\/div><\/div><\/div><\/div><\/div>\n","protected":false},"excerpt":{"rendered":"","protected":false},"author":2,"featured_media":0,"parent":0,"menu_order":0,"comment_status":"closed","ping_status":"closed","template":"","meta":{"_acf_changed":false,"footnotes":""},"class_list":["post-4051","page","type-page","status-publish","hentry"],"acf":[],"_links":{"self":[{"href":"https:\/\/fonspitius.org\/es\/wp-json\/wp\/v2\/pages\/4051","targetHints":{"allow":["GET"]}}],"collection":[{"href":"https:\/\/fonspitius.org\/es\/wp-json\/wp\/v2\/pages"}],"about":[{"href":"https:\/\/fonspitius.org\/es\/wp-json\/wp\/v2\/types\/page"}],"author":[{"embeddable":true,"href":"https:\/\/fonspitius.org\/es\/wp-json\/wp\/v2\/users\/2"}],"replies":[{"embeddable":true,"href":"https:\/\/fonspitius.org\/es\/wp-json\/wp\/v2\/comments?post=4051"}],"version-history":[{"count":0,"href":"https:\/\/fonspitius.org\/es\/wp-json\/wp\/v2\/pages\/4051\/revisions"}],"wp:attachment":[{"href":"https:\/\/fonspitius.org\/es\/wp-json\/wp\/v2\/media?parent=4051"}],"curies":[{"name":"wp","href":"https:\/\/api.w.org\/{rel}","templated":true}]}}

¿quiénes somos?

<div class="fusion-fullwidth fullwidth-box fusion-builder-row-1 hundred-percent-fullwidth non-hundred-percent-height-scrolling" style="--awb-border-radius-top-left:0px;--awb-border-radius-top-right:0px;--awb-border-radius-bottom-right:0px;--awb-border-radius-bottom-left:0px;--awb-overflow:visible;--awb-flex-wrap:wrap;" ><div class="fusion-builder-row fusion-row"><div class="fusion-layout-column fusion_builder_column fusion-builder-column-0 fusion_builder_column_1_5 1_5 fusion-one-fifth fusion-column-first" style="--awb-bg-size:cover;width:16.8%; margin-right: 4%;"><div class="fusion-column-wrapper fusion-flex-column-wrapper-legacy"><div class="fusion-widget-area awb-widget-area-element fusion-widget-area-1 fusion-content-widget-area" style="--awb-title-size:18px;--awb-title-color:#00a1de;--awb-padding:0px 0px 0px 0px;"><div class="fusion-additional-widget-content"></div></div><div class="fusion-clearfix"></div></div></div><div class="fusion-layout-column fusion_builder_column fusion-builder-column-1 fusion_builder_column_4_5 4_5 fusion-four-fifth fusion-column-last" style="--awb-bg-size:cover;width:79.2%;"><div class="fusion-column-wrapper fusion-flex-column-wrapper-legacy"><div class="fusion-text fusion-text-1" style="--awb-text-transform:none;"><p>El Fons Pitiús de Cooperació tiene 8 entidades socias:</p>
<ul>
<li><a href="https://entitats.fonspitius.org/eivissa/" target="_blank" rel="noopener">Ayuntamiento de Eivissa</a></li>
<li><a href="https://entitats.fonspitius.org/santa-eularia/" target="_blank" rel="noopener">Ayuntamiento de Santa Eulària des Riu</a></li>
<li><a href="https://entitats.fonspitius.org/sant-josep/" target="_blank" rel="noopener">Ayuntamiento de Sant Josep de sa Talaia</a></li>
<li><a href="https://entitats.fonspitius.org/sant-antoni/" target="_blank" rel="noopener">Ayuntamiento de Sant Antoni de Portmany</a></li>
<li><a href="https://entitats.fonspitius.org/sant-joan/" target="_blank" rel="noopener">Ayuntamiento de Sant Joan de Labritja</a></li>
<li><a href="https://entitats.fonspitius.org/cie/" target="_blank" rel="noopener">Consell de Eivissa</a></li>
<li><a href="https://entitats.fonspitius.org/formentera/" target="_blank" rel="noopener">Consell de Formentera</a></li>
<li><a href="https://fonspitius.org/es/socios/govern-de-les-illes-balears/" target="_blank" rel="noopener">Gobierno de las Illes Balears</a></li>
</ul>
<p style="text-align: justify;">La asamblea de socios, que es el órgano de gobierno y representación supremo del Fons Pitiús de Cooperació, la integran las personas representantes de todas las entidades asociadas. Para la realización de las finalidades que le son propias, asumen el compromiso de participar de forma activa y continuada en el desarrollo de la acción asociativa.</p>
<p style="text-align: justify;">La asamblea se reunirá ordinariamente al menos seis veces al año y podrá reunirse extraordinariamente las veces como se considere oportuno.</p>
<p style="text-align: justify;">Además, una vez realizadas las elecciones autonómicas y municipales, deberá convocarse una sesión constitutiva de la Asamblea. Los cargos tienen una duración de cuatro años, que coincide con el mandato que las personas representantes tienen en las entidades asociadas. Pasado este período, se convocará una sesión de finalización de mandato y las personas que formaban parte actuarán en funciones hasta que se constituya la nueva asamblea general.</p>
<p style="text-align: justify;">Entre las funciones principales de la Asamblea se encuentran las de velar por el cumplimiento de las finalidades de la asociación, establecer las directrices de actuación de la misma y aprobar sus presupuestos y plan anual de actuaciones, establecer la estrategia de cooperación para la transformación global de la asociación, aprobar la memoria de actividades y la rendición de cuentas anuales, acordar el alta y la baja de las entidades asociadas, nombrar a los cargos de la asamblea, aprobar y modificar todo tipo de reglamentos de la asociación y contratar al personal al servicio del Fons.</p>
</div><div class="fusion-text fusion-text-2" style="--awb-text-transform:none;"><div class="table-1">
<table style="height: 355px;" width="1143">
<thead>
<tr>
<th align="left">
<h5>Cargo</h5>
</th>
<th align="left">
<h5>Institución</h5>
</th>
<th align="left">
<h5>Nombre</h5>
</th>
</tr>
</thead>
<tbody>
<tr>
<td><strong>Presidencia</strong></td>
<td>Ajuntament de Santa Eulària des Riu</td>
<td>Antonia Picó Pérez</td>
</tr>
<tr>
<td><strong>Vicepresidencia Primera</strong></td>
<td>Consell Insular de Formentera</td>
<td>María Cristina Costa Juan</td>
</tr>
<tr>
<td><strong>Vicepresidencia Segona</strong></td>
<td>Govern de les Illes Balears</td>
<td>Manuel Pavón Madueño</td>
</tr>
<tr>
<td><strong>Secretaría</strong></td>
<td>Ajuntament d&#8217;Eivissa</td>
<td>Maria Dolores Penín Jardón</td>
</tr>
<tr>
<td><strong>Tesorería</strong></td>
<td>Ajuntament de Sant Antoni de Portmany</td>
<td>Jorge Nacher Selva</td>
</tr>
<tr>
<td><strong>Vocalía</strong></td>
<td>Consell Insular d&#8217;Eivissa</td>
<td>Marilina Bonet Roig</td>
</tr>
<tr>
<td><strong>Vocalía</strong></td>
<td>Ajuntament de Sant  Josep de Sa Talaia</td>
<td>Marilina Serra Sala</td>
</tr>
<tr>
<td><strong>Vocalía</strong></td>
<td>Ajuntament de Sant Joan de Labritja</td>
<td>Juan Marí Marí</td>
</tr>
</tbody>
</table>
</div>
</div><div class="fusion-title title fusion-title-1 fusion-sep-none fusion-title-text fusion-title-size-four" style="--awb-margin-top:30px;--awb-margin-bottom:15px;--awb-margin-top-small:0px;--awb-margin-right-small:0px;--awb-margin-bottom-small:20px;--awb-margin-left-small:0px;"><h4 class="fusion-title-heading title-heading-left fusion-responsive-typography-calculated" style="margin:0;--fontSize:18;--minFontSize:18;line-height:1.33;">Equipo Técnico</h4></div><div class="fusion-text fusion-text-3" style="--awb-text-transform:none;"><p>El equipo técnico del Fons se encarga de ejecutar los acuerdos tomados por la asamblea de socios. Está formado por cuatro personas que se ocupan de las siguientes áreas de trabajo: administración y gerencia; proyectos; programas y educación.</p>
</div>
<div class="table-1">
<table width="100%">
<thead>
<tr>
<th align="left">
<h5>Coordinación</h5>
</th>
<th align="left">Fina Darder Juan</th>
<th align="left"><a href="mailto:coordinacio@fonspitius.org">coordinacio@fonspitius.org</a></th>
</tr>
</thead>
<tbody>
<tr>
<td align="left">
<h5>Cooperación</h5>
</td>
<td align="left">Fina Darder Juan</p>
<p>Marta Cardona Torres</td>
<td align="left"><a href="mailto:coordinacio@fonspitius.org">coordinacio@fonspitius.org</a></p>
<p><a href="mailto:projectes@fonspitius.org">projectes@fonspitius.org</a></td>
</tr>
<tr>
<td align="left">
<h5>Educación</h5>
</td>
<td align="left">Beatriz de Astorza Vergara</p>
<p>Marta Cardona Torres</td>
<td align="left"><a href="mailto:educacio@fonspitius.org">educacio@fonspitius.org</a></p>
<p><a href="mailto:projectes@fonspitius.org">projectes@fonspitius.org</a></td>
</tr>
<tr>
<td align="left">
<h5>Téc. Auxiliar</h5>
</td>
<td align="left">Silvia Diez Crespo</td>
<td align="left"><a href="mailto:info@fonspitius.org">info@fonspitius.org</a></td>
</tr>
</tbody>
</table>
</div>
<div class="fusion-clearfix"></div></div></div></div></div>
