{"id":3451,"date":"2016-06-16T07:32:18","date_gmt":"2016-06-16T07:32:18","guid":{"rendered":"http:\/\/fonspitius.com.es\/?page_id=3451"},"modified":"2026-07-28T12:35:28","modified_gmt":"2026-07-28T10:35:28","slug":"educacion","status":"publish","type":"page","link":"https:\/\/fonspitius.org\/es\/educacion\/","title":{"rendered":"educaci\u00f3n para la transformaci\u00f3n social"},"content":{"rendered":"<div class=\"fusion-fullwidth fullwidth-box fusion-builder-row-1 hundred-percent-fullwidth non-hundred-percent-height-scrolling\" style=\"--awb-border-radius-top-left:0px;--awb-border-radius-top-right:0px;--awb-border-radius-bottom-right:0px;--awb-border-radius-bottom-left:0px;--awb-overflow:visible;--awb-flex-wrap:wrap;\" ><div class=\"fusion-builder-row fusion-row\"><div class=\"fusion-layout-column fusion_builder_column fusion-builder-column-0 fusion_builder_column_1_5 1_5 fusion-one-fifth fusion-column-first\" style=\"--awb-bg-size:cover;width:16.8%; margin-right: 4%;\"><div class=\"fusion-column-wrapper fusion-flex-column-wrapper-legacy\"><div class=\"fusion-widget-area awb-widget-area-element fusion-widget-area-1 fusion-content-widget-area\" style=\"--awb-title-size:18px;--awb-title-color:#00a1de;--awb-padding:0px 0px 0px 0px;\"><div id=\"nav_menu-9\" class=\"widget widget_nav_menu\" style=\"border-style: solid;border-color:transparent;border-width:0px;\"><div class=\"menu-sensibilitzacio-es-container\"><ul id=\"menu-sensibilitzacio-es\" class=\"menu\"><li id=\"menu-item-18282\" class=\"menu-item menu-item-type-post_type menu-item-object-page menu-item-has-children menu-item-18282\"><a href=\"https:\/\/fonspitius.org\/es\/educacion\/trabajo-con-comunidad-educativa\/\">Trabajo con comunidad educativa<\/a>\n<ul class=\"sub-menu\">\n\t<li id=\"menu-item-18348\" class=\"menu-item menu-item-type-post_type menu-item-object-page menu-item-18348\"><a href=\"https:\/\/fonspitius.org\/es\/educacion\/trabajo-con-comunidad-educativa\/infantil-y-primaria\/\">Infantil y primaria<\/a><\/li>\n\t<li id=\"menu-item-18875\" class=\"menu-item menu-item-type-post_type menu-item-object-page menu-item-18875\"><a href=\"https:\/\/fonspitius.org\/es\/educacion\/trabajo-con-comunidad-educativa\/secundaria-2\/\">Secundaria<\/a><\/li>\n<\/ul>\n<\/li>\n<li id=\"menu-item-18284\" class=\"menu-item menu-item-type-post_type menu-item-object-page menu-item-has-children menu-item-18284\"><a href=\"https:\/\/fonspitius.org\/es\/educacion\/sensibilizacion-y-accion-social\/\">Sensibilizaci\u00f3n y acci\u00f3n social<\/a>\n<ul class=\"sub-menu\">\n\t<li id=\"menu-item-18350\" class=\"menu-item menu-item-type-post_type menu-item-object-sensibilizacion menu-item-18350\"><a href=\"https:\/\/fonspitius.org\/es\/sensibilizacion\/2023-frente-al-racismo-y-la-xenofobia-actuamos\/\">Frente al racismo y la xenofobia, \u00a1actuamos!<\/a><\/li>\n\t<li id=\"menu-item-18351\" class=\"menu-item menu-item-type-post_type menu-item-object-page menu-item-18351\"><a href=\"https:\/\/fonspitius.org\/es\/educacion\/sensibilizacion-y-accion-social\/agua-que-compartimos\/\">El agua que compartimos<\/a><\/li>\n<\/ul>\n<\/li>\n<li id=\"menu-item-18352\" class=\"menu-item menu-item-type-post_type menu-item-object-page menu-item-18352\"><a href=\"https:\/\/fonspitius.org\/es\/educacion\/formacion\/\">Formaci\u00f3n<\/a><\/li>\n<li id=\"menu-item-18353\" class=\"menu-item menu-item-type-post_type menu-item-object-page menu-item-18353\"><a href=\"https:\/\/fonspitius.org\/es\/educacion\/proyectos\/\">Proyectos<\/a><\/li>\n<\/ul><\/div><\/div><div class=\"fusion-additional-widget-content\"><\/div><\/div><div class=\"fusion-clearfix\"><\/div><\/div><\/div><div class=\"fusion-layout-column fusion_builder_column fusion-builder-column-1 fusion_builder_column_4_5 4_5 fusion-four-fifth fusion-column-last\" style=\"--awb-bg-size:cover;width:79.2%;\"><div class=\"fusion-column-wrapper fusion-column-has-shadow fusion-flex-column-wrapper-legacy\"><div class=\"fusion-text fusion-text-1\" style=\"--awb-font-size:18px;--awb-line-height:1.5;--awb-letter-spacing:0.015em;--awb-text-transform:none;--awb-text-font-family:&quot;Quicksand&quot;;--awb-text-font-style:normal;--awb-text-font-weight:500;\"><p style=\"text-align: justify;\">Tenemos el convencimiento de que una vida respetuosa con nuestro planeta y con los Derechos Humanos s\u00f3lo es posible a trav\u00e9s de una ciudadan\u00eda activa en la transformaci\u00f3n social. Personas que, conscientes de los retos globales actuales, sean capaces de responsabilizarse de su entorno promoviendo cambios significativos en \u00e9l, en pro de un mundo m\u00e1s sostenible y justo para todos los seres que lo habitamos.<\/p>\n<p style=\"text-align: justify;\">Y sabemos que la herramienta fundamental para ir construyendo esta ciudadan\u00eda es la <strong>educaci\u00f3n<\/strong>, entendida en un sentido amplio, que involucre a todos los agentes de nuestra comunidad: personas, entidades, asociaciones, instituciones, empresas, medios de comunicaci\u00f3n, etc.<\/p>\n<p style=\"text-align: justify;\">Desde nuestra \u00e1rea de Educaci\u00f3n Transformadora exploramos diferentes caminos para llegar a estos agentes:<\/p>\n<p style=\"text-align: justify;\"><a href=\"https:\/\/fonspitius.org\/es\/educacion\/trabajo-con-comunidad-educativa\/\" target=\"_blank\" rel=\"noopener\">Trabajo con la comunidad educativa<\/a><\/p>\n<p style=\"text-align: justify;\"><a href=\"https:\/\/fonspitius.org\/es\/educacion\/formacion\/\" target=\"_blank\" rel=\"noopener\">Cursos y formaciones<\/a><\/p>\n<p><a href=\"https:\/\/fonspitius.org\/es\/educacion\/sensibilizacion-y-accion-social\/\">Sensibilizaci\u00f3n y acci\u00f3n social<\/a><\/p>\n<p><a href=\"https:\/\/fonspitius.org\/es\/educacion\/proyectos\/\" target=\"_blank\" rel=\"noopener\">Apoyo a proyectos d&#8217;EpTS<\/a><\/p>\n<\/div><div class=\"fusion-clearfix\"><\/div><\/div><\/div><\/div><\/div>\n","protected":false},"excerpt":{"rendered":"","protected":false},"author":2,"featured_media":0,"parent":0,"menu_order":0,"comment_status":"closed","ping_status":"closed","template":"","meta":{"_acf_changed":false,"footnotes":""},"class_list":["post-3451","page","type-page","status-publish","hentry"],"acf":[],"_links":{"self":[{"href":"https:\/\/fonspitius.org\/es\/wp-json\/wp\/v2\/pages\/3451","targetHints":{"allow":["GET"]}}],"collection":[{"href":"https:\/\/fonspitius.org\/es\/wp-json\/wp\/v2\/pages"}],"about":[{"href":"https:\/\/fonspitius.org\/es\/wp-json\/wp\/v2\/types\/page"}],"author":[{"embeddable":true,"href":"https:\/\/fonspitius.org\/es\/wp-json\/wp\/v2\/users\/2"}],"replies":[{"embeddable":true,"href":"https:\/\/fonspitius.org\/es\/wp-json\/wp\/v2\/comments?post=3451"}],"version-history":[{"count":1,"href":"https:\/\/fonspitius.org\/es\/wp-json\/wp\/v2\/pages\/3451\/revisions"}],"predecessor-version":[{"id":18450,"href":"https:\/\/fonspitius.org\/es\/wp-json\/wp\/v2\/pages\/3451\/revisions\/18450"}],"wp:attachment":[{"href":"https:\/\/fonspitius.org\/es\/wp-json\/wp\/v2\/media?parent=3451"}],"curies":[{"name":"wp","href":"https:\/\/api.w.org\/{rel}","templated":true}]}}

educación para la transformación social

<div class="fusion-fullwidth fullwidth-box fusion-builder-row-1 hundred-percent-fullwidth non-hundred-percent-height-scrolling" style="--awb-border-radius-top-left:0px;--awb-border-radius-top-right:0px;--awb-border-radius-bottom-right:0px;--awb-border-radius-bottom-left:0px;--awb-overflow:visible;--awb-flex-wrap:wrap;" ><div class="fusion-builder-row fusion-row"><div class="fusion-layout-column fusion_builder_column fusion-builder-column-0 fusion_builder_column_1_5 1_5 fusion-one-fifth fusion-column-first" style="--awb-bg-size:cover;width:16.8%; margin-right: 4%;"><div class="fusion-column-wrapper fusion-flex-column-wrapper-legacy"><div class="fusion-widget-area awb-widget-area-element fusion-widget-area-1 fusion-content-widget-area" style="--awb-title-size:18px;--awb-title-color:#00a1de;--awb-padding:0px 0px 0px 0px;"><div id="nav_menu-9" class="widget widget_nav_menu" style="border-style: solid;border-color:transparent;border-width:0px;"><div class="menu-sensibilitzacio-es-container"><ul id="menu-sensibilitzacio-es" class="menu"><li id="menu-item-18282" class="menu-item menu-item-type-post_type menu-item-object-page menu-item-has-children menu-item-18282"><a href="https://fonspitius.org/es/educacion/trabajo-con-comunidad-educativa/">Trabajo con comunidad educativa</a>
<ul class="sub-menu">
	<li id="menu-item-18348" class="menu-item menu-item-type-post_type menu-item-object-page menu-item-18348"><a href="https://fonspitius.org/es/educacion/trabajo-con-comunidad-educativa/infantil-y-primaria/">Infantil y primaria</a></li>
	<li id="menu-item-18875" class="menu-item menu-item-type-post_type menu-item-object-page menu-item-18875"><a href="https://fonspitius.org/es/educacion/trabajo-con-comunidad-educativa/secundaria-2/">Secundaria</a></li>
</ul>
</li>
<li id="menu-item-18284" class="menu-item menu-item-type-post_type menu-item-object-page menu-item-has-children menu-item-18284"><a href="https://fonspitius.org/es/educacion/sensibilizacion-y-accion-social/">Sensibilización y acción social</a>
<ul class="sub-menu">
	<li id="menu-item-18350" class="menu-item menu-item-type-post_type menu-item-object-sensibilizacion menu-item-18350"><a href="https://fonspitius.org/es/sensibilizacion/2023-frente-al-racismo-y-la-xenofobia-actuamos/">Frente al racismo y la xenofobia, ¡actuamos!</a></li>
	<li id="menu-item-18351" class="menu-item menu-item-type-post_type menu-item-object-page menu-item-18351"><a href="https://fonspitius.org/es/educacion/sensibilizacion-y-accion-social/agua-que-compartimos/">El agua que compartimos</a></li>
</ul>
</li>
<li id="menu-item-18352" class="menu-item menu-item-type-post_type menu-item-object-page menu-item-18352"><a href="https://fonspitius.org/es/educacion/formacion/">Formación</a></li>
<li id="menu-item-18353" class="menu-item menu-item-type-post_type menu-item-object-page menu-item-18353"><a href="https://fonspitius.org/es/educacion/proyectos/">Proyectos</a></li>
</ul></div></div><div class="fusion-additional-widget-content"></div></div><div class="fusion-clearfix"></div></div></div><div class="fusion-layout-column fusion_builder_column fusion-builder-column-1 fusion_builder_column_4_5 4_5 fusion-four-fifth fusion-column-last" style="--awb-bg-size:cover;width:79.2%;"><div class="fusion-column-wrapper fusion-column-has-shadow fusion-flex-column-wrapper-legacy"><div class="fusion-text fusion-text-1" style="--awb-font-size:18px;--awb-line-height:1.5;--awb-letter-spacing:0.015em;--awb-text-transform:none;--awb-text-font-family:&quot;Quicksand&quot;;--awb-text-font-style:normal;--awb-text-font-weight:500;"><p style="text-align: justify;">Tenemos el convencimiento de que una vida respetuosa con nuestro planeta y con los Derechos Humanos sólo es posible a través de una ciudadanía activa en la transformación social. Personas que, conscientes de los retos globales actuales, sean capaces de responsabilizarse de su entorno promoviendo cambios significativos en él, en pro de un mundo más sostenible y justo para todos los seres que lo habitamos.</p>
<p style="text-align: justify;">Y sabemos que la herramienta fundamental para ir construyendo esta ciudadanía es la <strong>educación</strong>, entendida en un sentido amplio, que involucre a todos los agentes de nuestra comunidad: personas, entidades, asociaciones, instituciones, empresas, medios de comunicación, etc.</p>
<p style="text-align: justify;">Desde nuestra área de Educación Transformadora exploramos diferentes caminos para llegar a estos agentes:</p>
<p style="text-align: justify;"><a href="https://fonspitius.org/es/educacion/trabajo-con-comunidad-educativa/" target="_blank" rel="noopener">Trabajo con la comunidad educativa</a></p>
<p style="text-align: justify;"><a href="https://fonspitius.org/es/educacion/formacion/" target="_blank" rel="noopener">Cursos y formaciones</a></p>
<p><a href="https://fonspitius.org/es/educacion/sensibilizacion-y-accion-social/">Sensibilización y acción social</a></p>
<p><a href="https://fonspitius.org/es/educacion/proyectos/" target="_blank" rel="noopener">Apoyo a proyectos d&#8217;EpTS</a></p>
</div><div class="fusion-clearfix"></div></div></div></div></div>
